NOAA-Style Climate Reports


Report for 2021 October
                   MONTHLY CLIMATOLOGICAL SUMMARY for Oct 2021


NAME: Albertville, AL-KQ5S                  
ELEV: 1024 feet    LAT: 34-14.64 N    LONG: 086-14.10 W


                   TEMPERATURE (F), RAIN (in), WIND SPEED (mph)

                                         HEAT   COOL         AVG
      MEAN                               DEG    DEG          WIND                   DOM
DAY   TEMP   HIGH   TIME    LOW   TIME   DAYS   DAYS   RAIN  SPEED   HIGH   TIME    DIR
---------------------------------------------------------------------------------------
 01   71.8   81.6  15:04   63.1  04:10    0.0    6.8   0.00    0.7   12.0  13:24    155
 02   71.4   79.1  14:27   65.4  00:58    0.0    6.4   0.32    1.6   13.0  14:11    159
 03   69.0   71.0  16:51   67.5  09:55    0.0    4.0   1.08    0.5   12.0  12:44    166
 04   70.9   79.1  15:20   65.8  06:24    0.0    5.9   0.61    0.2   11.0  18:43     87
 05   68.7   73.1  16:00   66.0  06:52    0.0    3.7   0.06    2.2   16.0  20:41    131
 06   70.1   76.5  15:04   66.9  06:40    0.0    5.1   2.08    1.5   21.0  16:00    138
 07   71.4   79.0  14:57   64.1  23:58    0.0    6.4   0.01    0.4   11.0  11:32    178
 08   68.1   78.2  17:23   61.5  02:36    0.0    3.1   0.00    0.4   11.0  14:59     11
 09   69.0   80.0  17:20   59.3  07:02    0.0    4.0   0.01    0.3    9.0  13:56     36
 10   70.2   79.8  17:13   62.2  04:22    0.0    5.2   0.00    0.8   12.0  09:12    154
 11   70.3   78.0  15:25   63.9  06:40    0.0    5.3   0.00    2.5   18.0  10:13    162
 12   70.6   77.4  16:21   66.4  06:19    0.0    5.6   0.00    1.9   12.0  16:34    159
 13   71.4   80.4  15:10   64.2  06:59    0.0    6.4   0.00    0.9   11.0  10:16    160
 14   70.9   80.9  11:30   63.1  07:13    0.0    5.9   0.00    0.3    8.0  11:25    171
 15   70.8   81.9  16:53   59.6  07:10    0.0    5.8   0.00    0.4   11.0  13:53    243
 16   60.2   71.0  01:31   46.3  23:59    4.8    0.0   0.10    2.1   19.0  06:42    329
 17   52.0   64.6  15:56   40.6  07:10   13.0    0.0   0.00    1.0   17.0  11:06     43
 18   54.5   69.4  16:46   42.7  04:57   10.5    0.0   0.00    0.7   14.0  11:04    116
 19   56.4   71.5  15:37   43.8  04:29    8.6    0.0   0.00    0.3    8.0  14:33    159
 20   61.7   75.3  16:12   49.4  03:56    3.3    0.0   0.00    0.5   10.0  13:05    169
 21   67.6   76.9  15:34   59.8  00:00    0.0    2.6   0.06    0.3   10.0  12:49    243
 22   58.1   67.1  13:23   48.6  07:19    6.9    0.0   0.00    0.6   12.0  12:17    307
 23   56.6   71.6  16:14   44.7  05:18    8.4    0.0   0.00    0.4    8.0  09:39    109
 24   62.7   73.3  14:36   53.0  03:29    2.3    0.0   0.00    1.1   12.0  13:14    158
 25   64.0   74.0  16:24   54.8  23:37    1.0    0.0   0.00    1.7   19.0  19:21    292
 26   53.6   54.8  00:00   52.7  03:07   11.4    0.0   0.00    2.5   15.0  00:32    339
 27
 28
 29
 30
 31
---------------------------------------------------------------------------------------
      65.9   81.9     15   40.6     17   70.2   82.3   4.33    0.9   21.0     06    153