NOAA-Style Climate Reports


Report for 2016 February
                   MONTHLY CLIMATOLOGICAL SUMMARY for Feb 2016


NAME: Albertville, AL-KQ5S                  
ELEV: 1024 feet    LAT: 34-14.64 N    LONG: 086-14.10 W


                   TEMPERATURE (F), RAIN (in), WIND SPEED (mph)

                                         HEAT   COOL         AVG
      MEAN                               DEG    DEG          WIND                   DOM
DAY   TEMP   HIGH   TIME    LOW   TIME   DAYS   DAYS   RAIN  SPEED   HIGH   TIME    DIR
---------------------------------------------------------------------------------------
 01   62.2   70.0  15:00   55.3  23:25    2.8    0.0   0.00    1.8   12.7  10:48    234
 02   64.4   74.6  13:08   55.4  00:28    0.6    0.0   0.86    7.9   21.0  13:28    149
 03   55.0   65.8  01:53   41.3  23:58   10.0    0.0   1.21    3.7   11.5  00:18    263
 04   39.3   46.0  15:13   33.5  07:03   25.7    0.0   0.00    4.9   12.7  13:53    318
 05   36.7   48.0  15:58   28.6  07:08   28.3    0.0   0.00    3.2   15.0  11:08      8
 06   36.8   48.7  15:46   27.6  04:28   28.2    0.0   0.00    1.9   10.4  15:41     63
 07   40.0   55.2  15:18   25.9  06:46   25.0    0.0   0.00    1.7    9.0  10:31    293
 08   40.3   48.4  11:24   32.6  00:59   24.7    0.0   0.00    5.6   17.3  16:59    275
 09   29.5   33.2  00:04   24.6  23:57   35.5    0.0   0.00    6.0   15.0  23:32    290
 10   26.7   35.4  15:42   17.5  06:27   38.3    0.0   0.00    3.0   11.5  11:52    283
 11   37.1   53.3  16:03   23.7  01:38   27.9    0.0   0.01    2.3    9.2  12:43     54
 12   44.0   56.3  12:04   33.0  02:08   21.0    0.0   0.00    4.5   14.0  14:59    301
 13   30.8   38.1  15:39   24.5  06:59   34.2    0.0   0.00    4.9   13.8  07:49    340
 14   37.8   47.9  20:40   25.2  04:44   27.2    0.0   0.00    5.9   15.0  08:20    132
 15   43.5   49.0  19:05   39.3  06:10   21.5    0.0   1.86    7.4   18.0  17:15    133
 16   46.2   55.7  14:25   37.7  07:05   18.8    0.0   0.05    3.0   11.5  18:10    263
 17   41.6   49.3  15:21   35.7  21:41   23.4    0.0   0.00    3.4    9.2  00:36    345
 18   45.3   61.1  16:01   30.7  05:11   19.7    0.0   0.00    2.7    8.1  07:56    118
 19   56.2   68.8  15:27   45.3  06:32    8.8    0.0   0.00    4.9   13.8  09:32    166
 20   58.9   64.0  14:07   55.8  01:42    6.1    0.0   0.00    3.2   11.5  03:07    219
 21   59.6   61.7  11:32   56.2  00:52    5.4    0.0   0.37    3.0   10.4  04:02    229
 22   59.8   59.8  00:07   59.8  00:07    5.2    0.0   0.00    0.0    0.0  00:07    N/A
 23   57.6   60.7  14:46   52.9  05:50    7.4    0.0   1.25    4.2   23.0  22:46    115
 24   46.1   60.1  01:41   38.8  17:46   18.9    0.0   0.55    8.3   19.6  12:36    245
 25   41.5   47.8  12:36   35.4  05:56   23.5    0.0   0.00    5.8   16.1  10:31    282
 26   39.6   50.8  15:48   30.4  06:38   25.4    0.0   0.00    3.4   15.0  00:13    310
 27   42.8   58.9  15:23   28.0  06:23   22.2    0.0   0.00    1.4    6.9  13:18    266
 28   51.4   67.9  15:39   34.0  06:43   13.6    0.0   0.00    3.3   12.7  14:39    220
 29   56.7   69.8  15:39   46.5  23:55    8.3    0.0   0.00    3.2   11.5  00:04    243
---------------------------------------------------------------------------------------
      46.5   74.6     02   17.5     10  557.7    0.0   6.16    3.9   23.0     23    245