NOAA-Style Climate Reports


Report for 2016 March
                   MONTHLY CLIMATOLOGICAL SUMMARY for Mar 2016


NAME: Albertville, AL-KQ5S                  
ELEV: 1024 feet    LAT: 34-14.64 N    LONG: 086-14.10 W


                   TEMPERATURE (F), RAIN (in), WIND SPEED (mph)

                                         HEAT   COOL         AVG
      MEAN                               DEG    DEG          WIND                   DOM
DAY   TEMP   HIGH   TIME    LOW   TIME   DAYS   DAYS   RAIN  SPEED   HIGH   TIME    DIR
---------------------------------------------------------------------------------------
 01   54.8   69.0  12:30   45.9  01:05   10.2    0.0   0.68    4.1   19.6  12:55    250
 02   41.1   49.2  16:05   34.2  05:05   23.9    0.0   0.00    3.9   11.5  00:15    308
 03
 04
 05   48.8   63.4  15:19   31.1  05:49   16.2    0.0   0.00    2.1    9.2  13:49    259
 06   51.2   68.5  16:14   35.4  06:49   13.8    0.0   0.00    1.7    9.2  07:54     74
 07
 08   61.9   73.3  15:59   49.4  05:04    3.1    0.0   0.00    2.7   16.0  15:59    149
 09   66.8   71.9  10:48   56.0  03:50    0.0    1.8   0.00    4.3   24.2  10:30    147
 10   69.1   75.8  15:03   62.4  05:48    0.0    4.1   0.93    6.1   23.0  09:13    160
 11   66.4   72.2  11:23   60.7  06:33    0.0    1.4   0.00    1.5    6.9  10:03     52
 12   66.3   72.4  11:49   62.2  03:58    0.0    1.3   0.15    3.1   15.0  09:58    141
 13   63.8   71.9  14:59   56.7  22:59    1.2    0.0   0.09    2.7   13.8  12:19    213
 14   64.2   76.1  16:11   54.5  23:56    0.8    0.0   0.01    3.2   18.0  12:00    224
 15   68.1   87.0  16:36   49.9  05:51    0.0    3.1   0.00    3.2   13.0  12:46    185
 16   66.2   76.0  16:35   49.6  00:00    0.0    1.2   0.00    3.5   12.7  10:05    262
 17   58.1   72.9  16:30   43.2  07:05    6.9    0.0   0.00    2.0   10.4  15:55    345
 18   60.3   72.3  15:17   46.2  07:37    4.7    0.0   0.00    1.9   11.5  13:32     97
 19   56.3   63.0  14:32   44.0  23:22    8.7    0.0   0.00    4.4   19.6  19:42    290
 20   43.8   51.0  13:08   37.2  23:59   21.2    0.0   0.00    5.9   18.4  16:04    293
 21   43.5   57.0  16:40   32.8  07:14   21.5    0.0   0.00    3.1   11.5  12:09    305
 22   50.4   68.6  16:20   31.7  06:39   14.6    0.0   0.00    2.0   17.0  14:40    200
 23   60.3   70.5  16:42   51.4  03:36    4.7    0.0   0.00    4.8   15.0  06:36    181
 24   60.7   63.2  10:03   58.7  13:18    4.3    0.0   0.82    4.2   13.8  10:48    162
 25   54.6   65.5  16:59   45.0  07:14   10.4    0.0   0.00    2.5    9.2  02:49    325
 26   58.6   73.3  15:35   42.6  03:45    6.4    0.0   0.00    1.7   12.0  11:45    107
 27   61.9   63.5  15:46   59.0  21:48    3.1    0.0   0.09    3.1   10.0  04:01    132
 28   57.0   65.5  16:30   44.5  00:00    8.0    0.0   0.00    2.5   12.0  12:20    305
 29   53.9   69.5  17:03   37.7  06:55   11.1    0.0   0.00    2.6   12.7  09:22     30
 30   62.5   73.0  15:45   50.3  03:59    2.5    0.0   0.00    7.2   18.0  15:50    136
 31   63.8   67.3  16:21   60.3  08:06    1.2    0.0   1.14    5.2   15.0  10:26    148
---------------------------------------------------------------------------------------
      58.4   87.0     15   31.1     05  198.5   12.9   3.91    3.4   24.2     09    188