NOAA-Style Climate Reports


Report for 2016 May
                   MONTHLY CLIMATOLOGICAL SUMMARY for May 2016


NAME: Albertville, AL-KQ5S                  
ELEV: 1024 feet    LAT: 34-14.64 N    LONG: 086-14.10 W


                   TEMPERATURE (F), RAIN (in), WIND SPEED (mph)

                                         HEAT   COOL         AVG
      MEAN                               DEG    DEG          WIND                   DOM
DAY   TEMP   HIGH   TIME    LOW   TIME   DAYS   DAYS   RAIN  SPEED   HIGH   TIME    DIR
---------------------------------------------------------------------------------------
 01   68.8   74.3  12:53   60.3  23:53    0.0    3.8   0.01    1.8   13.8  16:28    189
 02
 03
 04
 05   55.7   66.9  15:09   46.5  06:28    9.3    0.0   0.00    6.7   19.6  13:49    340
 06   57.3   71.9  15:27   43.3  06:04    7.7    0.0   0.00    4.2   18.0  12:10    353
 07   63.7   82.6  14:40   44.0  05:35    1.3    0.0   0.00    1.7   11.5  12:30    299
 08   68.5   85.8  15:21   52.3  06:01    0.0    3.5   0.00    1.4    9.2  14:36    221
 09   65.4   73.2  12:37   59.4  01:46    0.0    0.4   0.00    2.6   11.5  16:12    171
 10   71.8   81.6  15:58   62.7  06:18    0.0    6.8   0.00    5.4   13.8  09:05    172
 11   74.3   87.1  15:09   62.5  06:15    0.0    9.3   0.00    1.9    9.2  00:32    206
 12   70.5   84.9  12:18   62.4  06:08    0.0    5.5   0.77    1.7   12.7  19:46    198
 13   66.4   76.0  14:45   54.2  23:53    0.0    1.4   0.00    3.3   11.5  10:50    356
 14   62.2   78.5  13:42   48.2  05:55    2.8    0.0   0.00    3.2   13.8  12:21    331
 15   56.6   68.6  15:00   47.3  05:52    8.4    0.0   0.00    4.4   15.0  08:59     23
 16   61.1   70.7  14:45   48.4  00:41    3.9    0.0   0.00    2.3   13.8  09:39    127
 17   69.1   77.6  14:46   60.8  06:47    0.0    4.1   0.00    4.0   10.4  11:14    152
 18   69.8   80.1  14:09   60.5  23:51    0.0    4.8   0.02    3.4   12.7  20:50    350
 19   66.5   79.3  15:24   58.2  05:51    0.0    1.5   0.00    3.2    8.1  09:46     14
 20   67.0   71.9  17:55   63.8  10:05    0.0    2.0   0.14    3.8   13.0  09:55    139
 21   69.1   79.1  14:17   60.2  23:59    0.0    4.1   0.21    3.4   13.0  17:43    342
 22   65.2   77.2  16:14   54.2  06:06    0.0    0.2   0.00    4.0   15.0  10:32     14
 23   67.7   83.5  15:17   52.3  04:53    0.0    2.7   0.00    2.0   11.5  14:06      5
 24   70.5   87.0  14:33   54.1  05:50    0.0    5.5   0.00    1.6    8.1  17:50    177
 25   72.9   86.3  13:38   59.0  05:52    0.0    7.9   0.00    2.6   12.7  15:53    175
 26   75.8   86.7  14:24   61.4  05:51    0.0   10.8   0.00    2.7   12.0  17:50    173
 27   75.5   86.8  15:00   64.1  05:26    0.0   10.5   0.00    2.8   14.0  13:39    167
 28   72.7   79.5  14:12   65.4  00:00    0.0    7.7   0.04    1.8    6.9  06:30    158
 29   74.3   89.2  15:43   60.6  06:14    0.0    9.3   0.00    1.5   11.5  12:47      1
 30   76.3   90.2  14:45   62.2  05:44    0.0   11.3   0.01    1.3    6.9  09:25    352
 31   78.3   92.6  14:53   63.0  05:55    0.0   13.3   0.00    1.2    6.0  16:58     96
---------------------------------------------------------------------------------------
      68.3   92.6     31   43.3     06   33.4  126.5   1.20    2.9   19.6     05     39