NOAA-Style Climate Reports


Report for 2016 June
                   MONTHLY CLIMATOLOGICAL SUMMARY for Jun 2016


NAME: Albertville, AL-KQ5S                  
ELEV: 1024 feet    LAT: 34-14.64 N    LONG: 086-14.10 W


                   TEMPERATURE (F), RAIN (in), WIND SPEED (mph)

                                         HEAT   COOL         AVG
      MEAN                               DEG    DEG          WIND                   DOM
DAY   TEMP   HIGH   TIME    LOW   TIME   DAYS   DAYS   RAIN  SPEED   HIGH   TIME    DIR
---------------------------------------------------------------------------------------
 01   77.6   91.5  12:27   65.7  03:25    0.0   12.6   0.00    1.7   11.5  15:43    106
 02   74.5   88.8  13:09   68.4  05:43    0.0    9.5   0.09    1.6    9.2  12:54    112
 03   77.9   90.4  15:16   65.9  04:40    0.0   12.9   0.00    1.2    6.9  11:31    153
 04   76.2   85.4  16:18   66.7  04:58    0.0   11.2   0.02    1.9   11.5  11:23    226
 05   72.2   83.6  15:58   68.3  04:38    0.0    7.2   0.68    1.2    9.2  17:18    249
 06   75.5   86.0  13:57   67.4  23:58    0.0   10.5   0.01    1.3    8.1  11:46     25
 07   75.1   88.4  14:06   60.2  06:06    0.0   10.1   0.00    2.1   12.7  10:46    291
 08   71.8   84.1  15:16   56.1  05:50    0.0    6.8   0.00    2.5   12.0  12:50      1
 09   71.8   87.3  15:00   54.4  05:59    0.0    6.8   0.00    1.4    6.9  08:29     25
 10   76.2   92.6  15:24   59.0  04:05    0.0   11.2   0.00    1.4    8.1  13:54    101
 11   79.7   94.2  14:30   61.9  06:01    0.0   14.7   0.00    0.9   10.0  19:46    236
 12   80.2   94.9  14:44   69.6  05:56    0.0   15.2   0.00    1.4    7.0  15:39    277
 13   81.6   94.7  15:04   67.2  05:29    0.0   16.6   0.00    1.5    7.0  12:09    310
 14
 15
 16
 17   77.5   93.0  13:03   68.6  05:36    0.0   12.5   0.00    1.9    9.2  16:33    257
 18   74.5   81.4  16:33   66.7  03:53    0.0    9.5   0.00    4.5   16.1  08:23    112
 19   76.4   85.2  14:43   64.8  23:58    0.0   11.4   0.00    3.9   13.8  15:03    114
 20   74.6   87.7  14:43   59.0  05:48    0.0    9.6   0.00    1.1    6.9  16:58    173
 21   77.3   90.8  15:33   62.8  05:53    0.0   12.3   0.00    1.8   10.4  16:13    254
 22   80.8   92.9  14:53   67.7  05:53    0.0   15.8   0.00    2.2   10.4  08:48    249
 23   80.7   91.3  14:35   69.0  04:48    0.0   15.7   0.00    3.0   12.0  16:25    243
 24   83.2   95.2  16:00   72.2  05:31    0.0   18.2   0.00    2.4   10.4  06:26    278
 25   82.0  100.1  15:45   70.5  05:50    0.0   17.0   0.02    1.8   11.5  17:12      7
 26   82.0   94.8  15:13   73.0  00:00    0.0   17.0   0.00    2.4    8.1  09:00    115
 27   77.0   94.2  14:03   68.0  05:25    0.0   12.0   0.35    1.7   12.7  15:38    261
 28   78.5   90.0  15:43   71.0  03:04    0.0   13.5   0.00    2.4   10.4  12:18     32
 29   74.2   88.6  16:32   66.1  05:25    0.0    9.2   0.00    1.5    7.0  18:24      2
 30   76.4   90.0  15:39   62.6  06:00    0.0   11.4   0.00    1.9   11.5  15:09    343
---------------------------------------------------------------------------------------
      77.3  100.1     25   54.4     09    0.0  330.5   1.17    1.9   16.1     18    253