NOAA-Style Climate Reports


Report for 2016 July
                   MONTHLY CLIMATOLOGICAL SUMMARY for Jul 2016


NAME: Albertville, AL-KQ5S                  
ELEV: 1024 feet    LAT: 34-14.64 N    LONG: 086-14.10 W


                   TEMPERATURE (F), RAIN (in), WIND SPEED (mph)

                                         HEAT   COOL         AVG
      MEAN                               DEG    DEG          WIND                   DOM
DAY   TEMP   HIGH   TIME    LOW   TIME   DAYS   DAYS   RAIN  SPEED   HIGH   TIME    DIR
---------------------------------------------------------------------------------------
 01   78.1   93.1  15:56   58.9  06:04    0.0   13.1   0.00    1.5    8.1  12:04    313
 02   82.7   94.7  16:05   69.4  05:44    0.0   17.7   0.00    1.1    9.0  14:50    314
 03   80.9   96.3  12:54   67.2  05:51    0.0   15.9   0.08    1.8   13.0  13:44    207
 04   83.2   95.5  16:08   71.2  05:58    0.0   18.2   0.00    3.7   18.4  13:35    235
 05   76.2   81.8  00:05   71.9  11:26    0.0   11.2   1.34    2.5   18.4  11:16    243
 06   80.0   90.3  14:42   70.9  01:40    0.0   15.0   0.00    3.2   13.8  13:51    242
 07   82.3   91.9  15:50   73.4  05:41    0.0   17.3   0.00    3.9   16.1  12:00    244
 08   83.8   94.4  15:45   74.8  05:30    0.0   18.8   0.00    3.3   12.7  10:36    243
 09   79.9   92.2  12:58   69.9  06:10    0.0   14.9   0.03    2.4   15.0  13:23    322
 10   76.8   90.4  14:58   69.4  22:07    0.0   11.8   0.54    1.2   10.4  20:15     37
 11   75.2   88.3  16:25   67.0  05:34    0.0   10.2   0.37    1.6   12.7  19:31    251
 12   77.8   91.5  16:10   67.3  05:57    0.0   12.8   0.00    1.6   11.5  18:36    239
 13   77.9   92.1  14:46   65.7  05:46    0.0   12.9   0.00    1.1    6.9  11:36    245
 14   77.8   92.7  14:56   68.7  05:54    0.0   12.8   0.00    2.1   12.7  15:42    243
 15   76.0   88.3  15:20   68.6  03:35    0.0   11.0   0.00    1.2    9.2  16:40    250
 16   78.6   92.9  15:24   68.0  05:56    0.0   13.6   0.00    1.6   10.0  17:39    280
 17   80.7   93.9  14:50   69.1  06:15    0.0   15.7   0.00    1.4    8.1  11:50    180
 18   81.8   94.6  16:18   69.9  05:47    0.0   16.8   0.00    1.3    9.2  19:18    264
 19   79.6   93.8  13:12   71.2  05:15    0.0   14.6   0.11    0.8    6.9  10:52     69
 20   83.0   96.7  16:20   70.6  05:50    0.0   18.0   0.00    1.2    6.9  11:51     20
 21   84.1   98.0  15:46   71.1  05:57    0.0   19.1   0.01    1.8    9.2  23:57     31
 22   80.5   93.4  14:51   70.1  06:13    0.0   15.5   0.00    1.5    8.1  16:12    109
 23   77.4   90.8  10:50   70.6  06:15    0.0   12.4   2.44    0.9   10.4  18:11    258
 24   81.1   93.5  14:40   71.3  04:37    0.0   16.1   0.00    0.5   10.0  16:50    190
 25   83.0   95.9  15:34   71.6  06:06    0.0   18.0   0.00    1.7   11.5  20:45    217
 26   82.9   94.4  15:26   72.5  06:05    0.0   17.9   0.00    1.3    9.2  15:31    172
 27   74.5   74.5  00:00   74.5  00:00    0.0    9.5   0.00    0.0    0.0  00:00    N/A
 28   76.6   87.9  14:25   73.5  04:11    0.0   11.6   0.00    3.1   15.0  15:30    244
 29   77.4   86.7  13:54   72.9  03:40    0.0   12.4   0.13    1.5    7.0  09:56    248
 30   74.3   87.9  11:40   70.0  23:54    0.0    9.3   0.21    0.9   13.8  13:35    258
 31   78.7   90.4  14:35   68.9  06:05    0.0   13.7   0.00    0.9    6.9  15:15    284
---------------------------------------------------------------------------------------
      79.6   98.0     21   58.9     01    0.0  448.0   5.26    1.8   18.4     04    245