NOAA-Style Climate Reports


Report for 2016 August
                   MONTHLY CLIMATOLOGICAL SUMMARY for Aug 2016


NAME: Albertville, AL-KQ5S                  
ELEV: 1024 feet    LAT: 34-14.64 N    LONG: 086-14.10 W


                   TEMPERATURE (F), RAIN (in), WIND SPEED (mph)

                                         HEAT   COOL         AVG
      MEAN                               DEG    DEG          WIND                   DOM
DAY   TEMP   HIGH   TIME    LOW   TIME   DAYS   DAYS   RAIN  SPEED   HIGH   TIME    DIR
---------------------------------------------------------------------------------------
 01   81.3   94.0  15:27   69.6  06:11    0.0   16.3   0.00    1.4    7.0  13:27    282
 02   77.4   87.7  11:08   71.1  06:18    0.0   12.4   0.00    1.7   12.7  11:53    333
 03   80.1   92.3  15:38   71.0  03:02    0.0   15.1   0.00    1.3    8.1  15:18    337
 04   83.3   95.5  13:15   71.3  05:30    0.0   18.3   0.00    1.3    8.0  12:10    330
 05   83.4   96.6  14:59   72.5  04:54    0.0   18.4   0.00    1.7   11.5  14:34    347
 06   80.0   91.9  14:58   71.0  05:15    0.0   15.0   0.00    1.2    5.8  09:48    272
 07   80.9   95.3  14:08   70.9  05:28    0.0   15.9   0.19    1.6    9.2  16:43    319
 08   79.0   88.2  15:39   73.1  05:19    0.0   14.0   0.05    2.0    9.2  13:19     80
 09   79.1   85.1  16:50   76.1  09:05    0.0   14.1   0.11    2.3   13.0  08:55    104
 10   79.0   87.0  15:50   75.0  04:25    0.0   14.0   0.01    3.4   13.0  13:20    106
 11   79.4   88.6  16:29   73.8  06:59    0.0   14.4   0.02    4.2   15.0  11:14    123
 12   79.1   88.0  14:33   72.9  05:07    0.0   14.1   0.00    3.5   11.5  10:38    147
 13   78.8   90.2  15:05   72.0  23:59    0.0   13.8   0.00    2.7   11.5  11:20    166
 14   79.3   92.0  15:53   70.5  06:05    0.0   14.3   0.00    2.3   11.5  11:53    155
 15   80.2   91.6  15:30   68.4  06:25    0.0   15.2   0.00    1.5   12.0  12:00    183
 16   82.4   95.8  15:01   70.1  05:55    0.0   17.4   0.00    2.0   10.4  12:36    201
 17   81.9   96.5  15:45   70.9  06:29    0.0   16.9   0.00    1.7   11.5  15:25    240
 18   76.8   90.9  12:54   70.4  06:06    0.0   11.8   0.01    1.7   12.7  13:40     46
 19   75.6   86.3  13:17   69.5  04:26    0.0   10.6   0.45    1.3    8.1  12:42    309
 20   76.5   87.5  14:28   71.7  04:33    0.0   11.5   0.18    1.9   12.7  15:08    245
 21   76.8   86.2  12:55   71.1  23:56    0.0   11.8   0.20    2.9   16.0  12:55    262
 22   75.3   84.5  15:37   68.1  04:41    0.0   10.3   0.00    1.3    8.0  08:07     36
 23   78.2   90.1  15:59   65.7  06:39    0.0   13.2   0.00    1.3    5.8  10:29     42
 24   81.8   94.2  15:49   70.8  04:04    0.0   16.8   0.00    2.2    8.1  09:59    131
 25   82.3   93.2  15:29   71.9  06:19    0.0   17.3   0.00    1.6    8.0  14:54    117
 26   85.4   92.5  12:40   71.9  05:55    0.0   20.4   0.00    2.1   10.4  12:40     44
 27   88.6   92.4  00:12   50.9  06:24    0.0   23.6   0.00    2.2   10.0  13:48     76
 28   81.0   92.9  16:14   72.9  22:56    0.0   16.0   0.04    1.7   18.0  17:34     89
 29   81.3   93.4  15:59   71.9  02:16    0.0   16.3   0.00    1.9   13.0  14:14     72
 30   80.9   92.9  16:09   68.6  06:26    0.0   15.9   0.00    1.3   14.0  14:14     87
 31   80.9   94.5  16:34   68.7  06:42    0.0   15.9   0.00    0.8   10.0  12:18     54
---------------------------------------------------------------------------------------
      80.1   96.6     05   50.9     27    0.0  470.9   1.26    1.9   18.0     28    113