NOAA-Style Climate Reports


Report for 2016 September
                   MONTHLY CLIMATOLOGICAL SUMMARY for Sep 2016


NAME: Albertville, AL-KQ5S                  
ELEV: 1024 feet    LAT: 34-14.64 N    LONG: 086-14.10 W


                   TEMPERATURE (F), RAIN (in), WIND SPEED (mph)

                                         HEAT   COOL         AVG
      MEAN                               DEG    DEG          WIND                   DOM
DAY   TEMP   HIGH   TIME    LOW   TIME   DAYS   DAYS   RAIN  SPEED   HIGH   TIME    DIR
---------------------------------------------------------------------------------------
 01   82.8   94.4  16:11   70.9  06:34    0.0   17.8   0.00    1.6   12.0  16:41     27
 02   79.9   90.2  16:43   70.7  06:32    0.0   14.9   0.00    2.0   11.0  16:53     24
 03   77.3   86.6  14:03   69.0  06:31    0.0   12.3   0.00    1.4    9.0  11:17    118
 04   79.4   89.3  16:12   70.2  06:40    0.0   14.4   0.00    1.7   12.0  11:56    119
 05   78.8   91.5  15:46   67.4  04:09    0.0   13.8   0.00    0.9   10.0  15:11    119
 06   78.4   93.5  17:09   64.2  06:43    0.0   13.4   0.00    0.4    6.0  13:19      6
 07   78.4   93.6  16:53   65.3  06:07    0.0   13.4   0.00    0.5    7.0  10:42    341
 08   77.6   94.5  15:42   65.8  06:21    0.0   12.6   0.00    0.4    9.0  15:32    246
 09   77.3   95.6  16:30   62.9  06:38    0.0   12.3   0.00    0.8   13.0  13:55    245
 10   80.4   95.8  16:17   63.7  05:28    0.0   15.4   0.06    1.4   13.0  15:42    254
 11   76.8   88.0  16:25   67.7  23:56    0.0   11.8   0.01    1.3   11.0  08:13     31
 12
 13
 14
 15   79.2   93.8  12:03   68.8  06:51    0.0   14.2   0.01    0.5   13.0  14:54     62
 16
 17   75.1   78.8  12:10   72.3  05:28    0.0   10.1   0.01    1.6   11.0  11:30    136
 18   76.0   85.9  15:26   71.8  23:56    0.0   11.0   0.41    0.6   10.0  15:56    112
 19   77.2   89.9  16:27   68.5  05:28    0.0   12.2   0.01    1.0   10.0  12:45     24
 20   77.0   90.6  15:54   65.6  06:17    0.0   12.0   0.00    1.6   11.0  11:43     34
 21   78.8   93.1  16:27   63.6  06:15    0.0   13.8   0.00    0.6    8.0  15:36     53
 22   79.5   94.1  16:27   69.1  01:44    0.0   14.5   0.00    1.2   13.0  13:01    104
 23   79.2   94.1  16:36   66.4  04:15    0.0   14.2   0.00    0.9    9.0  12:39     56
 24   79.7   95.2  16:29   64.5  06:58    0.0   14.7   0.00    0.8   10.0  14:14     21
 25   81.4   97.1  16:14   67.3  07:01    0.0   16.4   0.00    0.8    9.0  12:27    141
 26   76.2   92.5  12:15   67.5  23:58    0.0   11.2   0.03    0.8   13.0  12:20    137
 27   72.5   85.4  16:17   62.0  00:00    0.0    7.5   0.00    0.8    9.0  14:01     25
 28   68.1   87.3  16:41   50.8  06:58    0.0    3.1   0.00    0.6   10.0  13:26    253
 29   63.5   72.1  16:27   54.0  07:17    1.5    0.0   0.00    1.7   15.0  12:37    339
 30   60.8   73.2  15:36   49.7  07:16    4.2    0.0   0.00    0.7   10.0  11:14    296
---------------------------------------------------------------------------------------
      76.9   97.1     25   49.7     30    5.7  307.0   0.54    1.0   15.0     29     57