NOAA-Style Climate Reports


Report for 2016 October
                   MONTHLY CLIMATOLOGICAL SUMMARY for Oct 2016


NAME: Albertville, AL-KQ5S                  
ELEV: 1024 feet    LAT: 34-14.64 N    LONG: 086-14.10 W


                   TEMPERATURE (F), RAIN (in), WIND SPEED (mph)

                                         HEAT   COOL         AVG
      MEAN                               DEG    DEG          WIND                   DOM
DAY   TEMP   HIGH   TIME    LOW   TIME   DAYS   DAYS   RAIN  SPEED   HIGH   TIME    DIR
---------------------------------------------------------------------------------------
 01   63.1   81.3  16:04   47.9  06:52    1.9    0.0   0.00    0.6   13.0  11:14    266
 02   64.8   79.5  15:31   52.8  07:00    0.2    0.0   0.00    0.6    9.0  11:40      4
 03   66.7   84.4  16:34   53.4  06:42    0.0    1.7   0.00    0.9   11.0  13:18     27
 04   72.9   84.9  15:48   59.1  01:05    0.0    7.9   0.00    2.6   12.0  11:02    117
 05   72.9   85.6  16:19   63.8  06:51    0.0    7.9   0.00    2.7   15.0  08:01    107
 06   72.5   86.2  16:11   61.3  07:06    0.0    7.5   0.00    2.5   12.0  08:16     97
 07   73.5   88.1  16:31   60.1  06:47    0.0    8.5   0.00    2.1   18.0  12:36     42
 08   68.7   77.6  16:24   59.8  23:59    0.0    3.7   0.00    2.4   17.0  16:03      2
 09   64.2   79.0  16:29   52.3  02:19    0.8    0.0   0.00    2.8   21.0  10:34     40
 10   62.8   78.9  16:11   50.0  07:00    2.2    0.0   0.00    1.1   10.0  09:16     90
 11   63.6   77.8  15:56   50.1  03:51    1.4    0.0   0.00    1.4   14.0  10:36    113
 12   63.0   79.4  16:07   51.4  07:16    2.0    0.0   0.00    1.2   12.0  10:06    127
 13   64.4   82.9  16:40   47.4  06:49    0.6    0.0   0.00    0.5    8.0  12:19    322
 14   69.1   85.0  16:08   54.3  07:17    0.0    4.1   0.00    1.0   13.0  15:07    133
 15   70.4   79.7  16:33   62.5  07:13    0.0    5.4   0.00    2.4   13.0  09:52    126
 16   69.3   78.8  15:33   61.6  23:59    0.0    4.3   0.00    1.3   11.0  00:33    134
 17   70.3   83.1  16:59   58.9  03:36    0.0    5.3   0.00    0.7   11.0  10:08    161
 18   73.8   87.8  16:23   60.4  04:55    0.0    8.8   0.00    1.1   13.0  11:11    230
 19   75.3   86.9  14:13   65.1  06:50    0.0   10.3   0.00    0.4    9.0  11:03    247
 20   71.9   87.6  15:42   60.9  07:31    0.0    6.9   0.00    1.3   18.0  23:06    263
 21   58.2   65.4  16:11   50.4  00:00    6.8    0.0   0.00    2.7   17.0  09:05    335
 22   52.5   66.9  16:36   41.6  07:11   12.5    0.0   0.00    1.2   14.0  13:48    337
 23   55.2   77.4  16:13   36.5  07:06    9.8    0.0   0.00    0.5    7.0  11:38    268
 24   60.1   77.7  16:14   44.6  07:19    4.9    0.0   0.00    0.5   10.0  10:52    313
 25   62.7   81.3  16:33   46.4  06:01    2.3    0.0   0.00    1.2   10.0  10:04    100
 26   67.2   76.7  15:36   57.0  07:15    0.0    2.2   0.00    1.8   14.0  13:41    135
 27   68.4   81.4  16:05   58.1  00:00    0.0    3.4   0.00    0.8   14.0  15:04    238
 28   65.7   82.5  16:29   51.5  07:23    0.0    0.7   0.00    0.6    9.0  12:50     23
 29   66.5   85.9  16:21   51.5  07:18    0.0    1.5   0.00    0.5    8.0  12:50    243
 30   66.4   85.0  16:10   51.9  07:09    0.0    1.4   0.00    0.7   13.0  12:09    267
 31   67.6   85.2  15:43   52.3  06:48    0.0    2.6   0.00    0.3    6.0  11:13     94
---------------------------------------------------------------------------------------
      66.5   88.1     07   36.5     23   45.4   94.3   0.00    1.3   21.0     09     90