NOAA-Style Climate Reports


Report for 2016 November
                   MONTHLY CLIMATOLOGICAL SUMMARY for Nov 2016


NAME: Albertville, AL-KQ5S                  
ELEV: 1024 feet    LAT: 34-14.64 N    LONG: 086-14.10 W


                   TEMPERATURE (F), RAIN (in), WIND SPEED (mph)

                                         HEAT   COOL         AVG
      MEAN                               DEG    DEG          WIND                   DOM
DAY   TEMP   HIGH   TIME    LOW   TIME   DAYS   DAYS   RAIN  SPEED   HIGH   TIME    DIR
---------------------------------------------------------------------------------------
 01
 02   69.3   79.0  16:04   60.7  23:56    0.0    4.3   0.00    1.6   10.0  13:16    129
 03   67.8   82.3  14:44   55.7  05:48    0.0    2.8   0.00    0.7    9.0  12:28    251
 04   66.9   75.4  16:22   56.4  23:49    0.0    1.9   0.00    2.2   14.0  09:36     22
 05   59.7   72.4  16:22   49.2  06:10    5.3    0.0   0.00    1.3    9.0  09:11     87
 06   58.8   73.1  14:11   43.3  06:20    6.2    0.0   0.00    1.2   10.0  12:51     68
 07   62.9   72.9  13:38   56.5  05:22    2.1    0.0   0.00    2.7   16.0  09:42    120
 08   59.6   68.9  14:07   53.5  23:49    5.4    0.0   0.00    1.2    9.0  10:22    118
 09   56.8   66.1  12:37   45.8  23:58    8.2    0.0   0.00    1.3   12.0  13:33    338
 10   49.9   68.9  15:34   34.6  06:49   15.1    0.0   0.00    0.9    9.0  08:19     12
 11   48.9   66.6  14:23   32.6  04:17   16.1    0.0   0.00    0.7    9.0  14:38    323
 12   53.8   64.4  15:04   46.1  03:27   11.2    0.0   0.00    2.4   16.0  09:32     77
 13   51.8   64.7  14:54   39.8  23:39   13.2    0.0   0.00    1.4   11.0  11:54     80
 14   48.9   67.0  15:18   34.4  06:27   16.1    0.0   0.00    0.6    9.0  13:23    260
 15   50.2   67.7  15:17   36.0  06:16   14.8    0.0   0.00    0.4    7.0  13:12    247
 16   54.7   72.7  15:20   42.7  03:24   10.3    0.0   0.00    0.6    9.0  11:04    321
 17   56.9   77.3  15:14   40.8  06:33    8.1    0.0   0.00    0.6    8.0  11:54    182
 18   59.1   77.5  15:18   43.1  06:17    5.9    0.0   0.00    0.7    9.0  11:58    223
 19   48.4   63.0  02:19   38.8  23:59   16.6    0.0   0.02    2.9   19.0  04:29    299
 20   40.3   52.3  15:24   30.6  23:59   24.7    0.0   0.00    1.5   12.0  08:31    329
 21   39.7   57.5  15:24   24.5  06:47   25.3    0.0   0.00    0.8    8.0  09:13      6
 22   47.0   62.3  14:36   29.5  06:29   18.0    0.0   0.00    1.3    7.0  08:05    112
 23   58.0   68.8  14:38   46.7  05:47    7.0    0.0   0.01    4.2   12.7  11:03    158
 24   58.9   72.3  15:13   43.9  23:59    6.1    0.0   0.00    1.4   10.0  12:18    255
 25   49.8   60.9  14:59   39.6  04:05   15.2    0.0   0.00    2.4    9.2  19:21    341
 26   41.9   55.6  15:22   29.3  23:58   23.1    0.0   0.00    3.2   13.8  10:11     11
 27   42.7   59.1  13:55   24.3  05:23   22.3    0.0   0.00    2.3   10.0  13:20    138
 28   58.8   67.2  17:10   50.3  02:34    6.2    0.0   0.87    8.5   31.0  17:15    158
 29   62.4   72.6  15:08   51.4  06:11    2.6    0.0   0.14    4.5   17.3  20:13    159
 30   60.4   70.6  00:03   43.0  23:57    4.6    0.0   2.69    4.0   19.6  06:33    240
---------------------------------------------------------------------------------------
      54.6   82.3     03   24.3     27  309.6    9.1   3.73    2.0   31.0     28    136