NOAA-Style Climate Reports


Report for 2016 December
                   MONTHLY CLIMATOLOGICAL SUMMARY for Dec 2016


NAME: Albertville, AL-KQ5S                  
ELEV: 1024 feet    LAT: 34-14.64 N    LONG: 086-14.10 W


                   TEMPERATURE (F), RAIN (in), WIND SPEED (mph)

                                         HEAT   COOL         AVG
      MEAN                               DEG    DEG          WIND                   DOM
DAY   TEMP   HIGH   TIME    LOW   TIME   DAYS   DAYS   RAIN  SPEED   HIGH   TIME    DIR
---------------------------------------------------------------------------------------
 01   43.3   54.3  15:16   33.2  23:56   21.7    0.0   0.00    1.9   11.5  13:31    298
 02   43.0   57.8  15:34   29.4  05:29   22.0    0.0   0.00    1.4    9.2  13:54    330
 03   42.3   48.5  12:55   35.4  04:34   22.7    0.0   0.27    2.3    8.1  21:45     59
 04   45.0   47.1  20:27   42.4  00:05   20.0    0.0   0.86    7.0   17.3  08:57    114
 05   49.3   54.0  23:53   46.2  01:57   15.7    0.0   0.44    3.4   15.0  23:53     97
 06   53.0   58.4  10:16   45.9  23:52   12.0    0.0   0.25    5.6   16.1  12:51    240
 07   43.9   49.9  12:29   36.7  07:25   21.1    0.0   0.00    2.8    8.1  08:30    341
 08   38.0   42.5  14:27   30.3  23:58   27.0    0.0   0.00    4.9   11.5  06:27    336
 09   29.8   38.0  15:34   23.8  06:54   35.2    0.0   0.00    3.1   10.4  08:44    351
 10   32.1   44.9  15:37   21.2  04:47   32.9    0.0   0.00    2.5    9.2  09:22     46
 11   44.3   54.5  15:04   28.6  03:26   20.7    0.0   0.00    5.8   20.0  21:55    149
 12   43.2   43.2  00:00   43.2  00:00   21.8    0.0   0.00    1.2    1.2  00:00    304
 13   50.7   57.8  14:59   42.5  00:45   14.3    0.0   0.02    2.3   10.0  23:55     78
 14   43.7   52.6  15:21   36.9  23:57   21.3    0.0   0.00    4.6   11.5  07:36     17
 15   32.1   36.8  00:02   26.5  23:55   32.9    0.0   0.00    3.8   18.0  10:30     12
 16
 17   56.5   68.1  23:39   48.1  02:22    8.5    0.0   0.02    6.3   17.3  02:37    162
 18
 19   31.1   35.3  15:11   26.3  03:46   33.9    0.0   0.00    7.1   16.1  08:31     22
 20   29.4   29.4  00:00   29.4  00:00   35.6    0.0   0.00    3.5    3.5  00:00     28
 21   42.4   56.3  13:51   27.6  03:50   22.6    0.0   0.01    1.6    8.1  15:21    134
 22
 23   50.3   61.3  15:43   32.9  05:41   14.7    0.0   0.00    5.6   16.1  09:46    137
 24   59.8   70.1  15:26   55.0  00:13    5.2    0.0   0.00    3.2   10.4  02:13    176
 25   64.8   73.3  12:52   58.1  03:51    0.2    0.0   0.00    4.6   12.7  15:28    142
 26   63.7   68.0  15:30   60.8  22:21    1.3    0.0   0.00    6.2   15.0  06:50    145
 27   57.7   63.4  08:27   43.9  00:00    7.3    0.0   0.12    2.4   11.5  06:37    263
 28   52.1   65.0  23:23   38.7  05:01   12.9    0.0   0.04    2.5   18.4  23:43    170
 29   50.2   64.5  00:03   37.9  23:10   14.8    0.0   0.03    7.1   21.0  14:35    298
 30   38.3   48.8  15:24   28.8  22:53   26.7    0.0   0.00    4.0   12.0  10:15    295
 31   40.9   45.4  17:52   29.2  00:04   24.1    0.0   0.28    3.4   16.0  15:00    155
---------------------------------------------------------------------------------------
      46.0   73.3     25   21.2     10  549.2    0.0   2.34    4.1   21.0     29    101