NOAA-Style Climate Reports


Report for 2017 January
                   MONTHLY CLIMATOLOGICAL SUMMARY for Jan 2017


NAME: Albertville, AL-KQ5S                  
ELEV: 1024 feet    LAT: 34-14.64 N    LONG: 086-14.10 W


                   TEMPERATURE (F), RAIN (in), WIND SPEED (mph)

                                         HEAT   COOL         AVG
      MEAN                               DEG    DEG          WIND                   DOM
DAY   TEMP   HIGH   TIME    LOW   TIME   DAYS   DAYS   RAIN  SPEED   HIGH   TIME    DIR
---------------------------------------------------------------------------------------
 01   49.8   54.2  23:54   45.0  00:05   15.2    0.0   0.49    3.8   18.0  14:55    120
 02   57.3   59.7  20:28   54.2  00:04    7.7    0.0   0.95    7.0   27.6  19:52    132
 03   58.3   62.9  14:40   52.9  23:56    6.7    0.0   0.01    2.9   12.0  15:55    237
 04   41.9   52.8  00:01   29.4  23:06   23.1    0.0   0.00    4.8   19.6  04:14    309
 05   36.0   48.1  13:36   28.1  03:33   29.0    0.0   0.00    3.1   12.0  23:05    317
 06   27.9   31.7  00:05   22.1  23:58   37.1    0.0   0.00    5.1   14.0  10:08    341
 07   20.4   26.7  15:25   15.1  07:05   44.6    0.0   0.00    5.1   17.3  02:59    305
 08   23.7   30.8  13:40   14.2  05:16   41.3    0.0   0.00    2.6   13.0  08:53     12
 09   35.4   45.7  15:09   20.1  05:17   29.6    0.0   0.00    4.6   12.0  10:31    137
 10   48.9   57.6  19:04   40.7  03:20   16.1    0.0   0.00    6.6   17.0  15:32    145
 11   59.7   63.4  21:07   55.9  05:15    5.3    0.0   0.02    4.5   13.0  17:10    158
 12   61.8   68.0  14:40   52.7  23:55    3.2    0.0   0.00    2.0   10.0  00:20    166
 13   62.4   73.7  14:09   52.8  00:05    2.6    0.0   0.00    1.2    8.1  10:32    243
 14   59.5   73.5  13:34   48.6  07:13    5.5    0.0   0.00    1.5   12.7  12:18    249
 15   57.3   70.5  13:21   46.5  06:57    7.7    0.0   0.00    1.0    8.1  12:55    292
 16   59.4   70.1  13:39   50.2  03:45    5.6    0.0   0.00    2.8   12.0  22:15    149
 17   64.5   71.3  13:32   59.3  23:57    0.5    0.0   0.06    3.9   14.0  11:11    214
 18   57.4   63.7  15:26   52.6  22:15    7.6    0.0   0.02    1.6    8.1  02:28    317
 19
 20   61.8   70.2  15:52   55.4  23:05    3.2    0.0   0.00    3.6   13.8  11:57    237
 21   59.2   64.9  15:50   54.6  22:30    5.8    0.0   0.56    2.2   22.0  09:50    119
 22   55.2   64.5  12:53   47.4  21:05    9.8    0.0   2.22    4.0   21.0  02:15    182
 23   52.2   58.4  15:49   45.8  00:00   12.8    0.0   0.11    8.2   22.0  10:00    302
 24   47.3   59.8  15:55   41.0  07:43   17.7    0.0   0.00    2.4    9.2  01:56    329
 25   53.7   67.7  14:30   37.7  07:13   11.3    0.0   0.39    3.0   15.0  13:54    235
 26   45.0   56.8  00:04   35.2  22:38   20.0    0.0   0.00    4.5   16.1  08:24    293
 27   36.2   44.3  16:03   29.7  06:37   28.8    0.0   0.00    4.3   18.0  09:40    287
 28   38.8   52.1  15:40   24.8  07:10   26.2    0.0   0.00    2.8   20.0  15:00    257
 29   38.7   47.5  14:25   31.1  04:11   26.3    0.0   0.00    3.2   14.0  12:40    275
 30   40.1   55.8  15:48   26.1  05:42   24.9    0.0   0.00    2.1   10.4  14:06    273
 31   52.8   70.3  15:45   37.9  06:33   12.2    0.0   0.00    2.3   17.0  14:20    244
---------------------------------------------------------------------------------------
      48.8   73.7     13   14.2     08  487.5    0.0   4.83    3.6   27.6     02    241