NOAA-Style Climate Reports


Report for 2017 February
                   MONTHLY CLIMATOLOGICAL SUMMARY for Feb 2017


NAME: Albertville, AL-KQ5S                  
ELEV: 1024 feet    LAT: 34-14.64 N    LONG: 086-14.10 W


                   TEMPERATURE (F), RAIN (in), WIND SPEED (mph)

                                         HEAT   COOL         AVG
      MEAN                               DEG    DEG          WIND                   DOM
DAY   TEMP   HIGH   TIME    LOW   TIME   DAYS   DAYS   RAIN  SPEED   HIGH   TIME    DIR
---------------------------------------------------------------------------------------
 01   55.3   67.9  15:53   45.8  07:00    9.7    0.0   0.00    2.9   15.0  11:23    250
 02   46.9   53.3  09:37   41.2  23:59   18.1    0.0   0.14    3.6   12.0  13:25     24
 03   39.8   45.9  14:30   30.9  23:57   25.2    0.0   0.00    4.1   15.0  14:30    346
 04   38.0   50.3  15:47   25.9  06:55   27.0    0.0   0.00    3.1   14.0  09:35    110
 05   45.4   49.6  14:39   40.2  02:52   19.6    0.0   0.21    1.8    9.0  10:20    220
 06   53.1   57.8  16:27   47.4  00:05   11.9    0.0   0.04    2.8    7.0  06:44    145
 07   57.0   61.2  10:15   54.4  01:53    8.0    0.0   0.53    2.5   13.0  15:34    176
 08   59.1   67.7  15:55   44.3  23:56    5.9    0.0   0.30    2.8   17.0  22:15    251
 09   38.5   46.3  15:43   31.3  23:59   26.5    0.0   0.00    5.2   18.0  04:55    338
 10   46.5   64.4  16:00   27.7  03:30   18.5    0.0   0.00    3.3   10.4  11:36    162
 11   60.2   65.6  23:11   52.6  02:44    4.8    0.0   0.00    3.3   12.0  03:35    192
 12   63.7   72.8  15:38   49.0  23:57    1.3    0.0   0.04    6.5   15.0  11:15    269
 13   47.5   60.7  16:05   37.4  23:59   17.5    0.0   0.00    4.5   12.7  00:23     22
 14   49.4   63.8  14:32   32.6  05:46   15.6    0.0   0.00    1.7    8.1  23:54    227
 15   47.2   55.6  00:04   39.3  00:00   17.8    0.0   0.46    6.0   19.6  03:03    338
 16   42.9   59.0  15:52   29.0  06:57   22.1    0.0   0.00    2.3   13.8  09:44    310
 17   50.1   64.9  14:40   32.5  07:10   14.9    0.0   0.00    2.0   12.0  10:45    251
 18   52.0   57.4  15:55   48.4  08:32   13.0    0.0   0.03    1.4    7.0  04:55    137
 19   57.4   72.4  15:55   47.4  06:55    7.6    0.0   0.01    1.2   12.0  09:40    355
 20   59.0   71.4  15:27   45.1  05:53    6.0    0.0   0.00    2.9   12.7  10:05    124
 21   57.8   60.8  00:04   56.4  15:30    7.2    0.0   0.41    4.9   12.0  13:40    131
 22   60.0   64.9  12:34   57.2  20:33    5.0    0.0   0.06    4.1   12.0  00:25    101
 23   62.4   74.4  15:54   51.5  03:37    2.6    0.0   0.01    2.9   12.0  10:03    147
 24   66.0   77.7  15:29   54.2  02:19    0.0    1.0   0.00    3.5   15.0  10:25    177
 25   50.0   66.6  00:22   38.2  00:00   15.0    0.0   0.16    4.8   16.0  05:35    296
 26   45.2   59.1  16:09   27.7  06:45   19.8    0.0   0.00    3.1   12.0  09:10    114
 27   50.4   56.2  15:29   43.7  09:50   14.6    0.0   0.25    4.5   17.0  10:15    129
 28   56.8   62.5  16:30   50.5  01:00    8.2    0.0   0.32    4.4   17.0  09:20    153
---------------------------------------------------------------------------------------
      52.1   77.7     24   25.9     04  363.5    1.0   2.97    3.4   19.6     15    148