NOAA-Style Climate Reports


Report for 2017 March
                   MONTHLY CLIMATOLOGICAL SUMMARY for Mar 2017


NAME: Albertville, AL-KQ5S                  
ELEV: 1024 feet    LAT: 34-14.64 N    LONG: 086-14.10 W


                   TEMPERATURE (F), RAIN (in), WIND SPEED (mph)

                                         HEAT   COOL         AVG
      MEAN                               DEG    DEG          WIND                   DOM
DAY   TEMP   HIGH   TIME    LOW   TIME   DAYS   DAYS   RAIN  SPEED   HIGH   TIME    DIR
---------------------------------------------------------------------------------------
 01
 02   45.2   55.8  16:13   33.1  00:00   19.8    0.0   0.00    4.0   16.1  02:07    347
 03   41.4   53.9  15:05   29.6  06:10   23.6    0.0   0.00    2.7   15.0  12:04    328
 04   46.0   63.7  16:03   28.4  05:45   19.0    0.0   0.00    2.0    9.2  11:22    114
 05   53.2   63.4  11:00   40.2  05:29   11.8    0.0   0.00    2.3   12.0  09:10    151
 06   62.2   70.5  14:29   56.0  01:01    2.8    0.0   0.00    6.8   20.0  10:20    163
 07   57.7   60.9  14:21   50.0  00:00    7.3    0.0   1.16    5.0   14.0  21:45    179
 08   51.8   67.7  15:40   37.6  06:35   13.2    0.0   0.00    1.6    9.2  14:07    347
 09   57.6   75.8  15:38   36.8  06:15    7.4    0.0   0.00    2.3   10.0  10:15    243
 10   55.0   65.7  00:53   41.6  23:58   10.0    0.0   0.89    6.0   19.6  12:48    333
 11   41.3   46.6  12:35   34.8  05:25   23.7    0.0   0.03    4.1   17.0  08:40     29
 12   42.7   56.2  17:15   32.2  07:40   22.3    0.0   0.03    4.6   15.0  08:35     42
 13   39.9   41.1  17:36   37.7  04:31   25.1    0.0   0.27    4.8   17.0  11:20    128
 14   36.4   40.9  00:06   29.7  23:59   28.6    0.0   0.03    5.3   15.0  04:20    313
 15   31.6   41.9  16:45   24.9  07:20   33.4    0.0   0.00    5.0   14.0  14:15    332
 16   36.5   54.6  17:10   20.4  06:58   28.5    0.0   0.00    1.6    9.0  09:35    331
 17   53.8   65.7  15:59   38.8  00:03   11.2    0.0   0.00    3.2   15.0  12:59    214
 18   61.3   71.8  15:45   51.6  23:58    3.7    0.0   0.28    5.4   21.0  16:10    281
 19   50.6   65.0  17:01   39.6  07:06   14.4    0.0   0.00    3.6   13.0  08:23      9
 20   61.2   80.3  16:10   41.4  02:28    3.8    0.0   0.00    2.5   13.0  16:30    196
 21   66.8   84.8  16:05   56.8  05:19    0.0    1.8   0.16    3.3   19.6  18:33    263
 22   57.3   66.0  17:06   47.3  23:49    7.7    0.0   0.00    4.5   14.0  12:23     21
 23   59.4   72.3  17:06   46.0  03:15    5.6    0.0   0.00    7.3   15.0  10:43    129
 24   64.9   72.0  16:29   58.6  01:05    0.1    0.0   0.00    6.1   20.0  07:35    151
 25   63.9   74.8  15:25   57.4  23:53    1.1    0.0   1.26    5.3   20.0  10:10    163
 26   62.9   74.8  17:21   56.5  02:10    2.1    0.0   0.00    3.2   14.0  13:45    183
 27   65.3   75.3  13:08   57.6  01:07    0.0    0.3   0.45    2.9   12.0  11:25    163
 28   65.1   76.6  16:30   58.5  22:50    0.0    0.1   0.77    1.7   12.0  00:25    311
 29   68.1   82.0  15:45   53.2  06:50    0.0    3.1   0.00    2.1    9.0  08:25    146
 30   67.5   75.9  15:32   62.9  06:40    0.0    2.5   0.00    4.2   26.0  11:15    174
 31   60.6   70.1  16:55   51.4  00:00    4.4    0.0   0.02    4.3   18.0  01:41    273
---------------------------------------------------------------------------------------
      54.3   84.8     21   20.4     16  330.6    7.8   5.35    3.9   26.0     30    177