NOAA-Style Climate Reports


Report for 2017 April
                   MONTHLY CLIMATOLOGICAL SUMMARY for Apr 2017


NAME: Albertville, AL-KQ5S                  
ELEV: 1024 feet    LAT: 34-14.64 N    LONG: 086-14.10 W


                   TEMPERATURE (F), RAIN (in), WIND SPEED (mph)

                                         HEAT   COOL         AVG
      MEAN                               DEG    DEG          WIND                   DOM
DAY   TEMP   HIGH   TIME    LOW   TIME   DAYS   DAYS   RAIN  SPEED   HIGH   TIME    DIR
---------------------------------------------------------------------------------------
 01   59.3   74.8  16:06   45.5  07:04    5.7    0.0   0.00    2.5   12.0  09:10    339
 02   65.3   79.9  17:14   48.3  06:59    0.0    0.3   0.00    3.4   10.4  09:23    104
 03   63.9   74.2  16:46   57.8  11:32    1.1    0.0   1.64    5.1   25.3  12:28    177
 04   67.3   82.5  17:10   53.7  07:04    0.0    2.3   0.00    1.8   13.0  14:35    242
 05   64.6   74.7  16:59   54.4  22:55    0.4    0.0   0.26    5.0   21.0  20:45    185
 06   50.7   56.9  15:51   46.3  07:30   14.3    0.0   0.00    7.0   20.0  01:25    274
 07   51.5   63.9  16:35   37.0  06:50   13.5    0.0   0.00    3.9   20.7  11:30    295
 08   53.1   71.9  17:03   33.9  05:58   11.9    0.0   0.00    1.4    8.0  13:05    342
 09   60.4   77.6  16:59   40.5  06:40    4.6    0.0   0.00    1.6   14.0  12:05    173
 10   64.6   79.4  16:57   49.0  06:00    0.4    0.0   0.00    1.9   16.0  11:20    173
 11   67.0   80.3  17:05   53.2  06:38    0.0    2.0   0.00    0.8   12.0  12:35    256
 12   68.8   82.3  15:59   58.3  23:57    0.0    3.8   0.00    2.0   10.0  12:55     20
 13   68.7   85.8  16:15   51.4  06:10    0.0    3.7   0.00    0.9    9.0  13:40     21
 14
 15   70.0   80.6  15:21   59.4  03:14    0.0    5.0   0.00    2.8   12.0  10:55    161
 16   68.3   80.5  16:16   56.1  06:01    0.0    3.3   0.00    2.0   13.0  12:10    205
 17   65.9   65.9  00:00   65.9  00:00    0.0    0.9   0.00    3.0    6.0  00:00     44
 18   71.2   82.3  16:07   63.2  05:05    0.0    6.2   0.02    1.8    9.0  13:40    150
 19   71.3   82.5  16:00   62.2  05:14    0.0    6.3   0.00    3.4   12.0  05:50    129
 20   72.9   85.6  15:55   63.3  02:16    0.0    7.9   0.00    2.1   12.0  16:05    186
 21   64.6   64.6  00:00   64.6  00:00    0.4    0.0   0.00    0.0    0.0  00:00    N/A
 22   68.9   80.1  15:20   61.5  06:25    0.0    3.9   0.63    2.1   15.0  16:43    217
 23   58.5   63.8  02:20   51.8  23:29    6.5    0.0   0.43    1.5   12.0  14:40    281
 24   58.3   68.8  15:14   51.8  00:01    6.7    0.0   0.00    1.7   13.0  16:25    334
 25   63.3   78.9  15:55   49.1  05:41    1.7    0.0   0.00    1.3    6.9  13:27    269
 26   67.6   79.0  16:39   53.9  06:13    0.0    2.6   0.00    2.3   15.0  22:00    163
 27   68.5   78.8  16:09   57.5  23:55    0.0    3.5   0.35    2.0   16.0  00:05    228
 28   71.4   83.6  15:13   56.4  01:32    0.0    6.4   0.00    2.1   15.0  14:48    169
 29   77.9   87.1  13:20   69.1  05:38    0.0   12.9   0.00    3.0   20.7  16:06    158
 30   70.8   79.7  14:05   64.7  19:35    0.0    5.8   0.54    3.8   29.9  14:57    150
---------------------------------------------------------------------------------------
      65.4   87.1     29   33.9     08   67.2   76.7   3.87    2.6   29.9     30    202