NOAA-Style Climate Reports


Report for 2017 June
                   MONTHLY CLIMATOLOGICAL SUMMARY for Jun 2017


NAME: Albertville, AL-KQ5S                  
ELEV: 1024 feet    LAT: 34-14.64 N    LONG: 086-14.10 W


                   TEMPERATURE (F), RAIN (in), WIND SPEED (mph)

                                         HEAT   COOL         AVG
      MEAN                               DEG    DEG          WIND                   DOM
DAY   TEMP   HIGH   TIME    LOW   TIME   DAYS   DAYS   RAIN  SPEED   HIGH   TIME    DIR
---------------------------------------------------------------------------------------
 01   74.4   85.4  12:38   62.9  06:06    0.0    9.4   0.00    0.7    7.0  15:20     94
 02   74.9   86.6  14:39   67.4  05:29    0.0    9.9   0.00    0.7    8.1  12:06    103
 03   76.2   88.6  14:34   65.5  05:23    0.0   11.2   0.00    1.0    9.2  14:14    103
 04   74.9   86.4  14:24   69.2  01:50    0.0    9.9   0.35    0.6    6.0  15:53    214
 05   73.3   79.3  11:40   70.0  02:52    0.0    8.3   0.24    0.9   13.0  09:05    247
 06   73.2   80.0  16:15   69.5  04:14    0.0    8.2   0.05    1.1    8.0  15:10     45
 07   71.4   81.1  15:22   61.4  05:54    0.0    6.4   0.00    4.9   17.0  15:00     33
 08   68.6   78.9  15:55   58.0  05:35    0.0    3.6   0.00    1.7   11.5  15:39      3
 09   71.0   84.3  15:21   56.2  05:39    0.0    6.0   0.00    0.7    8.0  11:20    232
 10   74.3   87.2  14:40   60.7  05:27    0.0    9.3   0.00    0.4   10.0  12:10    162
 11   76.8   86.2  12:30   63.6  03:51    0.0   11.8   0.00    1.3   12.0  11:25    140
 12   78.7   89.8  15:00   69.6  00:00    0.0   13.7   0.00    0.7    9.0  18:45    145
 13   77.1   87.6  15:30   66.3  05:19    0.0   12.1   0.00    0.9    7.0  14:35    164
 14   78.5   90.0  13:07   66.9  05:30    0.0   13.5   0.00    0.8   10.0  15:35    236
 15   73.2   89.9  14:17   65.4  23:43    0.0    8.2   0.71    1.2   21.0  14:37    281
 16   74.3   86.8  15:27   64.3  05:56    0.0    9.3   0.00    1.0    6.9  13:45    321
 17   77.3   88.8  15:50   66.0  05:52    0.0   12.3   0.00    0.7    8.0  17:15    219
 18   76.3   89.0  14:59   69.1  05:58    0.0   11.3   0.68    1.5   11.5  17:17    219
 19   74.5   82.0  15:50   69.5  02:04    0.0    9.5   0.04    0.7   10.0  15:20    286
 20   76.3   86.0  13:40   68.2  05:05    0.0   11.3   0.00    1.4    8.0  10:15     70
 21   73.7   80.4  11:21   69.5  03:06    0.0    8.7   0.00    2.2    9.0  17:10    118
 22   72.6   75.4  14:04   69.8  03:30    0.0    7.6   2.73    2.6   10.4  09:03    134
 23   75.5   84.0  12:44   72.2  05:18    0.0   10.5   1.12    3.0   19.0  15:55    218
 24   76.0   86.6  15:25   70.0  00:00    0.0   11.0   0.43    2.3   11.5  08:56    308
 25   68.4   75.8  17:28   60.2  00:00    0.0    3.4   0.02    1.0    6.0  08:35     17
 26   70.3   83.8  14:41   55.4  05:35    0.0    5.3   0.00    1.4    9.0  12:40     15
 27   72.6   84.3  15:10   61.6  05:35    0.0    7.6   0.00    1.9   12.0  09:40     26
 28   74.1   86.3  13:44   58.9  05:55    0.0    9.1   0.00    1.9    9.0  09:00    106
 29   73.2   80.5  13:00   70.0  21:52    0.0    8.2   0.63    1.7    8.0  08:06    137
 30   74.2   81.6  18:16   70.3  02:22    0.0    9.2   2.12    0.9    8.0  13:04    229
---------------------------------------------------------------------------------------
      74.2   90.0     14   55.4     26    0.0  276.0   9.12    1.4   21.0     15     94