NOAA-Style Climate Reports


Report for 2017 July
                   MONTHLY CLIMATOLOGICAL SUMMARY for Jul 2017


NAME: Albertville, AL-KQ5S                  
ELEV: 1024 feet    LAT: 34-14.64 N    LONG: 086-14.10 W


                   TEMPERATURE (F), RAIN (in), WIND SPEED (mph)

                                         HEAT   COOL         AVG
      MEAN                               DEG    DEG          WIND                   DOM
DAY   TEMP   HIGH   TIME    LOW   TIME   DAYS   DAYS   RAIN  SPEED   HIGH   TIME    DIR
---------------------------------------------------------------------------------------
 01   76.4   88.4  15:15   70.9  06:20    0.0   11.4   0.09    2.6   15.0  16:52    249
 02   75.3   86.6  14:40   68.9  05:51    0.0   10.3   0.31    1.0   12.7  16:20    256
 03   75.7   89.0  14:33   69.9  21:46    0.0   10.7   0.25    1.7   13.8  16:25    291
 04   75.4   85.1  12:05   70.1  04:02    0.0   10.4   0.54    1.1   17.0  15:55    248
 05   77.2   87.0  10:49   69.7  05:47    0.0   12.2   0.04    1.4    9.2  12:31    204
 06   77.5   89.1  13:33   69.4  04:31    0.0   12.5   0.00    2.0   17.3  14:09    247
 07   76.6   86.3  12:30   69.7  05:45    0.0   11.6   1.34    0.9   12.0  12:00    253
 08   75.3   82.8  17:35   69.7  23:57    0.0   10.3   0.04    1.7    9.0  13:45    257
 09   77.9   88.3  15:15   66.4  04:40    0.0   12.9   0.00    1.8   12.0  13:35     35
 10   77.5   90.8  14:59   63.4  05:26    0.0   12.5   0.00    1.1    8.0  13:22     19
 11   78.6   90.9  14:59   64.3  05:55    0.0   13.6   0.00    1.1    8.0  16:00    102
 12   80.1   90.6  14:49   69.5  05:25    0.0   15.1   0.00    1.0    7.0  14:08    219
 13   80.4   91.2  14:15   69.6  06:00    0.0   15.4   0.00    0.5    5.0  09:10    233
 14   80.3   91.5  12:10   70.6  05:58    0.0   15.3   0.00    0.8   12.0  13:25    235
 15   70.7   70.7  00:00   70.7  00:00    0.0    5.7   0.00    0.0    0.0  00:00    N/A
 16   78.0   89.5  14:15   68.1  05:30    0.0   13.0   0.01    0.7    7.0  15:15     15
 17   70.0   70.0  00:00   70.0  00:00    0.0    5.0   0.00    0.0    0.0  00:00    N/A
 18   79.0   91.8  15:45   66.7  06:03    0.0   14.0   0.00    0.5    6.0  11:25    350
 19   81.5   93.6  14:56   69.3  05:41    0.0   16.5   0.00    1.4    9.0  12:53    357
 20   82.3   92.5  15:38   69.9  05:54    0.0   17.3   0.00    1.1   12.0  13:00    350
 21   83.7   95.0  15:27   72.8  04:50    0.0   18.7   0.00    0.9    6.0  12:35     14
 22   81.2   93.5  13:45   72.6  05:58    0.0   16.2   0.11    1.1    9.2  14:55    214
 23   80.4   91.4  15:45   71.8  05:26    0.0   15.4   0.00    1.8   14.0  15:45    247
 24   77.6   90.7  13:04   71.9  06:06    0.0   12.6   0.04    1.2   10.0  15:20    291
 25   80.6   93.2  14:05   69.7  05:30    0.0   15.6   0.00    1.0    6.9  10:57     62
 26   81.7   93.1  14:10   69.9  05:58    0.0   16.7   0.00    0.5   10.0  15:30     91
 27   82.1   92.8  14:33   73.7  03:50    0.0   17.1   0.00    1.0   10.0  15:50    255
 28   75.8   80.1  15:45   73.7  03:00    0.0   10.8   0.37    1.2   14.0  14:40    243
 29   77.8   87.2  13:41   69.4  00:00    0.0   12.8   0.00    2.9   11.5  16:47     13
 30   75.3   86.0  14:16   64.8  06:11    0.0   10.3   0.00    2.7   12.0  09:25     60
 31   75.4   88.9  14:55   62.2  06:20    0.0   10.4   0.00    1.9    9.0  11:45     82
---------------------------------------------------------------------------------------
      78.5   95.0     21   62.2     31    0.0  402.4   3.14    1.3   17.3     06    287