NOAA-Style Climate Reports


Report for 2017 September
                   MONTHLY CLIMATOLOGICAL SUMMARY for Sep 2017


NAME: Albertville, AL-KQ5S                  
ELEV: 1024 feet    LAT: 34-14.64 N    LONG: 086-14.10 W


                   TEMPERATURE (F), RAIN (in), WIND SPEED (mph)

                                         HEAT   COOL         AVG
      MEAN                               DEG    DEG          WIND                   DOM
DAY   TEMP   HIGH   TIME    LOW   TIME   DAYS   DAYS   RAIN  SPEED   HIGH   TIME    DIR
---------------------------------------------------------------------------------------
 01   68.7   72.6  14:01   61.8  23:52    0.0    3.7   0.07    5.6   20.7  10:10    231
 02   67.2   80.7  15:45   55.1  06:32    0.0    2.2   0.00    1.2   10.4  10:52    266
 03   70.0   85.1  16:47   57.1  04:56    0.0    5.0   0.00    0.7    7.0  11:31    283
 04   71.6   86.0  15:41   58.1  06:15    0.0    6.6   0.00    1.1    9.2  13:14    248
 05   70.4   84.8  14:03   63.3  00:00    0.0    5.4   0.50    1.8   12.0  11:10    244
 06   65.1   74.5  16:06   53.3  23:57    0.0    0.1   0.00    2.1   12.0  11:34    343
 07   61.4   75.2  16:25   47.6  06:49    3.6    0.0   0.00    1.0    9.0  16:05    349
 08   64.2   78.4  15:55   49.4  06:39    0.8    0.0   0.00    2.3   10.0  12:45     36
 09   67.9   78.5  16:04   55.5  06:35    0.0    2.9   0.00    3.7   15.0  10:55     68
 10   67.5   76.8  16:35   60.3  06:20    0.0    2.5   0.00    5.5   18.4  09:34     85
 11   58.4   63.6  01:33   54.7  13:58    6.6    0.0   2.37    7.8   19.0  17:30     38
 12   59.7   61.2  14:13   57.3  00:05    5.3    0.0   0.53    2.5   16.0  01:05     95
 13   59.8   63.5  18:15   56.8  07:15    5.2    0.0   0.06    1.0    6.9  02:44    160
 14   69.0   82.3  17:06   61.9  00:02    0.0    4.0   0.01    0.6    7.0  11:15    235
 15   72.6   85.0  17:33   61.8  06:36    0.0    7.6   0.00    1.0    7.0  10:50     73
 16   72.3   82.8  15:47   62.9  06:36    0.0    7.3   0.01    0.9    5.8  15:16     56
 17   74.1   83.4  12:05   66.0  06:55    0.0    9.1   0.00    0.8    8.0  13:55     29
 18   74.7   88.4  17:07   64.8  05:19    0.0    9.7   0.00    0.6    4.0  09:30     45
 19   71.1   86.2  11:18   63.4  06:27    0.0    6.1   0.05    0.4   22.0  14:17    203
 20   73.4   88.5  16:37   61.3  06:53    0.0    8.4   0.01    0.3    7.0  12:17     46
 21   74.7   88.4  16:29   64.6  06:51    0.0    9.7   0.00    0.4    9.0  15:02     20
 22   76.3   89.3  15:58   66.2  06:55    0.0   11.3   0.00    0.5    6.0  15:13     80
 23   74.8   88.4  15:49   65.1  23:45    0.0    9.8   0.48    0.7   21.0  18:54     77
 24   73.2   84.7  16:07   63.0  06:50    0.0    8.2   0.00    0.8    8.0  09:41    102
 25   73.4   85.2  12:32   63.2  05:41    0.0    8.4   0.00    0.8    9.0  13:52     89
 26   73.2   87.0  16:28   61.6  06:53    0.0    8.2   0.00    0.3    8.0  13:34     19
 27   73.8   87.9  16:06   62.1  05:18    0.0    8.8   0.00    0.5    7.0  11:53      2
 28   73.1   85.5  15:30   61.8  07:02    0.0    8.1   0.00    0.7    8.0  08:52      8
 29   70.7   83.8  16:45   59.4  06:41    0.0    5.7   0.00    1.4   11.0  15:10     28
 30   69.4   80.3  15:51   60.8  03:57    0.0    4.4   0.00    3.1   14.0  13:09     60
---------------------------------------------------------------------------------------
      69.7   89.3     22   47.6     07   21.5  163.3   4.09    1.7   22.0     19     55