NOAA-Style Climate Reports


Report for 2017 October
                   MONTHLY CLIMATOLOGICAL SUMMARY for Oct 2017


NAME: Albertville, AL-KQ5S                  
ELEV: 1024 feet    LAT: 34-14.64 N    LONG: 086-14.10 W


                   TEMPERATURE (F), RAIN (in), WIND SPEED (mph)

                                         HEAT   COOL         AVG
      MEAN                               DEG    DEG          WIND                   DOM
DAY   TEMP   HIGH   TIME    LOW   TIME   DAYS   DAYS   RAIN  SPEED   HIGH   TIME    DIR
---------------------------------------------------------------------------------------
 01   65.5   71.8  16:20   60.0  02:13    0.0    0.5   0.00    3.5   19.0  11:29    110
 02   64.6   68.5  12:37   61.8  03:47    0.4    0.0   0.06    3.0   14.0  10:23    116
 03   69.2   78.2  15:55   62.2  06:55    0.0    4.2   0.00    2.5   15.0  12:06    108
 04   67.8   79.4  15:57   58.9  23:56    0.0    2.8   0.00    1.9   14.0  11:40    103
 05   66.5   81.1  16:22   53.3  07:08    0.0    1.5   0.00    1.0   11.0  10:18     96
 06   68.3   81.4  15:42   55.3  06:38    0.0    3.3   0.00    1.0   11.0  14:11    109
 07   73.6   81.3  14:32   64.7  02:12    0.0    8.6   0.23    1.5   12.0  11:12    129
 08   72.7   74.1  17:37   70.1  12:26    0.0    7.7   2.29    3.0   32.0  12:11    132
 09   77.3   85.1  12:37   73.4  07:08    0.0   12.3   0.03    0.3    7.0  12:12     94
 10   71.8   71.8  00:00   71.8  00:00    0.0    6.8   0.00    0.0    0.0  00:00    N/A
 11   73.8   85.0  15:46   63.2  23:59    0.0    8.8   0.00    0.3    8.0  15:36    245
 12   66.5   78.9  16:09   57.7  23:55    0.0    1.5   0.00    0.5    6.0  08:38      4
 13   69.0   85.0  16:37   55.5  02:50    0.0    4.0   0.00    0.6    9.0  08:55     85
 14   71.0   74.6  13:28   65.9  23:56    0.0    6.0   0.02    1.3    8.0  10:45    112
 15
 16
 17
 18
 19   57.2   75.8  16:28   44.7  03:30    7.8    0.0   0.00    0.4    6.0  09:33    100
 20   57.2   75.2  15:52   41.9  06:55    7.8    0.0   0.00    0.5    8.0  15:27     92
 21   64.9   75.6  15:31   52.6  02:57    0.1    0.0   0.00    1.4   12.0  13:10    126
 22   66.1   76.0  13:21   57.9  01:41    0.0    1.1   0.21    3.0   16.0  10:51    131
 23   60.2   67.8  03:48   48.6  23:55    4.8    0.0   1.12    3.9   21.0  01:39    219
 24   52.8   61.9  15:37   45.5  07:14   12.2    0.0   0.00    2.7   12.7  14:30    263
 25   45.8   58.4  15:43   36.5  06:41   19.2    0.0   0.00    2.0   10.4  13:10    259
 26   50.9   71.7  16:27   37.1  06:52   14.1    0.0   0.00    1.4    8.1  12:47    242
 27   58.0   69.0  13:14   44.2  06:42    7.0    0.0   0.00    2.6   15.0  15:48    178
 28   45.7   62.7  01:13   41.3  23:54   19.3    0.0   1.40    3.5   13.8  01:23    325
 29   39.8   48.8  16:38   36.2  23:59   25.2    0.0   0.00    4.0   13.8  01:21    328
 30   47.4   68.6  16:29   30.8  04:49   17.6    0.0   0.00    1.8   12.7  13:53    238
 31   52.0   67.8  16:20   41.1  06:11   13.0    0.0   0.00    1.6    9.2  09:14     71
---------------------------------------------------------------------------------------
      61.7   85.1     09   30.8     30  148.5   69.1   5.36    1.9   32.0     08    135