NOAA-Style Climate Reports


Report for 2017 November
                   MONTHLY CLIMATOLOGICAL SUMMARY for Nov 2017


NAME: Albertville, AL-KQ5S                  
ELEV: 1024 feet    LAT: 34-14.64 N    LONG: 086-14.10 W


                   TEMPERATURE (F), RAIN (in), WIND SPEED (mph)

                                         HEAT   COOL         AVG
      MEAN                               DEG    DEG          WIND                   DOM
DAY   TEMP   HIGH   TIME    LOW   TIME   DAYS   DAYS   RAIN  SPEED   HIGH   TIME    DIR
---------------------------------------------------------------------------------------
 01   57.4   66.3  11:46   47.7  00:52    7.6    0.0   0.00    2.2    9.2  12:06    139
 02   64.3   71.0  14:06   58.5  04:00    0.7    0.0   0.01    2.9    9.2  11:45    149
 03   65.1   70.1  16:52   61.2  07:44    0.0    0.1   0.04    0.9    8.1  09:05    237
 04   67.1   78.6  16:24   60.0  02:09    0.0    2.1   0.01    1.3   10.4  14:34    239
 05   66.6   76.9  13:40   61.2  02:52    0.0    1.6   0.00    0.9   11.0  12:29    191
 06   66.2   69.8  15:03   62.3  00:04    0.0    1.2   0.09    1.4   12.0  07:00    239
 07   65.6   70.6  13:23   57.0  23:50    0.0    0.6   0.05    2.6   11.0  12:26    278
 08   51.7   57.1  00:06   49.3  19:16   13.3    0.0   0.17    1.9    7.0  15:48    358
 09   50.8   60.5  15:40   42.8  23:58   14.2    0.0   0.06    1.9    6.9  08:10      9
 10   47.0   60.9  15:31   36.0  06:35   18.0    0.0   0.00    2.9   11.5  09:57     31
 11   50.1   60.3  15:24   37.9  02:15   14.9    0.0   0.00    6.2   15.0  22:06    128
 12   52.6   61.5  14:13   46.9  06:13   12.4    0.0   0.00    3.1   14.0  00:59    129
 13   49.6   61.0  15:27   40.6  23:57   15.4    0.0   0.00    3.1   11.5  12:33     33
 14   47.3   62.0  15:39   37.4  06:40   17.7    0.0   0.00    2.4    9.0  10:24     86
 15   51.7   60.0  14:13   42.4  06:04   13.3    0.0   0.00    2.8   12.0  09:01    143
 16   53.3   63.3  15:35   38.4  23:59   11.7    0.0   0.00    1.6    8.1  12:46    352
 17   49.9   64.9  15:02   34.6  06:23   15.1    0.0   0.00    2.2    9.0  14:36    133
 18   59.1   70.1  18:52   47.0  23:57    5.9    0.0   0.43    6.2   19.6  19:02    229
 19   43.4   50.1  15:24   32.9  00:00   21.6    0.0   0.00    4.2   15.0  00:44    318
 20   39.9   56.3  14:32   27.4  03:38   25.1    0.0   0.00    2.0    9.2  07:47    106
 21   48.4   62.0  15:04   37.9  04:11   16.6    0.0   0.00    2.5    8.1  08:13    142
 22   43.9   55.1  15:27   34.9  23:48   21.1    0.0   0.00    3.7   14.0  09:55     15
 23   41.2   58.2  15:30   29.0  03:51   23.8    0.0   0.00    1.8   10.0  10:37     44
 24   46.6   62.9  15:15   32.5  06:14   18.4    0.0   0.00    1.3    6.9  09:38    209
 25   47.3   58.4  13:46   39.1  03:25   17.7    0.0   0.00    1.0    6.0  10:01    252
 26   46.3   60.5  15:27   34.6  23:57   18.7    0.0   0.00    2.6   12.0  12:10     20
 27   44.8   62.9  15:38   29.6  06:49   20.2    0.0   0.00    1.7    9.0  08:50     65
 28   49.5   64.2  15:26   36.7  01:36   15.5    0.0   0.00    3.1   15.0  10:31    138
 29   54.6   69.5  15:34   39.8  03:29   10.4    0.0   0.00    1.1    5.8  09:58    171
 30   58.6   63.3  13:49   52.0  01:20    6.4    0.0   0.02    1.4    8.1  09:11    197
---------------------------------------------------------------------------------------
      53.0   78.6     04   27.4     20  375.7    5.6   0.88    2.4   19.6     18    111