NOAA-Style Climate Reports


Report for 2017 December
                   MONTHLY CLIMATOLOGICAL SUMMARY for Dec 2017


NAME: Albertville, AL-KQ5S                  
ELEV: 1024 feet    LAT: 34-14.64 N    LONG: 086-14.10 W


                   TEMPERATURE (F), RAIN (in), WIND SPEED (mph)

                                         HEAT   COOL         AVG
      MEAN                               DEG    DEG          WIND                   DOM
DAY   TEMP   HIGH   TIME    LOW   TIME   DAYS   DAYS   RAIN  SPEED   HIGH   TIME    DIR
---------------------------------------------------------------------------------------
 01   55.0   64.2  15:41   44.6  22:22   10.0    0.0   0.00    1.7    7.0  08:18     20
 02   52.5   64.3  15:36   43.0  23:58   12.5    0.0   0.00    0.7    5.0  11:11    325
 03   47.8   64.1  12:58   39.5  05:17   17.2    0.0   0.00    1.7    6.9  10:30     42
 04   54.8   62.6  14:36   48.1  02:25   10.2    0.0   0.00    6.3   17.3  09:41    151
 05   54.9   61.7  10:39   41.5  23:56   10.1    0.0   0.76    4.3   15.0  03:00    158
 06   40.1   43.9  14:49   37.2  07:01   24.9    0.0   0.00    2.8   12.0  00:32     21
 07   41.3   47.7  12:33   37.3  07:01   23.7    0.0   0.00    1.3    8.0  11:52    338
 08   32.6   38.7  00:03   30.5  09:25   32.4    0.0   0.04    2.7    7.0  12:16     16
 09   34.4   43.6  14:51   25.4  07:26   30.6    0.0   0.10    4.8   16.1  21:25    290
 10   32.9   46.3  15:32   21.1  06:53   32.1    0.0   0.00    2.3   12.0  13:54    248
 11   41.0   57.7  15:17   28.1  05:55   24.0    0.0   0.00    2.2   11.0  13:28    235
 12   42.2   47.6  14:02   31.9  23:44   22.8    0.0   0.00    5.6   17.0  15:35    306
 13   36.7   50.2  15:31   22.2  07:10   28.3    0.0   0.00    3.5   14.0  15:00    230
 14   42.4   55.7  14:23   29.2  07:18   22.6    0.0   0.00    2.3   10.4  12:45    292
 15   31.4   37.3  00:03   23.5  23:56   33.6    0.0   0.00    2.9   12.0  09:49    319
 16   35.1   51.5  15:28   21.6  05:04   29.9    0.0   0.00    1.0    6.9  12:47    201
 17   41.4   44.1  23:24   35.5  00:28   23.6    0.0   0.26    3.2   10.4  13:04    100
 18   49.6   60.6  14:58   44.2  00:04   15.4    0.0   0.01    1.4    6.0  11:47    236
 19   55.2   59.5  23:58   50.9  04:05    9.8    0.0   0.43    1.1    4.6  01:09    233
 20   59.6   64.8  15:13   56.3  23:48    5.4    0.0   1.69    4.1   14.0  09:18    131
 21   55.4   59.1  15:34   52.0  07:02    9.6    0.0   0.00    3.8   11.5  20:28    161
 22   58.0   63.4  23:54   55.1  01:39    7.0    0.0   0.01    5.5   11.5  10:14    165
 23   55.1   67.9  08:21   43.2  23:55    9.9    0.0   0.56    6.1   19.6  08:44    262
 24   41.4   44.0  13:10   33.3  23:59   23.6    0.0   0.00    4.6   13.8  23:54    288
 25   30.7   34.0  14:08   26.6  06:42   34.3    0.0   0.00    5.7   13.8  03:08      5
 26   36.6   47.2  15:12   26.8  06:00   28.4    0.0   0.00    3.0   13.8  11:36    112
 27   34.2   39.7  14:57   27.3  23:57   30.8    0.0   0.02    6.0   13.0  11:05     23
 28   35.3   47.9  15:48   23.8  06:46   29.7    0.0   0.00    3.5   11.5  00:02     74
 29   35.8   50.3  15:57   26.5  06:45   29.2    0.0   0.00    2.0   11.5  08:38     50
 30   35.1   45.4  14:51   26.3  04:03   29.9    0.0   0.00    2.1   13.0  11:34    351
 31   26.7   33.0  00:03   18.1  23:55   38.3    0.0   0.00    5.5   12.7  23:30    357
---------------------------------------------------------------------------------------
      42.6   67.9     23   18.1     31  689.7    0.0   3.88    3.4   19.6     23    349