NOAA-Style Climate Reports


Report for 2018 January
                   MONTHLY CLIMATOLOGICAL SUMMARY for Jan 2018


NAME: Albertville, AL-KQ5S                  
ELEV: 1024 feet    LAT: 34-14.64 N    LONG: 086-14.10 W


                   TEMPERATURE (F), RAIN (in), WIND SPEED (mph)

                                         HEAT   COOL         AVG
      MEAN                               DEG    DEG          WIND                   DOM
DAY   TEMP   HIGH   TIME    LOW   TIME   DAYS   DAYS   RAIN  SPEED   HIGH   TIME    DIR
---------------------------------------------------------------------------------------
 01   18.4   25.7  15:08   12.9  06:56   46.6    0.0   0.00    8.2   17.3  09:10     17
 02   20.0   31.5  15:55   11.4  05:35   45.0    0.0   0.00    3.9   16.1  00:02     31
 03   27.3   37.0  15:37   21.0  00:03   37.7    0.0   0.00    2.8   10.4  14:22    300
 04   22.4   27.7  15:03   18.1  23:22   42.6    0.0   0.00    5.9   18.4  10:51    319
 05   23.4   35.6  15:47   13.2  06:38   41.6    0.0   0.00    2.0   11.5  12:52    324
 06   25.8   37.7  15:49   16.3  07:28   39.2    0.0   0.00    2.0    9.2  09:32     20
 07   32.7   41.7  14:30   23.4  03:53   32.3    0.0   0.00    7.6   18.4  19:56    132
 08
 09   42.9   51.9  13:11   38.3  06:05   22.1    0.0   0.01    3.6   10.4  09:29     88
 10   59.6   61.7  18:19   53.5  07:12    5.4    0.0   0.01    9.2   17.0  21:58    141
 11   58.8   65.5  15:49   54.3  06:27    6.2    0.0   0.12    6.4   11.5  01:13    130
 12   42.6   60.0  04:15   24.7  21:06   22.4    0.0   0.32    6.0   18.4  17:50    270
 13
 14
 15   36.3   50.2  15:57   24.9  00:04   28.7    0.0   0.00    2.4    9.2  08:11    200
 16   24.8   31.7  10:02   14.8  23:55   40.2    0.0   0.00    3.3   12.7  11:21    329
 17   15.8   24.1  15:30    6.3  06:34   49.2    0.0   0.00    4.2   13.8  07:07    343
 18   23.3   37.7  15:52   12.8  02:16   41.7    0.0   0.00    1.7    9.0  09:49      2
 19   31.4   50.5  15:50   15.5  05:40   33.6    0.0   0.00    1.0    8.1  11:05    253
 20
 21   50.9   67.0  15:46   35.8  05:56   14.1    0.0   0.00    1.7    8.1  12:18    169
 22   55.6   59.4  16:34   50.4  23:56    9.4    0.0   0.08    5.5   13.8  22:55    175
 23   43.7   51.7  14:12   33.9  23:40   21.3    0.0   0.00    5.0   12.0  12:09    276
 24   36.5   49.9  15:24   25.8  07:21   28.5    0.0   0.00    2.5   15.0  14:25    302
 25   38.9   56.9  15:57   24.5  06:58   26.1    0.0   0.00    1.4    8.1  14:21     68
 26   46.7   56.4  13:16   38.2  00:40   18.3    0.0   0.00    5.3   18.4  11:28    145
 27   51.9   54.9  15:52   46.9  03:15   13.1    0.0   0.03    3.3   13.0  09:40    138
 28   53.0   55.6  13:19   48.4  23:56   12.0    0.0   0.17    1.3    8.0  10:44     41
 29   45.3   56.4  13:56   33.2  23:57   19.7    0.0   0.00    3.0   22.0  18:56    350
 30   33.5   42.7  15:38   25.9  23:56   31.5    0.0   0.00    1.7   13.0  02:10    353
 31   40.9   55.3  15:31   24.7  03:16   24.1    0.0   0.00    2.1   15.0  12:46    174
---------------------------------------------------------------------------------------
      36.2   67.0     21    6.3     17  752.4    0.0   0.74    3.6   22.0     29     51