NOAA-Style Climate Reports


Report for 2018 February
                   MONTHLY CLIMATOLOGICAL SUMMARY for Feb 2018


NAME: Albertville, AL-KQ5S                  
ELEV: 1024 feet    LAT: 34-14.64 N    LONG: 086-14.10 W


                   TEMPERATURE (F), RAIN (in), WIND SPEED (mph)

                                         HEAT   COOL         AVG
      MEAN                               DEG    DEG          WIND                   DOM
DAY   TEMP   HIGH   TIME    LOW   TIME   DAYS   DAYS   RAIN  SPEED   HIGH   TIME    DIR
---------------------------------------------------------------------------------------
 01   52.2   64.5  14:36   38.6  23:51   12.8    0.0   0.19    2.5   18.0  18:56    245
 02   30.2   38.6  00:01   24.0  07:11   34.8    0.0   0.00    2.2   12.0  01:26    333
 03   39.5   50.4  15:53   27.9  01:52   25.5    0.0   0.00    3.4   16.0  21:23    142
 04   42.0   48.0  15:13   33.8  23:33   23.0    0.0   1.28    2.0   15.0  00:03    159
 05   37.4   47.9  16:13   29.9  07:18   27.6    0.0   0.01    1.6   10.0  01:58     43
 06   49.2   56.7  15:15   40.8  00:03   15.8    0.0   0.17    1.4   10.0  22:15    125
 07   46.1   56.8  04:20   33.7  23:11   18.9    0.0   1.17    2.2   15.0  10:45    320
 08   38.4   54.5  16:12   29.3  05:21   26.6    0.0   0.00    1.1    9.0  00:51     29
 09   49.6   64.5  15:34   30.7  04:14   15.4    0.0   0.09    2.5   13.0  09:59    156
 10   57.1   62.6  23:56   52.6  06:14    7.9    0.0   1.27    3.1   14.0  10:46    161
 11   60.7   66.1  15:22   47.8  23:57    4.3    0.0   0.45    1.2   11.0  02:47    253
 12   41.4   47.7  00:02   36.6  06:27   23.6    0.0   0.02    2.3   12.0  08:17     13
 13   49.1   53.7  16:10   41.8  00:03   15.9    0.0   0.00    1.3    9.0  14:14    132
 14   54.4   60.5  23:52   48.5  05:11   10.6    0.0   0.17    1.7    9.0  07:36    161
 15   64.6   71.0  16:09   60.0  02:13    0.4    0.0   0.00    2.0   13.0  13:29    225
 16   57.8   66.3  00:59   46.8  23:58    7.2    0.0   0.01    2.9   19.0  09:20    262
 17   52.7   69.1  12:59   44.9  02:08   12.3    0.0   0.23    2.7   22.0  14:39    241
 18   52.9   62.6  13:58   41.4  06:52   12.1    0.0   0.09    2.5   13.0  03:47    113
 19   64.9   74.6  15:20   55.9  00:49    0.1    0.0   0.00    3.5   13.0  10:25    164
 20   67.3   75.2  15:06   58.5  05:30    0.0    2.3   0.00    4.8   19.0  09:56    151
 21   71.5   80.4  15:32   66.7  06:46    0.0    6.5   0.00    3.1   14.0  15:47    173
 22   69.9   78.1  15:54   62.7  05:59    0.0    4.9   0.00    1.9   10.0  11:09    187
 23   68.6   77.7  16:01   59.8  06:46    0.0    3.6   0.01    1.5   12.0  10:26    185
 24   66.8   71.1  13:04   62.4  00:02    0.0    1.8   0.12    1.6   14.0  10:38    196
 25   55.4   67.7  03:02   52.0  22:30    9.6    0.0   0.70    1.7   16.0  02:47    210
 26   55.5   65.2  15:49   45.3  00:00    9.5    0.0   0.23    1.4   11.0  04:25    298
 27   54.0   67.2  15:45   37.3  05:00   11.0    0.0   0.00    3.1   18.0  08:15    139
 28   58.1   65.2  14:43   51.5  04:47    6.9    0.0   1.07    2.3   16.0  07:27    155
---------------------------------------------------------------------------------------
      53.8   80.4     21   24.0     02  331.8   19.2   7.28    2.3   22.0     17    166