NOAA-Style Climate Reports


Report for 2018 March
                   MONTHLY CLIMATOLOGICAL SUMMARY for Mar 2018


NAME: Albertville, AL-KQ5S                  
ELEV: 1024 feet    LAT: 34-14.64 N    LONG: 086-14.10 W


                   TEMPERATURE (F), RAIN (in), WIND SPEED (mph)

                                         HEAT   COOL         AVG
      MEAN                               DEG    DEG          WIND                   DOM
DAY   TEMP   HIGH   TIME    LOW   TIME   DAYS   DAYS   RAIN  SPEED   HIGH   TIME    DIR
---------------------------------------------------------------------------------------
 01   57.9   65.1  06:57   47.7  23:59    7.1    0.0   0.79    2.0   14.0  21:34    282
 02   48.0   59.5  15:31   36.8  23:56   17.0    0.0   0.00    2.4   16.0  09:38     12
 03   47.8   63.2  15:44   35.6  00:41   17.2    0.0   0.00    2.5   14.0  08:38     38
 04   52.1   68.1  16:19   36.9  06:39   12.9    0.0   0.00    1.2   10.0  08:14     51
 05   52.7   55.7  12:40   48.1  00:04   12.3    0.0   0.03    2.2   10.0  14:25    144
 06   55.7   64.5  15:58   48.6  08:21    9.3    0.0   0.26    2.4   15.0  14:02    301
 07   40.8   49.2  00:03   34.8  06:14   24.2    0.0   0.00    3.8   17.0  02:43    301
 08   37.0   47.8  15:05   27.9  05:55   28.0    0.0   0.00    2.3   19.0  15:05    299
 09   43.4   62.0  15:26   24.7  06:17   21.6    0.0   0.00    1.0   12.0  12:41    235
 10   52.4   61.6  10:52   41.3  00:05   12.6    0.0   0.88    1.2   12.0  10:00    196
 11   54.3   58.2  13:21   47.3  23:56   10.7    0.0   0.77    2.2   14.0  21:40    150
 12   41.7   51.2  15:59   35.1  06:19   23.3    0.0   0.00    4.0   20.0  00:21    320
 13   42.2   55.2  16:19   29.5  05:58   22.8    0.0   0.00    2.8   17.0  21:50    310
 14   39.4   50.2  16:31   29.9  00:00   25.6    0.0   0.00    2.1   16.0  08:27    316
 15   46.3   67.1  16:19   26.4  05:05   18.7    0.0   0.00    1.8   12.0  10:10    255
 16   52.8   66.7  16:08   38.5  05:18   12.2    0.0   0.00    0.7   10.0  11:08    251
 17   64.5   73.9  16:37   55.7  00:02    0.5    0.0   0.07    2.1   17.0  13:52    246
 18   60.8   69.6  14:25   52.1  07:25    4.2    0.0   0.19    0.6    8.0  12:50     12
 19   59.7   68.8  16:17   54.8  02:04    5.3    0.0   0.97    2.3   24.0  19:34    134
 20   49.9   56.6  00:04   37.7  00:00   15.1    0.0   0.04    2.6   18.0  19:07    293
 21   41.7   51.6  15:36   34.1  07:30   23.3    0.0   0.00    3.6   20.0  16:16    301
 22   43.7   58.4  16:57   29.1  07:02   21.3    0.0   0.00    1.5   12.0  09:07    319
 23   48.5   60.0  14:41   35.1  02:51   16.5    0.0   0.00    0.8    7.0  13:01    150
 24   61.1   69.3  14:05   49.0  03:44    3.9    0.0   0.00    3.3   14.0  13:45    216
 25   69.3   69.3  00:10   69.3  00:10    0.0    4.3   0.00    5.0    5.0  00:10    234
 26   53.6   69.3  00:10   46.0  23:57   11.4    0.0   0.00    7.1   23.0  09:44    141
 27   53.9   63.8  15:34   44.3  02:42   11.1    0.0   0.00    6.5   21.0  07:51    134
 28   65.3   75.8  13:54   53.7  05:45    0.0    0.3   0.00    4.1   16.1  11:48    173
 29   56.7   56.7  00:00   56.7  00:00    8.3    0.0   0.00    4.0    4.0  00:00    212
 30   53.1   61.1  16:53   41.6  23:57   11.9    0.0   0.00    5.0   15.0  13:17    289
 31   53.0   70.2  16:33   35.7  06:58   12.0    0.0   0.00    2.7   13.0  09:30    148
---------------------------------------------------------------------------------------
      51.4   75.8     28   24.7     09  420.2    4.6   4.00    2.7   24.0     19    249