NOAA-Style Climate Reports


Report for 2018 April
                   MONTHLY CLIMATOLOGICAL SUMMARY for Apr 2018


NAME: Albertville, AL-KQ5S                  
ELEV: 1024 feet    LAT: 34-14.64 N    LONG: 086-14.10 W


                   TEMPERATURE (F), RAIN (in), WIND SPEED (mph)

                                         HEAT   COOL         AVG
      MEAN                               DEG    DEG          WIND                   DOM
DAY   TEMP   HIGH   TIME    LOW   TIME   DAYS   DAYS   RAIN  SPEED   HIGH   TIME    DIR
---------------------------------------------------------------------------------------
 01   60.9   78.1  16:15   42.9  05:55    4.1    0.0   0.00    2.3   12.0  11:58    229
 02   64.2   80.2  17:05   50.0  06:45    0.8    0.0   0.00    1.8    9.2  09:27    249
 03   68.4   81.8  16:30   56.2  03:44    0.0    3.4   0.14    4.1   14.0  13:59    200
 04   51.5   61.0  00:04   43.1  23:20   13.5    0.0   0.10    6.1   17.3  04:06    308
 05   49.0   64.5  16:38   34.3  07:08   16.0    0.0   0.00    2.1    8.1  07:48     40
 06   52.7   66.5  13:22   44.9  03:08   12.3    0.0   0.26    2.5    9.2  14:37     59
 07   43.8   52.4  02:29   35.8  20:48   21.2    0.0   0.09    4.9   12.7  10:58    345
 08   44.9   56.7  16:28   30.5  07:04   20.1    0.0   0.00    4.6   12.0  01:41     46
 09   58.4   68.5  16:10   49.1  06:48    6.6    0.0   0.00    3.1   10.4  14:44    343
 10   56.4   67.7  16:21   46.2  07:00    8.6    0.0   0.00    4.9   13.0  09:48     12
 11   54.2   68.8  16:54   37.4  06:38   10.8    0.0   0.00    1.6    8.1  08:33    347
 12   61.4   78.5  16:21   44.9  05:45    3.6    0.0   0.00    2.7   12.0  12:08    164
 13   66.7   80.3  16:23   53.3  06:23    0.0    1.7   0.00    3.8   18.4  14:02    160
 14   64.7   75.7  13:51   59.3  18:32    0.3    0.0   1.80    5.3   19.6  08:09    148
 15   49.1   61.5  04:31   38.2  23:59   15.9    0.0   0.79    6.0   13.0  01:40    254
 16   42.2   55.1  16:50   34.2  06:16   22.8    0.0   0.00    5.4   19.0  14:14    267
 17   55.0   77.3  16:10   32.2  05:47   10.0    0.0   0.00    3.2   15.0  15:05    242
 18   66.3   79.3  16:34   54.0  06:05    0.0    1.3   0.00    6.9   17.0  12:22    227
 19   54.1   64.4  00:01   44.0  23:14   10.9    0.0   0.00    5.5   13.0  14:11    307
 20   54.0   71.4  17:05   38.6  05:46   11.0    0.0   0.00    5.5   16.0  00:39     50
 21   61.0   73.6  15:46   43.0  03:29    4.0    0.0   0.00    5.1   17.3  09:46    123
 22   59.1   63.7  00:04   57.0  07:06    5.9    0.0   1.69   10.5   29.9  21:56    118
 23   62.1   71.6  13:22   58.4  23:51    2.9    0.0   0.14    3.4   20.0  00:07    133
 24   60.3   68.3  17:14   55.3  04:26    4.7    0.0   0.00    2.6    8.1  11:36    291
 25   60.4   70.5  15:52   54.9  00:00    4.6    0.0   0.00    3.1   11.0  09:14    319
 26   55.4   60.4  17:46   52.6  09:33    9.6    0.0   0.58    3.6   13.0  10:18     86
 27   59.5   72.5  15:24   50.1  06:01    5.5    0.0   0.00    2.7   14.0  11:52    291
 28   62.5   78.7  15:48   45.1  06:19    2.5    0.0   0.00    3.3   14.0  17:19    277
 29   57.1   70.4  15:49   42.8  06:30    7.9    0.0   0.00    4.6   14.0  08:26      9
 30   48.3   67.3  19:45   38.3  05:51   16.7    0.0   0.00    1.0   13.0  19:45     69
---------------------------------------------------------------------------------------
      57.0   81.8     03   30.5     08  252.6    6.4   5.59    4.1   29.9     22    266