NOAA-Style Climate Reports


Report for 2018 May
                   MONTHLY CLIMATOLOGICAL SUMMARY for May 2018


NAME: Albertville, AL-KQ5S                  
ELEV: 1024 feet    LAT: 34-14.64 N    LONG: 086-14.10 W


                   TEMPERATURE (F), RAIN (in), WIND SPEED (mph)

                                         HEAT   COOL         AVG
      MEAN                               DEG    DEG          WIND                   DOM
DAY   TEMP   HIGH   TIME    LOW   TIME   DAYS   DAYS   RAIN  SPEED   HIGH   TIME    DIR
---------------------------------------------------------------------------------------
 01   67.2   82.4  14:56   50.3  02:36    0.0    2.2   0.00    3.1   13.0  13:36    144
 02   70.6   84.3  15:47   55.8  05:40    0.0    5.6   0.00    2.4   13.0  16:07    159
 03   70.2   84.1  15:09   57.3  06:25    0.0    5.2   0.00    2.5   10.0  14:23    158
 04   71.1   82.7  14:40   60.9  06:16    0.0    6.1   0.00    2.4   11.5  10:53    211
 05   65.7   76.7  14:08   60.6  05:37    0.0    0.7   0.12    1.7   12.0  14:28    151
 06   66.7   78.7  15:33   55.5  06:24    0.0    1.7   0.01    3.4   11.5  15:48    309
 07   69.1   83.9  15:21   53.1  04:53    0.0    4.1   0.00    2.3   10.0  10:39    342
 08   68.6   83.3  14:57   54.2  05:46    0.0    3.6   0.00    1.8   11.5  08:23     84
 09
 10
 11   74.4   88.9  15:02   60.5  05:34    0.0    9.4   0.00    1.7    9.2  12:27    208
 12   73.9   88.8  15:44   59.0  06:10    0.0    8.9   0.00    1.5    8.1  15:49    259
 13
 14   77.4   91.5  15:51   61.9  05:49    0.0   12.4   0.00    2.1   11.5  11:18      9
 15   75.3   88.1  12:42   66.8  05:44    0.0   10.3   0.00    3.0   17.3  17:46    100
 16
 17   69.0   77.6  12:34   64.9  03:51    0.0    4.0   0.60    1.6    6.0  13:04     83
 18
 19   75.4   88.3  15:19   64.1  06:12    0.0   10.4   0.00    1.7    8.1  13:43    214
 20   76.5   91.1  14:24   65.8  05:20    0.0   11.5   0.00    3.0   13.0  14:54     97
 21   73.8   79.6  11:19   68.8  02:30    0.0    8.8   0.00    4.4   11.5  12:24    129
 22   73.2   82.5  12:58   68.3  23:58    0.0    8.2   0.00    3.4   13.0  13:08    107
 23   76.3   88.4  15:21   67.8  01:14    0.0   11.3   0.00    2.4    9.2  14:21     18
 24   78.4   91.4  15:36   66.1  06:04    0.0   13.4   0.00    1.8    8.1  08:10     34
 25   75.5   87.1  14:25   68.0  04:21    0.0   10.5   0.00    3.1   11.5  15:56    126
 26   74.8   83.7  13:44   67.0  05:05    0.0    9.8   0.00    1.5    9.2  12:54    147
 27   75.3   86.0  14:25   68.1  05:56    0.0   10.3   0.12    2.7   10.4  15:41     93
 28   71.3   76.1  15:34   68.3  05:27    0.0    6.3   0.21    5.9   14.0  14:09     46
 29   72.9   78.6  14:02   69.2  00:18    0.0    7.9   0.30    9.2   21.9  14:28    106
 30   74.0   82.8  15:53   66.5  23:53    0.0    9.0   0.19    4.2   14.0  19:49    148
 31   76.8   88.0  15:44   66.3  00:13    0.0   11.8   0.00    2.1   11.5  10:33    185
---------------------------------------------------------------------------------------
      72.8   91.5     14   50.3     01    0.0  203.4   1.55    2.9   21.9     29    114