NOAA-Style Climate Reports


Report for 2018 August
                   MONTHLY CLIMATOLOGICAL SUMMARY for Aug 2018


NAME: Albertville, AL-KQ5S                  
ELEV: 1024 feet    LAT: 34-14.64 N    LONG: 086-14.10 W


                   TEMPERATURE (F), RAIN (in), WIND SPEED (mph)

                                         HEAT   COOL         AVG
      MEAN                               DEG    DEG          WIND                   DOM
DAY   TEMP   HIGH   TIME    LOW   TIME   DAYS   DAYS   RAIN  SPEED   HIGH   TIME    DIR
---------------------------------------------------------------------------------------
 01
 02   74.1   81.3  14:32   69.2  23:59    0.0    9.1   0.00    2.2    8.1  18:02     52
 03   76.8   89.3  15:38   66.4  04:13    0.0   11.8   0.00    1.6    9.2  13:43      8
 04   79.0   89.8  14:33   67.8  04:38    0.0   14.0   0.00    2.4    9.2  11:53    134
 05   81.0   93.9  15:43   70.1  06:29    0.0   16.0   0.00    1.5    9.2  16:19    198
 06   81.3   95.6  16:04   70.2  05:59    0.0   16.3   0.00    1.7    9.2  16:07    279
 07   79.7   93.2  15:08   67.9  06:17    0.0   14.7   0.00    1.4   14.0  17:28    256
 08   76.8   89.9  12:22   70.1  06:24    0.0   11.8   0.35    2.4   11.0  15:23    233
 09   73.7   88.8  12:13   68.0  06:24    0.0    8.7   0.78    1.8   19.6  12:24    188
 10   76.7   87.4  15:23   69.6  01:44    0.0   11.7   0.05    1.8    9.2  12:33    272
 11   78.2   90.6  16:04   69.2  06:23    0.0   13.2   0.00    1.9    9.2  11:28    321
 12   78.4   90.8  14:49   68.5  04:49    0.0   13.4   0.00    1.7   10.0  12:58    301
 13   77.4   90.9  15:58   66.9  05:59    0.0   12.4   0.00    1.6    8.0  14:18    349
 14   77.4   91.7  15:17   62.8  06:14    0.0   12.4   0.00    1.5    8.1  14:44    333
 15   79.4   92.1  14:54   67.6  06:13    0.0   14.4   0.00    1.9    8.1  11:53    154
 16   79.1   92.3  14:53   69.0  06:19    0.0   14.1   0.02    2.5   11.5  11:54    161
 17   77.6   89.3  14:29   71.2  23:13    0.0   12.6   1.45    3.8   15.0  18:03    153
 18   75.5   83.9  14:53   71.2  00:03    0.0   10.5   0.27    2.4    9.2  13:49    229
 19   76.6   84.1  16:08   72.0  07:58    0.0   11.6   0.01    2.1    9.2  13:09    176
 20   76.2   85.8  15:33   71.6  04:14    0.0   11.2   0.12    3.8   17.0  18:52    152
 21   76.4   86.9  15:23   71.9  06:44    0.0   11.4   0.00    3.8   13.0  13:03    221
 22   74.3   82.5  14:43   68.3  02:54    0.0    9.3   0.00    3.1   12.7  11:57    330
 23   70.4   83.6  12:44   63.0  06:38    0.0    5.4   0.00    2.7   13.0  09:23     33
 24   75.9   83.2  15:48   64.4  05:38    0.0   10.9   0.00    6.0   12.0  08:48    109
 25   76.4   87.3  15:57   66.4  06:14    0.0   11.4   0.00    3.7   10.4  11:23    110
 26   79.1   90.2  12:13   67.9  05:31    0.0   14.1   0.00    2.2   11.5  15:13    113
 27   79.8   90.3  11:58   68.1  06:29    0.0   14.8   0.00    2.9   11.5  13:54    131
 28   79.8   91.3  13:44   68.2  06:29    0.0   14.8   0.00    2.2    9.2  12:48    144
 29   76.9   90.4  16:18   69.9  06:24    0.0   11.9   0.00    1.9   11.5  16:39    133
 30   78.1   90.8  15:38   67.9  05:23    0.0   13.1   0.00    2.6   10.4  14:38    132
 31   76.5   85.5  17:29   69.2  04:43    0.0   11.5   0.00    3.0    9.2  13:59    132
---------------------------------------------------------------------------------------
      77.4   95.6     06   62.8     14    0.0  368.7   3.05    2.4   19.6     09    138