NOAA-Style Climate Reports


Report for 2018 September
                   MONTHLY CLIMATOLOGICAL SUMMARY for Sep 2018


NAME: Albertville, AL-KQ5S                  
ELEV: 1024 feet    LAT: 34-14.64 N    LONG: 086-14.10 W


                   TEMPERATURE (F), RAIN (in), WIND SPEED (mph)

                                         HEAT   COOL         AVG
      MEAN                               DEG    DEG          WIND                   DOM
DAY   TEMP   HIGH   TIME    LOW   TIME   DAYS   DAYS   RAIN  SPEED   HIGH   TIME    DIR
---------------------------------------------------------------------------------------
 01   79.0   89.5  16:04   68.2  06:28    0.0   14.0   0.00    3.8   13.0  09:29    113
 02   79.9   88.9  15:23   70.3  06:39    0.0   14.9   0.00    3.8   15.0  15:23    107
 03   82.4   88.3  16:03   72.7  23:29    0.0   17.4   0.00    4.7   13.0  11:43    103
 04   78.2   85.7  15:13   70.3  04:19    0.0   13.2   0.00    4.9   16.1  09:59     90
 05   76.5   81.5  16:04   74.0  07:39    0.0   11.5   0.00    4.4   12.0  14:54     86
 06   76.6   85.4  13:39   73.1  23:58    0.0   11.6   0.05    2.0   16.1  13:44     97
 07   80.3   91.5  16:48   69.6  06:53    0.0   15.3   0.00    2.5   11.5  19:58    124
 08   79.4   91.4  15:33   69.0  05:13    0.0   14.4   0.00    1.8   11.0  14:23    211
 09
 10   71.3   74.2  16:29   66.9  23:53    0.0    6.3   0.22    0.2    4.0  20:38    358
 11
 12
 13
 14   84.3   95.2  16:49   71.0  06:48    0.0   19.3   0.00    2.8   11.5  14:04    357
 15   81.8   94.3  16:29   72.3  02:43    0.0   16.8   0.00    4.2   15.0  12:53     24
 16   78.6   89.4  17:13   70.2  06:33    0.0   13.6   0.00    3.5   14.0  17:29     28
 17   77.1   91.2  16:59   66.2  06:19    0.0   12.1   0.00    0.0    0.0  00:03    N/A
 18   79.1   95.7  16:44   65.3  06:54    0.0   14.1   0.00    0.0    0.0  00:03    N/A
 19   79.0   93.2  16:38   65.8  06:49    0.0   14.0   0.00    0.0    0.0  00:04    N/A
 20   81.1   93.4  12:23   66.2  06:43    0.0   16.1   0.00    0.6   10.4  16:03    111
 21   80.4   88.3  13:49   72.8  23:58    0.0   15.4   0.00    2.3    9.2  08:59    137
 22   80.2   91.1  15:59   71.9  07:09    0.0   15.2   0.00    1.5   12.0  13:23    136
 23   74.8   85.3  15:48   67.7  05:49    0.0    9.8   0.19    0.5   18.4  15:53     91
 24   74.2   83.1  16:33   69.6  23:58    0.0    9.2   0.78    2.3   20.0  19:14    121
 25   76.2   85.6  16:18   69.5  00:19    0.0   11.2   0.21    4.8   13.0  10:49    132
 26   71.0   74.1  10:08   69.2  23:59    0.0    6.0   2.81    0.2    9.2  10:34    145
 27   70.3   75.9  14:09   66.6  23:59    0.0    5.3   1.03    0.0    0.0  00:04    N/A
 28   70.1   79.2  16:23   64.7  23:53    0.0    5.1   0.01    0.0    0.0  00:03    N/A
 29   72.8   83.6  15:43   64.3  00:34    0.0    7.8   0.00    0.0    0.0  00:03    N/A
 30   74.0   84.4  16:14   65.6  06:33    0.0    9.0   0.00    0.0    0.0  00:04    N/A
---------------------------------------------------------------------------------------
      77.1   95.7     18   64.3     29    0.0  318.6   5.30    1.9   20.0     24     98