NOAA-Style Climate Reports


Report for 2018 October
                   MONTHLY CLIMATOLOGICAL SUMMARY for Oct 2018


NAME: Albertville, AL-KQ5S                  
ELEV: 1024 feet    LAT: 34-14.64 N    LONG: 086-14.10 W


                   TEMPERATURE (F), RAIN (in), WIND SPEED (mph)

                                         HEAT   COOL         AVG
      MEAN                               DEG    DEG          WIND                   DOM
DAY   TEMP   HIGH   TIME    LOW   TIME   DAYS   DAYS   RAIN  SPEED   HIGH   TIME    DIR
---------------------------------------------------------------------------------------
 01   74.9   83.6  15:54   69.8  23:49    0.0    9.9   0.00    1.6   13.0  10:43    138
 02   74.4   83.4  12:33   66.7  06:54    0.0    9.4   0.00    0.0    4.0  11:39    161
 03   79.5   88.0  16:39   68.1  00:09    0.0   14.5   0.00    0.0    0.0  00:03    N/A
 04   75.5   91.1  16:39   64.8  06:39    0.0   10.5   0.00    0.0    0.0  00:03    N/A
 05   76.4   91.4  16:58   65.7  06:38    0.0   11.4   0.00    0.0    0.0  00:03    N/A
 06   76.4   90.6  16:29   65.9  06:19    0.0   11.4   0.00    0.0    0.0  00:03    N/A
 07   75.2   86.1  12:19   66.8  07:04    0.0   10.2   0.00    0.0    0.0  00:04    N/A
 08   75.8   83.8  14:53   67.3  00:54    0.0   10.8   0.00    0.0    0.0  00:03    N/A
 09   73.6   77.2  15:08   71.6  07:14    0.0    8.6   0.00    4.4   15.0  15:43     85
 10   73.5   77.8  14:43   70.6  02:54    0.0    8.5   0.13    4.5   12.0  09:38     77
 11   67.5   74.3  15:59   55.8  23:58    0.0    2.5   0.08    6.7   17.3  10:49    301
 12   57.8   71.8  16:43   48.6  07:09    7.2    0.0   0.00    4.0   13.8  08:13    348
 13   60.9   71.4  16:54   55.0  07:49    4.1    0.0   0.00    0.0    0.0  00:04    N/A
 14   67.9   81.3  16:48   58.5  04:18    0.0    2.9   0.00    2.5   13.8  12:14    138
 15   70.2   79.4  12:34   61.9  05:19    0.0    5.2   0.08    1.8   10.4  12:53    167
 16   60.0   63.7  00:03   57.9  04:09    5.0    0.0   1.29    2.8    8.1  00:24     16
 17   60.2   70.4  16:31   56.5  09:24    4.8    0.0   0.09    3.4   10.4  14:13      5
 18   58.0   69.0  16:13   51.0  07:18    7.0    0.0   0.00    4.2   11.5  09:38     27
 19   61.9   77.3  16:53   48.3  03:39    3.1    0.0   0.00    2.5   12.0  11:14    120
 20   59.8   65.2  15:48   52.2  23:59    5.2    0.0   0.07    3.2   10.4  15:19    292
 21   47.9   59.9  16:34   38.5  23:58   17.1    0.0   0.00    5.8   21.0  08:53     16
 22   48.7   64.6  15:53   35.1  07:09   16.3    0.0   0.00    1.7    9.0  10:09    117
 23   51.7   66.8  15:43   41.1  06:39   13.3    0.0   0.00    1.3    6.0  13:39     44
 24   55.2   70.1  16:14   43.6  07:19    9.8    0.0   0.00    3.2    9.2  10:54     38
 25   53.0   57.3  11:19   48.1  23:53   12.0    0.0   0.34    7.3   17.3  20:23     94
 26   51.8   56.1  15:19   48.1  00:09   13.2    0.0   0.45    5.0   12.0  01:03    131
 27   51.9   58.7  15:13   45.8  23:59   13.1    0.0   0.16    3.1   15.0  13:19    272
 28   57.5   75.4  16:23   41.3  06:48    7.5    0.0   0.00    2.3   12.7  14:58    235
 29   54.4   69.6  16:44   43.3  23:58   10.6    0.0   0.00    2.0    9.2  09:59     10
 30   56.1   70.6  15:53   41.4  03:33    8.9    0.0   0.00    3.3   11.5  10:01    118
 31   65.1   74.8  15:58   56.8  02:48    0.0    0.1   0.00    4.2   12.7  15:58    139
---------------------------------------------------------------------------------------
      63.3   91.4     05   35.1     22  158.1  115.9   2.69    2.6   21.0     21     60