NOAA-Style Climate Reports


Report for 2018 December
                   MONTHLY CLIMATOLOGICAL SUMMARY for Dec 2018


NAME: Albertville, AL-KQ5S                  
ELEV: 1024 feet    LAT: 34-14.64 N    LONG: 086-14.10 W


                   TEMPERATURE (F), RAIN (in), WIND SPEED (mph)

                                         HEAT   COOL         AVG
      MEAN                               DEG    DEG          WIND                   DOM
DAY   TEMP   HIGH   TIME    LOW   TIME   DAYS   DAYS   RAIN  SPEED   HIGH   TIME    DIR
---------------------------------------------------------------------------------------
 01   57.8   65.7  22:33   53.7  05:08    7.2    0.0   0.88   10.1   22.0  05:19    122
 02   57.9   69.7  14:03   43.9  23:13    7.1    0.0   0.12    2.7   17.0  12:53    229
 03
 04   38.3   45.0  14:53   31.2  23:23   26.7    0.0   0.00    4.1   13.0  14:49    308
 05   31.2   40.2  15:28   24.0  23:53   33.8    0.0   0.00    3.7   16.1  10:54    274
 06   37.1   48.7  15:39   22.4  05:39   27.9    0.0   0.00    1.6   11.5  13:23    161
 07   41.5   44.1  11:48   39.0  01:03   23.5    0.0   0.08    1.5    7.0  12:09     80
 08   41.2   41.9  00:03   40.4  17:44   23.8    0.0   2.50    9.1   29.0  22:23     76
 09   38.5   41.6  00:03   36.4  07:23   26.5    0.0   0.32    7.5   29.0  00:49     64
 10   36.8   38.9  12:24   32.2  23:59   28.2    0.0   0.15    3.3    9.2  18:53    313
 11   33.3   46.9  15:34   23.4  07:14   31.7    0.0   0.01    1.2    7.0  11:58    289
 12   39.9   49.6  14:34   27.6  00:04   25.1    0.0   0.00    2.5   11.5  12:09    172
 13   48.1   53.4  13:58   42.8  03:58   16.9    0.0   0.00    7.5   17.3  23:04    105
 14   50.7   53.7  23:29   48.1  05:39   14.3    0.0   0.39   10.2   19.0  13:43     97
 15   48.0   53.4  00:04   46.5  21:35   17.0    0.0   0.05    2.4   14.0  00:18    184
 16   46.9   55.1  15:37   38.9  23:56   18.1    0.0   0.02    2.8   14.0  10:28    279
 17   44.0   57.8  15:38   34.4  07:27   21.0    0.0   0.00    0.7   12.0  13:41    292
 18   41.7   55.7  15:41   31.0  06:07   23.3    0.0   0.00    0.8   11.0  09:23     13
 19   45.1   54.6  13:46   34.3  01:42   19.9    0.0   0.05    1.6   10.0  18:45    124
 20   47.8   49.2  14:57   46.7  04:14   17.2    0.0   0.35    5.0   22.0  01:46    120
 21   40.9   46.9  00:01   37.1  19:56   24.1    0.0   0.23    5.1   21.0  10:02    290
 22   39.0   51.6  15:48   29.6  07:08   26.0    0.0   0.00    0.7   10.0  00:06    264
 23   45.2   53.7  15:06   33.0  01:14   19.8    0.0   0.22    2.5   23.0  16:41    265
 24   37.7   48.4  15:42   28.5  07:21   27.3    0.0   0.00    1.5   18.0  10:21     65
 25   41.6   49.7  15:20   30.9  01:23   23.4    0.0   0.00    0.8   12.0  06:13    123
 26   51.4   59.0  13:33   41.9  01:33   13.6    0.0   0.00    3.9   18.0  22:57    117
 27   52.4   56.8  14:10   47.6  03:37   12.6    0.0   1.46    6.8   23.0  09:06    127
 28   53.6   60.3  14:34   43.8  23:32   11.4    0.0   1.46    2.0   19.0  07:53    129
 29   46.2   52.2  14:55   37.9  06:44   18.8    0.0   0.10    0.9   14.0  09:29     48
 30   49.8   55.1  23:58   45.6  06:57   15.2    0.0   0.12    2.5   13.0  23:24    111
 31   62.4   70.2  13:48   55.1  00:01    2.6    0.0   0.46    4.5   24.0  09:02    172
---------------------------------------------------------------------------------------
      44.8   70.2     31   22.4     06  604.2    0.0   8.97    3.4   29.0     08    113