NOAA-Style Climate Reports


Report for 2019 January
                   MONTHLY CLIMATOLOGICAL SUMMARY for Jan 2019


NAME: Albertville, AL-KQ5S                  
ELEV: 1024 feet    LAT: 34-14.64 N    LONG: 086-14.10 W


                   TEMPERATURE (F), RAIN (in), WIND SPEED (mph)

                                         HEAT   COOL         AVG
      MEAN                               DEG    DEG          WIND                   DOM
DAY   TEMP   HIGH   TIME    LOW   TIME   DAYS   DAYS   RAIN  SPEED   HIGH   TIME    DIR
---------------------------------------------------------------------------------------
 01   54.4   59.0  14:39   45.9  23:57   10.6    0.0   0.03    0.3    6.0  09:04    341
 02   48.3   50.3  13:31   45.6  00:23   16.7    0.0   0.89    0.8   10.0  22:20     67
 03   50.0   54.2  14:49   47.8  09:05   15.0    0.0   0.39    1.4   13.0  08:38     84
 04   50.0   58.7  10:40   41.9  23:55   15.0    0.0   0.44    4.7   22.0  03:07    211
 05   45.3   57.8  15:52   36.7  07:28   19.7    0.0   0.02    2.1   13.0  12:48    289
 06   47.4   64.9  15:56   34.1  06:43   17.6    0.0   0.00    0.3    7.0  14:19     62
 07   54.4   65.7  14:25   41.8  00:01   10.6    0.0   0.00    2.0   15.0  13:55    178
 08   57.4   65.6  14:07   48.7  23:57    7.6    0.0   0.01    2.3   18.0  20:24    284
 09   43.1   48.7  00:01   35.6  00:00   21.9    0.0   0.00    4.1   21.0  11:10    305
 10   33.5   41.6  15:53   27.4  07:08   31.5    0.0   0.00    2.3   16.0  00:21    340
 11   37.7   48.2  14:34   26.2  07:14   27.3    0.0   0.00    1.8   11.0  01:30     93
 12   42.9   46.5  12:14   40.3  19:29   22.1    0.0   0.68    6.0   23.0  05:10    126
 13   41.9   45.8  10:54   38.7  00:00   23.1    0.0   0.02    2.9   14.0  01:19    281
 14   37.6   39.0  12:02   35.9  23:54   27.4    0.0   0.00    2.2   12.0  03:58    316
 15   35.1   37.0  14:26   33.7  23:44   29.9    0.0   0.00    1.6   13.0  00:15    340
 16   37.4   52.0  16:13   26.2  06:05   27.6    0.0   0.00    0.5    7.0  12:17      2
 17   41.7   46.9  23:34   34.8  02:06   23.3    0.0   0.30    1.8   12.0  14:12    153
 18   50.2   57.5  14:28   46.8  00:01   14.8    0.0   0.00    1.1   10.0  22:22    139
 19   52.1   60.5  13:31   33.5  23:57   12.9    0.0   1.07    5.6   24.0  20:54    199
 20   30.1   33.4  00:01   24.7  23:56   34.9    0.0   0.00    4.6   28.0  01:16    311
 21   29.2   40.1  16:00   21.2  07:13   35.8    0.0   0.00    3.3   15.0  07:48     78
 22   40.3   49.0  14:59   30.5  00:01   24.7    0.0   0.00    6.8   22.0  15:54    133
 23   50.6   56.7  13:08   42.5  23:59   14.4    0.0   2.13    5.0   22.0  12:54    144
 24   34.9   42.5  00:01   30.6  07:44   30.1    0.0   0.01    3.5   22.0  06:39    292
 25   33.7   44.1  15:52   25.0  00:00   31.3    0.0   0.00    1.1   12.0  13:41    316
 26   35.3   49.1  15:47   23.9  02:35   29.7    0.0   0.00    0.6   10.0  13:36    295
 27   39.8   53.8  15:11   30.0  05:20   25.2    0.0   0.00    0.6    9.0  11:21    286
 28   45.3   57.4  15:31   30.5  04:53   19.7    0.0   0.00    1.2   13.0  11:17    242
 29   32.8   49.4  00:01   20.9  23:58   32.2    0.0   0.16    2.8   16.0  06:49    306
 30   27.6   38.8  15:47   18.6  04:43   37.4    0.0   0.00    1.5   17.0  10:06    295
 31   36.2   49.1  15:36   22.4  07:11   28.8    0.0   0.00    1.1   10.0  22:22    140
---------------------------------------------------------------------------------------
      41.8   65.7     07   18.6     30  718.7    0.0   6.15    2.5   28.0     20    223