NOAA-Style Climate Reports


Report for 2019 February
                   MONTHLY CLIMATOLOGICAL SUMMARY for Feb 2019


NAME: Albertville, AL-KQ5S                  
ELEV: 1024 feet    LAT: 34-14.64 N    LONG: 086-14.10 W


                   TEMPERATURE (F), RAIN (in), WIND SPEED (mph)

                                         HEAT   COOL         AVG
      MEAN                               DEG    DEG          WIND                   DOM
DAY   TEMP   HIGH   TIME    LOW   TIME   DAYS   DAYS   RAIN  SPEED   HIGH   TIME    DIR
---------------------------------------------------------------------------------------
 01   46.0   61.9  15:52   32.0  07:12   19.0    0.0   0.00    1.5    9.0  01:58    163
 02   51.3   65.9  15:51   33.7  06:41   13.7    0.0   0.00    1.2   14.0  12:25    128
 03   56.0   66.4  15:55   49.5  01:41    9.0    0.0   0.00    1.1    8.0  12:29    124
 04   56.1   63.3  15:10   49.2  02:56    8.9    0.0   0.01    2.3   13.0  14:58    162
 05   62.8   71.4  15:05   57.7  00:10    2.2    0.0   0.01    0.9   11.0  14:25    176
 06   66.7   71.3  15:20   63.1  00:05    0.0    1.7   0.01    2.2   11.0  15:15    204
 07   68.2   76.7  13:55   54.3  00:00    0.0    3.2   0.10    3.8   23.0  23:20    210
 08   40.8   54.2  00:05   34.0  00:00   24.2    0.0   0.01    3.8   19.0  04:10    315
 09   40.6   50.6  14:50   32.4  06:55   24.4    0.0   0.00    3.4   16.0  08:05     70
 10   43.2   46.0  00:40   39.0  12:40   21.8    0.0   0.04    4.6   21.0  08:30    127
 11   50.2   57.7  23:55   44.0  01:10   14.8    0.0   0.04    3.3   13.0  12:20    154
 12   54.2   63.0  08:00   39.7  00:00   10.8    0.0   1.13    3.6   20.0  16:40    240
 13   41.2   54.2  15:40   32.6  06:45   23.8    0.0   0.00    1.5   12.0  10:20    300
 14   48.6   59.1  15:15   34.8  03:45   16.4    0.0   0.00    3.5   17.0  16:05    178
 15   56.8   59.4  00:00   53.8  00:05    8.2    0.0   0.25    1.4   12.0  23:15    210
 16   46.8   60.2  01:25   43.1  08:10   18.2    0.0   0.26    1.7   18.0  02:50    309
 17   51.6   56.8  17:05   45.4  00:00   13.4    0.0   1.24    3.4   15.0  19:20    161
 18   42.7   46.7  13:45   39.1  00:00   22.3    0.0   0.19    2.1   12.0  04:20    342
 19   39.2   42.2  18:50   35.7  08:15   25.8    0.0   1.80    6.2   33.0  18:55    102
 20   46.9   52.3  20:25   42.0  00:05   18.1    0.0   0.37    6.9   30.0  06:15    138
 21   51.3   53.4  13:30   49.6  03:00   13.7    0.0   1.47    1.9   24.0  18:20     62
 22   51.5   55.6  15:00   48.8  07:20   13.5    0.0   0.54    2.8   17.0  22:45     91
 23   56.2   65.6  00:00   51.7  00:40    8.8    0.0   0.75    5.3   18.0  15:55    138
 24   52.0   65.9  00:20   39.3  00:00   13.0    0.0   0.21    4.5   23.0  00:35    281
 25   45.0   58.2  15:35   32.0  06:10   20.0    0.0   0.00    1.3   14.0  10:15     57
 26   53.2   63.9  13:05   40.7  00:05   11.8    0.0   0.00    1.4    9.0  09:25    131
 27   58.5   71.6  15:25   49.5  00:25    6.5    0.0   0.00    0.5    7.0  12:35    190
 28   58.7   62.0  16:05   55.9  00:05    6.3    0.0   0.87    0.8   11.0  09:15    152
---------------------------------------------------------------------------------------
      51.3   76.7     07   32.0     01  388.5    4.9   9.30    2.7   33.0     19    146