NOAA-Style Climate Reports


Report for 2019 March
                   MONTHLY CLIMATOLOGICAL SUMMARY for Mar 2019


NAME: Albertville, AL-KQ5S                  
ELEV: 1024 feet    LAT: 34-14.64 N    LONG: 086-14.10 W


                   TEMPERATURE (F), RAIN (in), WIND SPEED (mph)

                                         HEAT   COOL         AVG
      MEAN                               DEG    DEG          WIND                   DOM
DAY   TEMP   HIGH   TIME    LOW   TIME   DAYS   DAYS   RAIN  SPEED   HIGH   TIME    DIR
---------------------------------------------------------------------------------------
 01   54.5   58.0  11:30   46.4  00:00   10.5    0.0   0.30    1.5   12.0  11:30    285
 02   48.3   57.1  14:35   42.9  06:05   16.7    0.0   0.05    1.1    8.0  17:00    330
 03   43.1   49.2  10:35   34.0  00:00   21.9    0.0   1.13    2.7   20.0  14:05    335
 04   31.4   34.8  14:00   27.2  00:00   33.6    0.0   0.00    3.0   15.0  01:20    328
 05   30.6   40.0  15:35   22.9  05:00   34.4    0.0   0.00    3.5   16.0  13:50    307
 06   32.5   44.7  15:45   22.2  05:00   32.5    0.0   0.00    1.4   12.0  14:10    342
 07   41.5   51.8  13:35   25.4  03:55   23.5    0.0   0.00    1.5   12.0  11:25    140
 08   55.3   63.0  15:15   47.1  07:00    9.7    0.0   0.12    1.7   13.0  09:30    186
 09   62.0   68.6  15:25   56.3  04:35    3.0    0.0   0.12    5.0   22.0  15:15    171
 10   61.0   72.2  16:50   54.3  07:50    4.0    0.0   0.23    0.8   20.0  00:25    248
 11   53.8   59.9  17:05   47.4  22:20   11.2    0.0   0.13    1.5   11.0  10:25     49
 12   55.4   67.5  12:35   43.0  06:35    9.6    0.0   0.00    1.2   10.0  08:30     67
 13   63.1   72.7  16:40   53.9  04:10    1.9    0.0   0.00    6.5   22.0  17:45    146
 14   65.6   72.1  14:50   61.9  06:40    0.0    0.6   0.95    6.2   29.0  11:30    158
 15   56.0   65.8  00:05   45.8  00:00    9.0    0.0   0.00    3.3   18.0  17:00    291
 16   46.5   56.9  16:35   40.3  07:15   18.5    0.0   0.00    2.5   16.0  07:15     37
 17   49.1   63.2  16:40   35.5  07:30   15.9    0.0   0.00    1.7   13.0  13:50     15
 18   47.1   56.8  12:40   36.0  07:25   17.9    0.0   0.00    2.1   20.0  14:40    349
 19   44.7   58.6  17:05   31.9  06:40   20.3    0.0   0.00    1.9   23.0  14:15     83
 20   47.8   64.0  17:20   30.7  07:10   17.2    0.0   0.00    1.1   11.0  09:30    157
 21   52.4   62.9  16:25   45.3  00:00   12.6    0.0   0.00    4.0   20.0  14:45    291
 22   48.9   66.2  16:20   31.2  07:20   16.1    0.0   0.00    2.0   16.0  11:25    297
 23   51.9   70.7  16:35   35.0  07:00   13.1    0.0   0.00    1.1   11.0  08:45     65
 24   61.2   73.4  16:45   47.3  00:05    3.8    0.0   0.00    1.9   15.0  14:35    175
 25   58.3   66.1  16:45   53.7  01:35    6.7    0.0   0.09    1.8   16.0  17:15    290
 26   52.0   60.7  15:35   44.5  00:00   13.0    0.0   0.00    2.9   13.0  00:20    340
 27   54.0   67.6  17:00   40.5  03:10   11.0    0.0   0.00    2.0   15.0  09:45    124
 28   56.4   69.7  16:15   41.0  07:20    8.6    0.0   0.00    2.1   13.0  10:35    152
 29   58.1   72.2  15:40   41.9  06:40    6.9    0.0   0.00    1.4   15.0  13:55    194
 30   64.0   73.4  15:30   52.4  00:00    1.0    0.0   0.31    2.1   19.0  22:40    225
 31   45.0   52.1  17:10   37.5  06:45   20.0    0.0   0.06    3.9   21.0  04:55    340
---------------------------------------------------------------------------------------
      51.3   73.4     24   22.2     06  424.4    0.6   3.49    2.4   29.0     14    236