NOAA-Style Climate Reports


Report for 2019 April
                   MONTHLY CLIMATOLOGICAL SUMMARY for Apr 2019


NAME: Albertville, AL-KQ5S                  
ELEV: 1024 feet    LAT: 34-14.64 N    LONG: 086-14.10 W


                   TEMPERATURE (F), RAIN (in), WIND SPEED (mph)

                                         HEAT   COOL         AVG
      MEAN                               DEG    DEG          WIND                   DOM
DAY   TEMP   HIGH   TIME    LOW   TIME   DAYS   DAYS   RAIN  SPEED   HIGH   TIME    DIR
---------------------------------------------------------------------------------------
 01   46.9   59.8  17:25   33.5  06:35   18.1    0.0   0.00    2.8   19.0  08:05     72
 02   52.8   64.4  16:25   41.6  00:00   12.2    0.0   0.00    1.5   13.0  08:15    339
 03   54.6   70.8  16:10   35.9  06:20   10.4    0.0   0.00    1.1   15.0  12:05    124
 04   57.9   65.1  14:25   50.5  02:00    7.1    0.0   0.55    2.4   15.0  13:50    147
 05   62.0   71.4  17:00   55.9  00:00    3.0    0.0   0.41    0.5    8.0  14:35    291
 06   64.0   75.7  16:55   51.4  05:30    1.0    0.0   0.63    1.8   12.0  14:45    129
 07   68.5   80.3  15:50   60.2  06:50    0.0    3.5   0.16    2.2   18.0  09:15    164
 08   65.9   68.4  12:20   61.7  23:55    0.0    0.9   0.70    1.7   19.0  06:25    168
 09   66.3   79.1  16:15   57.8  00:00    0.0    1.3   0.06    1.3   15.0  14:25     52
 10   67.6   83.2  16:30   51.8  07:10    0.0    2.6   0.00    0.9   10.0  09:25    110
 11   72.3   82.3  16:00   61.6  03:50    0.0    7.3   0.00    5.1   22.0  12:35    158
 12   69.1   77.7  12:10   61.5  23:20    0.0    4.1   0.00    2.3   17.0  12:35    181
 13   64.9   73.1  15:05   57.8  07:30    0.1    0.0   0.23    2.6   13.0  11:30    102
 14   64.4   75.6  11:55   46.1  00:00    0.6    0.0   0.89    6.1   33.0  04:05    199
 15   52.6   66.3  16:30   38.9  06:40   12.4    0.0   0.00    1.7   20.0  00:40    311
 16   60.7   77.3  16:15   43.8  05:10    4.3    0.0   0.00    1.3   11.0  13:10    162
 17   65.3   77.6  13:50   52.1  04:20    0.0    0.3   0.00    1.4   13.0  14:45    167
 18   67.9   76.1  15:40   59.7  23:35    0.0    2.9   0.99    4.2   21.0  13:20    162
 19   53.1   60.2  06:05   42.0  23:55   11.9    0.0   0.56    2.1   16.0  17:00    271
 20   46.7   55.8  18:20   41.3  05:50   18.3    0.0   0.23    1.4   14.0  10:45    276
 21   56.2   74.9  15:40   35.6  06:15    8.8    0.0   0.00    0.7   11.0  13:55    342
 22   63.6   81.4  15:45   44.7  06:10    1.4    0.0   0.00    0.5    8.0  13:10    225
 23   66.2   81.6  15:20   49.7  06:20    0.0    1.2   0.00    0.6    9.0  12:20    277
 24   68.3   82.0  15:50   55.1  04:30    0.0    3.3   0.00    1.0   10.0  16:35    190
 25   63.7   76.0  12:50   58.5  21:35    1.3    0.0   0.25    1.5   17.0  13:05    168
 26   63.1   72.7  15:25   51.8  00:00    1.9    0.0   0.01    2.6   22.0  11:30    301
 27   62.0   79.0  15:50   42.0  06:15    3.0    0.0   0.00    1.2   14.0  14:55    176
 28   68.6   79.4  14:50   59.9  01:45    0.0    3.6   0.00    0.6    9.0  10:10    267
 29   71.1   85.5  15:45   60.0  03:05    0.0    6.1   0.00    1.9   16.0  11:25    159
 30   70.9   84.5  13:25   55.8  05:30    0.0    5.9   0.00    1.3   14.0  12:20    166
---------------------------------------------------------------------------------------
      62.6   85.5     29   33.5     01  115.8   43.0   5.67    1.9   33.0     14    166