NOAA-Style Climate Reports


Report for 2019 May
                   MONTHLY CLIMATOLOGICAL SUMMARY for May 2019


NAME: Albertville, AL-KQ5S                  
ELEV: 1024 feet    LAT: 34-14.64 N    LONG: 086-14.10 W


                   TEMPERATURE (F), RAIN (in), WIND SPEED (mph)

                                         HEAT   COOL         AVG
      MEAN                               DEG    DEG          WIND                   DOM
DAY   TEMP   HIGH   TIME    LOW   TIME   DAYS   DAYS   RAIN  SPEED   HIGH   TIME    DIR
---------------------------------------------------------------------------------------
 01   72.7   85.9  15:05   63.6  05:45    0.0    7.7   0.47    2.0   18.0  18:50    167
 02   73.8   85.9  15:55   64.8  03:35    0.0    8.8   0.00    2.0   14.0  16:00    158
 03   72.5   82.9  14:10   64.3  02:55    0.0    7.5   0.02    0.9    9.0  12:10    240
 04   68.2   77.9  15:25   63.1  23:55    0.0    3.2   1.25    0.7   12.0  07:45    108
 05   64.7   72.4  15:45   56.4  23:55    0.3    0.0   0.11    1.0   12.0  14:30    320
 06   66.0   79.6  15:55   52.2  06:05    0.0    1.0   0.01    1.0   12.0  13:05     57
 07   68.7   81.8  13:45   53.9  05:55    0.0    3.7   0.00    0.5    9.0  13:30    140
 08   73.7   85.3  15:20   59.1  03:45    0.0    8.7   0.00    3.0   17.0  13:55    152
 09   67.8   74.9  11:00   62.8  23:10    0.0    2.8   0.30    3.1   20.0  10:50    154
 10   68.8   78.8  14:00   60.1  05:55    0.0    3.8   0.05    0.3    6.0  10:15    160
 11   70.8   80.7  14:40   65.8  23:45    0.0    5.8   0.87    1.0   13.0  14:20    196
 12   68.1   75.7  14:40   63.3  00:00    0.0    3.1   0.06    0.8    9.0  14:20    281
 13   63.4   72.3  15:20   54.5  06:35    1.6    0.0   0.00    1.1   14.0  15:15    329
 14   60.2   71.4  15:20   49.2  06:15    4.8    0.0   0.00    1.3   14.0  12:05     44
 15   61.3   76.3  12:20   48.8  06:00    3.7    0.0   0.11    0.9   13.0  13:50    106
 16   71.5   87.2  16:00   57.7  06:00    0.0    6.5   0.02    0.4    8.0  16:05    309
 17   74.7   87.7  14:25   61.5  06:15    0.0    9.7   0.00    0.5   10.0  14:30    298
 18   74.8   86.7  15:00   62.5  06:05    0.0    9.8   0.00    1.6   14.0  13:10    164
 19   74.8   86.1  14:20   62.0  05:50    0.0    9.8   0.00    2.1   20.0  11:55    169
 20   73.2   85.8  15:45   62.0  05:55    0.0    8.2   0.00    0.4    7.0  12:15    304
 21   76.0   87.8  16:00   61.6  05:40    0.0   11.0   0.00    2.1   15.0  12:35    158
 22   76.2   89.1  14:15   62.5  06:05    0.0   11.2   0.00    2.1   14.0  11:35    162
 23   77.8   92.1  15:35   63.5  01:50    0.0   12.8   0.00    0.6    9.0  12:50    161
 24   79.7   92.3  15:40   67.4  06:05    0.0   14.7   0.00    0.3    7.0  12:50    260
 25   79.1   92.4  15:20   65.6  06:05    0.0   14.1   0.00    0.5    8.0  11:50    276
 26   79.1   92.9  15:05   64.6  05:55    0.0   14.1   0.00    0.6    9.0  14:55    284
 27   79.2   91.2  15:50   65.2  06:05    0.0   14.2   0.00    0.5    9.0  14:30    269
 28   78.0   90.8  15:35   65.4  05:55    0.0   13.0   0.00    0.6   10.0  17:20    239
 29   77.6   90.9  15:15   65.6  05:40    0.0   12.6   0.00    1.0   12.0  12:25    216
 30   75.9   86.5  14:20   64.5  04:10    0.0   10.9   0.00    0.9   11.0  10:50    260
 31   74.5   85.9  15:05   63.4  00:00    0.0    9.5   0.00    1.0   15.0  16:15    299
---------------------------------------------------------------------------------------
      72.4   92.9     26   48.8     15   10.4  238.4   3.27    1.1   20.0     09    172