NOAA-Style Climate Reports


Report for 2019 June
                   MONTHLY CLIMATOLOGICAL SUMMARY for Jun 2019


NAME: Albertville, AL-KQ5S                  
ELEV: 1024 feet    LAT: 34-14.64 N    LONG: 086-14.10 W


                   TEMPERATURE (F), RAIN (in), WIND SPEED (mph)

                                         HEAT   COOL         AVG
      MEAN                               DEG    DEG          WIND                   DOM
DAY   TEMP   HIGH   TIME    LOW   TIME   DAYS   DAYS   RAIN  SPEED   HIGH   TIME    DIR
---------------------------------------------------------------------------------------
 01   72.7   86.6  14:30   58.5  06:00    0.0    7.7   0.00    0.8   11.0  15:45    303
 02   74.5   89.0  15:25   59.2  05:45    0.0    9.5   0.00    0.7   11.0  12:10    293
 03   75.8   88.9  13:40   62.1  06:15    0.0   10.8   0.00    1.0   12.0  12:10     37
 04   72.9   82.9  16:40   62.1  06:25    0.0    7.9   0.00    0.7   12.0  08:45    113
 05   76.6   83.5  16:25   70.2  06:05    0.0   11.6   0.00    0.6    7.0  09:20    176
 06   70.9   74.3  15:35   68.5  06:15    0.0    5.9   0.20    1.5   12.0  15:50    154
 07   76.0   86.1  13:45   69.2  05:05    0.0   11.0   0.62    2.1   12.0  05:10    167
 08   73.1   79.6  16:25   69.1  11:40    0.0    8.1   1.51    1.0    9.0  09:15    149
 09   75.1   85.3  13:20   70.5  00:25    0.0   10.1   0.07    1.3   10.0  13:50    142
 10   76.1   86.6  15:10   68.6  00:00    0.0   11.1   0.02    2.3   15.0  18:35    360
 11   71.2   80.8  14:50   61.8  06:15    0.0    6.2   0.00    2.8   15.0  07:55     50
 12   70.4   80.3  14:15   63.8  00:00    0.0    5.4   0.74    2.0   12.0  03:50    127
 13   67.6   78.1  15:40   57.0  06:05    0.0    2.6   0.00    1.2   14.0  11:25    317
 14   68.2   81.8  15:05   52.8  06:00    0.0    3.2   0.00    1.1   11.0  10:10    136
 15   75.5   86.7  12:40   65.4  01:20    0.0   10.5   0.00    2.2   15.0  12:15    165
 16   77.5   89.3  15:40   65.4  05:45    0.0   12.5   0.00    1.2   11.0  18:35    175
 17   79.1   90.6  15:15   67.5  05:30    0.0   14.1   0.05    1.2   16.0  23:40    160
 18   73.3   81.7  15:30   68.6  07:55    0.0    8.3   1.46    1.5   17.0  18:40    156
 19   77.4   86.7  15:50   71.2  05:30    0.0   12.4   0.00    0.7   10.0  11:10    242
 20   76.1   84.3  15:55   68.0  06:25    0.0   11.1   0.14    1.3   24.0  03:45    265
 21   79.5   91.7  15:40   65.0  05:35    0.0   14.5   0.00    0.7   28.0  23:10    254
 22   75.7   89.4  15:25   70.1  01:50    0.0   10.7   0.03    1.1   18.0  15:35    173
 23   78.5   88.4  15:05   69.1  03:25    0.0   13.5   0.00    0.9    9.0  14:50    196
 24   78.9   85.9  14:45   70.4  00:00    0.0   13.9   0.00    1.8   18.0  12:30    201
 25   76.1   87.7  14:50   64.2  05:40    0.0   11.1   0.00    0.4    7.0  08:40    313
 26   77.7   90.2  15:10   69.0  00:00    0.0   12.7   0.00    0.7   13.0  16:15    147
 27   76.0   91.7  13:20   66.1  06:30    0.0   11.0   0.00    0.7   14.0  16:00     28
 28   76.9   90.5  13:05   65.7  05:55    0.0   11.9   0.00    1.2   19.0  15:15    142
 29   76.8   88.8  13:00   68.7  03:00    0.0   11.8   0.00    1.3   11.0  14:55    139
 30   78.3   90.3  13:25   67.9  05:40    0.0   13.3   0.00    0.4    8.0  10:15      4
---------------------------------------------------------------------------------------
      75.2   91.7     21   52.8     14    0.0  304.5   4.84    1.2   28.0     21    150