NOAA-Style Climate Reports


Report for 2019 July
                   MONTHLY CLIMATOLOGICAL SUMMARY for Jul 2019


NAME: Albertville, AL-KQ5S                  
ELEV: 1024 feet    LAT: 34-14.64 N    LONG: 086-14.10 W


                   TEMPERATURE (F), RAIN (in), WIND SPEED (mph)

                                         HEAT   COOL         AVG
      MEAN                               DEG    DEG          WIND                   DOM
DAY   TEMP   HIGH   TIME    LOW   TIME   DAYS   DAYS   RAIN  SPEED   HIGH   TIME    DIR
---------------------------------------------------------------------------------------
 01   80.6   93.1  15:50   68.6  05:50    0.0   15.6   0.00    0.8   11.0  10:10    323
 02   82.2   94.5  14:50   69.7  06:05    0.0   17.2   0.00    0.4    8.0  10:00      1
 03   79.4   92.2  15:15   69.5  05:25    0.0   14.4   0.00    0.2    9.0  13:40    315
 04   80.5   92.0  12:20   69.6  06:00    0.0   15.5   0.00    0.4    8.0  16:30    294
 05   79.7   92.3  14:10   70.2  06:05    0.0   14.7   0.07    0.4   11.0  14:40     67
 06   81.4   94.4  15:45   70.9  06:15    0.0   16.4   0.00    0.4   11.0  19:25    264
 07   76.6   86.9  15:50   70.7  05:55    0.0   11.6   0.21    0.7   20.0  16:50    305
 08   81.2   93.3  15:15   70.6  05:50    0.0   16.2   0.01    0.8   14.0  17:00    349
 09   83.7   95.9  15:20   71.9  05:30    0.0   18.7   0.00    0.9   19.0  21:20     45
 10   82.9   94.0  15:10   72.9  04:45    0.0   17.9   0.00    1.1   10.0  09:55    129
 11   79.8   91.6  13:45   73.2  06:05    0.0   14.8   0.09    0.6   13.0  15:30    177
 12   81.7   93.3  15:40   73.4  04:40    0.0   16.7   0.00    1.1   14.0  21:30    142
 13   77.4   90.3  12:30   71.8  06:10    0.0   12.4   0.04    1.0   14.0  14:10    167
 14   78.4   89.0  13:25   71.3  05:35    0.0   13.4   0.00    0.9   12.0  21:10    127
 15   78.1   86.8  13:50   71.2  01:40    0.0   13.1   0.00    0.8   11.0  12:30    158
 16   81.0   91.6  15:20   71.5  06:15    0.0   16.0   0.00    1.2   15.0  12:15    179
 17   75.6   80.9  11:35   70.1  05:45    0.0   10.6   0.19    0.4   11.0  13:45    276
 18   78.3   85.9  14:40   70.5  06:05    0.0   13.3   0.31    0.3   15.0  14:45    289
 19   78.4   87.1  11:55   72.5  05:15    0.0   13.4   0.00    0.6   11.0  13:00    166
 20   76.1   87.3  15:45   69.8  05:35    0.0   11.1   0.00    0.3   11.0  17:10    198
 21   78.7   88.2  13:50   71.0  06:00    0.0   13.7   0.00    0.7   13.0  14:25    165
 22   79.9   90.7  16:00   72.6  04:40    0.0   14.9   0.00    0.8   11.0  12:55    198
 23   74.6   82.2  15:20   69.2  00:00    0.0    9.6   0.01    1.6   16.0  16:30     18
 24   73.5   85.6  14:45   58.9  06:25    0.0    8.5   0.00    2.0   18.0  10:35     57
 25   73.9   87.1  14:50   59.1  06:30    0.0    8.9   0.00    1.2   11.0  15:50    140
 26   76.2   90.6  15:20   63.3  06:35    0.0   11.2   0.00    0.9   10.0  11:20    137
 27   77.6   90.8  15:05   64.7  05:45    0.0   12.6   0.00    0.5    9.0  15:35    139
 28   78.7   93.7  15:40   63.4  06:05    0.0   13.7   0.00    0.8   10.0  14:50    159
 29   79.9   93.8  15:30   65.2  06:15    0.0   14.9   0.00    0.7   12.0  14:20    193
 30   77.7   88.3  14:10   66.2  06:20    0.0   12.7   0.02    0.1    7.0  16:00    293
 31   77.1   91.4  13:55   67.4  06:15    0.0   12.1   0.01    0.5   16.0  15:25    213
---------------------------------------------------------------------------------------
      78.7   95.9     09   58.9     24    0.0  425.5   0.96    0.7   20.0     07    134