NOAA-Style Climate Reports


Report for 2019 August
                   MONTHLY CLIMATOLOGICAL SUMMARY for Aug 2019


NAME: Albertville, AL-KQ5S                  
ELEV: 1024 feet    LAT: 34-14.64 N    LONG: 086-14.10 W


                   TEMPERATURE (F), RAIN (in), WIND SPEED (mph)

                                         HEAT   COOL         AVG
      MEAN                               DEG    DEG          WIND                   DOM
DAY   TEMP   HIGH   TIME    LOW   TIME   DAYS   DAYS   RAIN  SPEED   HIGH   TIME    DIR
---------------------------------------------------------------------------------------
 01   77.5   95.3  15:50   66.0  06:35    0.0   12.5   0.03    0.8   15.0  18:30    212
 02   77.7   88.4  14:10   68.1  05:40    0.0   12.7   0.00    1.0   11.0  16:35    121
 03   76.8   90.5  12:55   70.2  06:20    0.0   11.8   0.94    0.8   22.0  16:35    135
 04   75.4   92.1  16:05   66.4  06:30    0.0   10.4   0.81    0.9   22.0  17:20    101
 05   76.4   88.8  15:35   67.8  02:15    0.0   11.4   0.00    0.6    9.0  13:05    356
 06   78.5   92.2  15:40   66.3  06:00    0.0   13.5   0.00    0.4    6.0  11:40    319
 07   77.8   90.4  13:25   69.6  06:25    0.0   12.8   0.08    0.7   18.0  18:10    297
 08   78.2   89.7  15:20   66.6  06:10    0.0   13.2   0.01    0.6   10.0  13:20    305
 09   81.2   93.4  15:40   71.5  03:30    0.0   16.2   0.00    0.4    7.0  11:35    324
 10   80.9   91.8  15:55   72.5  05:55    0.0   15.9   0.00    0.6    9.0  13:10    307
 11   82.4   94.0  15:40   72.6  05:55    0.0   17.4   0.00    0.9   13.0  11:50      6
 12   82.6   96.0  15:55   69.5  04:50    0.0   17.6   0.00    0.4    7.0  12:45    301
 13   84.7   98.9  15:35   72.5  06:30    0.0   19.7   0.06    0.7   16.0  21:00    331
 14   81.2   92.5  15:15   72.0  06:20    0.0   16.2   0.00    1.1   12.0  14:15    338
 15   80.5   93.5  16:25   68.7  06:20    0.0   15.5   0.00    1.3   12.0  15:50     30
 16   79.3   94.5  15:45   65.5  06:25    0.0   14.3   0.00    0.5   10.0  12:40    354
 17   80.5   98.0  16:00   63.4  06:30    0.0   15.5   0.00    0.7   10.0  16:05    338
 18   82.3   97.4  15:40   68.2  05:15    0.0   17.3   0.00    0.6   10.0  11:45    276
 19   79.2   95.5  13:45   71.3  00:00    0.0   14.2   0.08    0.6   14.0  15:00     95
 20   79.5   97.1  16:15   66.5  06:20    0.0   14.5   0.52    0.9   15.0  19:05    160
 21   80.3   92.7  15:45   69.9  06:30    0.0   15.3   0.00    0.5    8.0  11:10    270
 22   79.1   89.1  15:40   69.1  06:35    0.0   14.1   0.00    0.6   11.0  15:05    240
 23   75.7   86.7  12:10   69.8  05:05    0.0   10.7   0.18    0.2   10.0  12:15    294
 24   78.3   91.3  14:20   69.5  05:40    0.0   13.3   0.01    0.7   15.0  14:35     99
 25   72.2   74.8  15:45   68.9  07:55    0.0    7.2   0.31    2.8   15.0  13:55    134
 26   69.4   70.8  23:10   67.7  08:20    0.0    4.4   1.34    3.0   12.0  08:00    137
 27   75.2   87.9  15:05   70.2  00:00    0.0   10.2   0.06    0.5   10.0  00:45    174
 28   75.6   87.3  16:05   66.1  23:55    0.0   10.6   0.00    1.2   16.0  09:25      1
 29   72.5   85.0  16:05   62.3  06:55    0.0    7.5   0.00    1.1   13.0  09:40     42
 30   73.4   88.2  15:55   56.4  06:35    0.0    8.4   0.00    0.8   12.0  15:40    108
 31   76.9   90.5  15:40   62.1  06:40    0.0   11.9   0.00    0.8   10.0  08:45    121
---------------------------------------------------------------------------------------
      78.1   98.9     13   56.4     30    0.0  406.3   4.43    0.9   22.0     03     94