NOAA-Style Climate Reports


Report for 2019 September
                   MONTHLY CLIMATOLOGICAL SUMMARY for Sep 2019


NAME: Albertville, AL-KQ5S                  
ELEV: 1024 feet    LAT: 34-14.64 N    LONG: 086-14.10 W


                   TEMPERATURE (F), RAIN (in), WIND SPEED (mph)

                                         HEAT   COOL         AVG
      MEAN                               DEG    DEG          WIND                   DOM
DAY   TEMP   HIGH   TIME    LOW   TIME   DAYS   DAYS   RAIN  SPEED   HIGH   TIME    DIR
---------------------------------------------------------------------------------------
 01   78.0   89.9  15:55   66.4  06:25    0.0   13.0   0.00    1.2   13.0  11:25    115
 02   78.8   91.0  16:00   67.6  06:35    0.0   13.8   0.00    0.6   10.0  12:30     56
 03   80.4   94.2  16:05   68.1  05:55    0.0   15.4   0.00    0.6    9.0  12:25     63
 04   80.2   94.2  16:05   67.2  04:45    0.0   15.2   0.00    1.1   13.0  17:15     24
 05   78.9   89.7  15:50   70.8  06:50    0.0   13.9   0.00    1.4   16.0  16:40    337
 06   75.1   91.0  16:00   59.2  06:55    0.0   10.1   0.00    0.8   13.0  12:10    334
 07   78.9   92.4  16:25   67.4  04:05    0.0   13.9   0.00    0.7   11.0  12:05    323
 08   76.5   93.3  16:15   60.4  06:45    0.0   11.5   0.00    0.5   11.0  15:05    323
 09   78.9   96.6  16:20   62.0  06:40    0.0   13.9   0.00    0.7   11.0  14:45    102
 10   80.7   93.3  12:40   69.1  06:00    0.0   15.7   0.00    0.7   11.0  15:50    151
 11   80.0   93.7  15:40   71.1  04:45    0.0   15.0   0.00    0.7   14.0  17:05    143
 12   80.5   94.4  15:25   68.0  05:55    0.0   15.5   0.00    0.6    9.0  12:00     41
 13   83.0   99.3  15:40   68.8  07:05    0.0   18.0   0.00    0.6   11.0  00:00     70
 14   78.7   88.9  15:40   71.6  06:50    0.0   13.7   0.00    1.3   19.0  16:35    124
 15   79.6   92.9  15:45   68.8  07:05    0.0   14.6   0.00    0.6   10.0  14:15     98
 16   80.4   97.9  16:10   64.0  06:35    0.0   15.4   0.00    0.6   13.0  13:05     35
 17   81.2   97.5  16:00   65.7  06:50    0.0   16.2   0.00    0.6   11.0  11:25    322
 18   80.6   96.3  17:15   65.5  06:55    0.0   15.6   0.00    1.2   13.0  20:45    123
 19   76.9   86.8  16:00   69.5  04:10    0.0   11.9   0.00    3.1   18.0  10:40    140
 20   74.1   85.4  16:15   64.7  06:50    0.0    9.1   0.00    1.6   11.0  08:40    137
 21   74.6   89.0  16:10   63.6  06:30    0.0    9.6   0.00    1.1   11.0  10:10    153
 22   74.2   90.2  16:20   60.3  05:40    0.0    9.2   0.00    0.8   13.0  10:55    163
 23   75.5   90.4  15:45   58.7  06:40    0.0   10.5   0.00    0.4    8.0  11:45    288
 24   75.9   89.5  16:20   61.0  00:00    0.0   10.9   0.00    0.7   13.0  12:00    340
 25   74.6   93.0  16:15   55.3  04:35    0.0    9.6   0.00    0.5    9.0  11:20    295
 26   79.5   94.4  16:25   68.3  06:15    0.0   14.5   0.00    0.7   12.0  14:20    293
 27   78.5   96.5  16:25   66.8  07:10    0.0   13.5   0.16    1.0   19.0  19:50    140
 28   79.3   90.5  17:15   68.7  06:40    0.0   14.3   0.00    0.5   10.0  01:10    115
 29   82.0   94.4  16:20   71.7  06:25    0.0   17.0   0.00    1.0   12.0  12:35    153
 30   80.9   96.6  16:30   67.3  07:05    0.0   15.9   0.00    0.5    9.0  12:10    194
---------------------------------------------------------------------------------------
      78.5   99.3     13   55.3     25    0.0  406.4   0.16    0.9   19.0     14    119