NOAA-Style Climate Reports


Report for 2019 October
                   MONTHLY CLIMATOLOGICAL SUMMARY for Oct 2019


NAME: Albertville, AL-KQ5S                  
ELEV: 1024 feet    LAT: 34-14.64 N    LONG: 086-14.10 W


                   TEMPERATURE (F), RAIN (in), WIND SPEED (mph)

                                         HEAT   COOL         AVG
      MEAN                               DEG    DEG          WIND                   DOM
DAY   TEMP   HIGH   TIME    LOW   TIME   DAYS   DAYS   RAIN  SPEED   HIGH   TIME    DIR
---------------------------------------------------------------------------------------
 01   80.4   95.3  16:20   66.6  06:35    0.0   15.4   0.00    0.5    9.0  12:15    106
 02   81.5   98.1  16:30   68.3  06:35    0.0   16.5   0.00    0.4    8.0  15:05    303
 03   82.1   97.7  16:25   68.2  05:50    0.0   17.1   0.00    0.8   13.0  16:05     14
 04   80.4   94.9  16:35   70.2  04:25    0.0   15.4   0.00    1.3   13.0  09:30     29
 05   76.2   93.4  15:45   65.4  07:20    0.0   11.2   0.54    2.3   23.0  16:20    131
 06   69.9   79.3  16:50   64.7  07:30    0.0    4.9   0.42    3.1   15.0  01:50    139
 07   67.2   71.1  17:20   63.3  23:55    0.0    2.2   0.67    1.0   10.0  21:35     90
 08   66.5   78.7  16:30   60.7  07:05    0.0    1.5   0.00    1.0   10.0  03:20     28
 09   67.9   76.5  16:00   60.1  03:50    0.0    2.9   0.00    1.4   11.0  16:25    129
 10   69.8   79.4  15:55   62.7  07:00    0.0    4.8   0.00    1.8   15.0  11:20    141
 11   71.6   81.5  14:55   61.6  07:15    0.0    6.6   0.00    1.4   12.0  09:45    155
 12   59.4   69.2  00:30   52.4  23:25    5.6    0.0   0.00    0.8   10.0  01:55    331
 13   58.1   69.3  12:55   50.2  00:00    6.9    0.0   0.00    0.1    6.0  11:50    296
 14   59.2   73.0  15:30   43.8  05:35    5.8    0.0   0.00    0.2    9.0  10:00     90
 15   66.0   69.7  12:30   62.1  01:40    0.0    1.0   0.07    0.6    7.0  10:05    149
 16   61.6   66.1  04:40   51.0  00:00    3.4    0.0   0.15    1.2   19.0  09:35    310
 17   51.9   65.0  16:45   41.5  07:20   13.1    0.0   0.00    0.5   12.0  15:55    351
 18   53.2   65.3  14:05   39.6  07:20   11.8    0.0   0.00    1.1   15.0  10:25    110
 19   57.1   59.3  08:15   55.8  01:30    7.9    0.0   0.69    2.3   22.0  10:15    110
 20   60.1   65.7  17:25   56.3  05:15    4.9    0.0   0.01    0.1    7.0  10:10    313
 21   63.6   70.2  13:40   57.8  00:05    1.4    0.0   0.19    1.6   15.0  10:25    161
 22   59.0   68.5  16:05   49.7  00:00    6.0    0.0   0.29    1.1   16.0  00:50    286
 23   51.7   69.0  16:50   38.3  07:35   13.3    0.0   0.00    0.4   10.0  11:35     64
 24   55.2   70.4  16:25   39.1  06:50    9.8    0.0   0.00    0.9   11.0  11:40    122
 25   58.9   61.9  23:55   56.4  08:50    6.1    0.0   1.55    1.4   13.0  23:15     82
 26   67.4   71.9  16:00   59.6  00:00    0.0    2.4   0.36    5.3   24.0  14:10    149
 27   56.2   61.6  16:45   48.2  23:55    8.8    0.0   0.00    0.3    9.0  07:20    359
 28   54.7   66.0  16:10   47.2  01:35   10.3    0.0   0.01    0.2    9.0  06:50    341
 29   56.2   65.8  23:55   48.3  02:25    8.8    0.0   0.00    0.2    8.0  23:55    117
 30   68.2   70.3  22:35   65.9  00:05    0.0    3.2   1.71    2.2   18.0  13:00    159
 31   51.7   70.2  06:50   36.3  00:00   13.3    0.0   1.23    2.9   22.0  13:30    279
---------------------------------------------------------------------------------------
      64.0   98.1     02   36.3     01  137.2  105.0   7.89    1.2   24.0     26    132