NOAA-Style Climate Reports


Report for 2019 November
                   MONTHLY CLIMATOLOGICAL SUMMARY for Nov 2019


NAME: Albertville, AL-KQ5S                  
ELEV: 1024 feet    LAT: 34-14.64 N    LONG: 086-14.10 W


                   TEMPERATURE (F), RAIN (in), WIND SPEED (mph)

                                         HEAT   COOL         AVG
      MEAN                               DEG    DEG          WIND                   DOM
DAY   TEMP   HIGH   TIME    LOW   TIME   DAYS   DAYS   RAIN  SPEED   HIGH   TIME    DIR
---------------------------------------------------------------------------------------
 01   40.2   53.5  16:30   31.7  07:25   24.8    0.0   0.00    1.0   13.0  00:50     20
 02   42.8   57.5  16:20   31.9  04:25   22.2    0.0   0.00    0.7   13.0  11:15    335
 03   44.4   60.4  15:35   32.1  04:40   20.6    0.0   0.00    0.3   10.0  09:15     71
 04   49.0   58.1  15:00   36.5  01:45   16.0    0.0   0.00    0.6    9.0  11:40    145
 05   55.4   67.8  15:40   46.6  06:50    9.6    0.0   0.00    0.5   10.0  10:45     34
 06   55.6   71.3  15:00   42.7  06:10    9.4    0.0   0.00    0.8   12.0  11:15    105
 07   59.1   67.2  11:45   48.3  00:00    5.9    0.0   0.33    1.2   14.0  16:10     76
 08   41.8   48.2  13:40   32.5  00:00   23.2    0.0   0.00    1.9   15.0  00:35     24
 09   41.6   58.2  15:35   28.8  03:25   23.4    0.0   0.00    0.5   11.0  09:05    163
 10   47.9   65.2  15:35   34.0  06:20   17.1    0.0   0.00    0.3   10.0  12:20    229
 11   52.4   65.5  13:30   38.8  06:30   12.6    0.0   0.11    0.4   12.0  23:35    283
 12   29.0   46.1  00:05   20.9  23:55   36.0    0.0   0.27    3.3   20.0  08:50    342
 13   31.7   45.7  15:40   18.8  06:30   33.3    0.0   0.01    1.5   13.0  09:15    112
 14   40.6   47.5  13:15   34.9  02:05   24.4    0.0   0.01    0.9   11.0  01:35    127
 15   44.1   52.9  15:25   37.9  00:00   20.9    0.0   0.01    1.0   14.0  14:40    345
 16   42.3   56.8  15:05   31.2  06:45   22.7    0.0   0.00    0.7   13.0  07:55     39
 17   47.2   64.2  14:55   33.6  06:35   17.8    0.0   0.00    0.4    9.0  10:30    192
 18   43.9   57.3  15:00   32.5  06:40   21.1    0.0   0.00    0.5   11.0  09:10    300
 19   49.0   62.2  15:30   38.3  03:40   16.0    0.0   0.00    0.7   13.0  14:45    256
 20   47.7   63.2  15:45   33.6  06:35   17.3    0.0   0.00    0.4   14.0  10:25     43
 21   54.5   65.8  13:20   42.9  04:45   10.5    0.0   0.00    1.2   13.0  09:30    171
 22   58.1   63.0  09:40   50.1  02:30    6.9    0.0   0.18    0.5   12.0  02:50    196
 23   56.0   64.4  10:15   44.1  23:20    9.0    0.0   0.71    2.9   18.0  17:45    249
 24   43.7   54.3  15:40   34.1  00:00   21.3    0.0   0.00    0.9   13.0  00:25    305
 25   44.8   61.5  15:30   31.9  06:20   20.2    0.0   0.00    0.4    8.0  15:35    191
 26   55.1   65.8  15:15   41.2  02:20    9.9    0.0   0.05    3.4   21.0  23:40    161
 27   59.5   67.1  10:20   44.2  22:45    5.5    0.0   0.76    3.2   22.0  01:00    258
 28   46.6   56.9  15:15   36.1  05:20   18.4    0.0   0.00    1.1   13.0  09:00     36
 29   54.1   60.8  15:00   47.6  00:05   10.9    0.0   0.00    0.1    7.0  00:05     40
 30   63.2   71.3  11:35   53.2  01:25    1.8    0.0   0.49    2.2   20.0  22:55    182
---------------------------------------------------------------------------------------
      48.0   71.3     06   18.8     13  508.7    0.0   2.93    1.1   22.0     27    202