NOAA-Style Climate Reports


Report for 2019 December
                   MONTHLY CLIMATOLOGICAL SUMMARY for Dec 2019


NAME: Albertville, AL-KQ5S                  
ELEV: 1024 feet    LAT: 34-14.64 N    LONG: 086-14.10 W


                   TEMPERATURE (F), RAIN (in), WIND SPEED (mph)

                                         HEAT   COOL         AVG
      MEAN                               DEG    DEG          WIND                   DOM
DAY   TEMP   HIGH   TIME    LOW   TIME   DAYS   DAYS   RAIN  SPEED   HIGH   TIME    DIR
---------------------------------------------------------------------------------------
 01   54.0   65.6  00:45   40.3  00:00   11.0    0.0   0.11    4.5   20.0  14:20    279
 02   38.3   40.5  13:35   36.1  23:55   26.7    0.0   0.00    3.7   21.0  03:25    302
 03   37.4   45.6  14:20   31.4  23:50   27.6    0.0   0.00    1.0   11.0  00:10    330
 04   41.6   58.4  15:10   28.5  06:35   23.4    0.0   0.00    1.2   17.0  13:30    294
 05   48.4   63.6  15:30   35.7  00:05   16.6    0.0   0.00    0.2    7.0  09:55    131
 06   48.8   53.2  10:40   42.2  00:00   16.2    0.0   0.07    0.5    8.0  12:20    155
 07   50.7   63.1  15:35   40.8  01:55   14.3    0.0   0.00    0.6   10.0  09:05     86
 08   53.7   59.0  13:55   48.7  05:20   11.3    0.0   0.00    4.6   19.0  12:00    140
 09   59.5   65.8  14:30   52.2  02:05    5.5    0.0   0.01    3.5   15.0  00:35    163
 10   46.5   64.4  00:05   33.2  23:25   18.5    0.0   1.72    1.9   16.0  08:55    332
 11   36.3   46.4  15:20   28.9  07:30   28.7    0.0   0.03    1.1   14.0  11:05     29
 12   42.5   52.8  14:15   30.9  01:30   22.5    0.0   0.00    4.5   19.0  09:30    130
 13   42.1   44.1  23:55   39.5  07:00   22.9    0.0   0.07    2.0   17.0  00:45    121
 14   46.8   53.0  15:30   42.9  08:20   18.2    0.0   0.01    1.2   14.0  13:25    292
 15   49.2   56.5  00:00   41.2  07:25   15.8    0.0   0.00    2.6   15.0  10:05    153
 16   62.5   69.1  14:55   56.7  00:05    2.5    0.0   1.54    4.5   21.0  11:55    171
 17   42.5   62.1  02:40   33.2  23:50   22.5    0.0   0.14    3.6   21.0  03:20    309
 18   35.2   44.0  15:45   28.8  06:55   29.8    0.0   0.00    1.5   16.0  00:35    327
 19   36.1   50.3  15:45   25.6  07:00   28.9    0.0   0.00    0.7    9.0  02:45     72
 20   43.2   53.3  15:00   32.3  04:25   21.8    0.0   0.00    1.7   11.0  12:10    105
 21   46.8   50.0  12:25   44.1  00:00   18.2    0.0   0.04    4.2   18.0  10:35    108
 22   46.6   50.1  23:50   42.4  03:40   18.4    0.0   2.91    6.0   23.0  15:00     79
 23   53.4   57.3  15:25   50.2  00:05   11.6    0.0   0.89    1.9   23.0  00:35     62
 24   55.7   66.7  15:50   48.7  07:10    9.3    0.0   0.00    0.4   10.0  10:10     49
 25   56.3   64.2  14:25   50.8  04:30    8.7    0.0   0.00    1.4   12.0  09:45    143
 26   54.7   65.2  14:50   45.4  03:50   10.3    0.0   0.00    0.6    8.0  09:25    135
 27   56.1   63.1  11:45   47.1  02:00    8.9    0.0   0.06    0.9   10.0  18:20    113
 28   60.6   65.1  14:20   55.9  06:10    4.4    0.0   0.03    4.1   17.0  17:50    129
 29   64.9   68.1  21:25   57.6  00:00    0.1    0.0   0.67    5.6   31.0  21:20    172
 30   48.5   57.5  00:05   40.8  00:00   16.5    0.0   0.00    2.3   15.0  15:25    283
 31   41.8   50.6  15:50   35.1  07:15   23.2    0.0   0.00    2.4   19.0  11:55    285
---------------------------------------------------------------------------------------
      48.4   69.1     16   25.6     19  514.3    0.0   8.30    2.4   31.0     29    140