NOAA-Style Climate Reports


Report for 2020 January
                   MONTHLY CLIMATOLOGICAL SUMMARY for Jan 2020


NAME: Albertville, AL-KQ5S                  
ELEV: 1024 feet    LAT: 34-14.64 N    LONG: 086-14.10 W


                   TEMPERATURE (F), RAIN (in), WIND SPEED (mph)

                                         HEAT   COOL         AVG
      MEAN                               DEG    DEG          WIND                   DOM
DAY   TEMP   HIGH   TIME    LOW   TIME   DAYS   DAYS   RAIN  SPEED   HIGH   TIME    DIR
---------------------------------------------------------------------------------------
 01   42.1   53.1  15:10   30.0  07:20   22.9    0.0   0.00    0.4   11.0  12:10    267
 02   48.4   54.2  22:10   42.8  06:10   16.6    0.0   1.52    3.8   21.0  18:40    145
 03   55.3   57.9  12:55   53.0  07:00    9.7    0.0   0.65    0.8   11.0  13:10    169
 04   45.7   55.5  00:05   33.7  23:55   19.3    0.0   0.06    4.5   25.0  15:00    292
 05   39.4   53.4  15:45   27.3  07:15   25.6    0.0   0.00    0.4    9.0  13:10    239
 06   47.2   59.8  15:50   33.7  07:05   17.8    0.0   0.00    1.0   11.0  23:50    164
 07   47.8   54.9  01:00   34.7  23:55   17.2    0.0   0.06    3.4   23.0  12:00    287
 08   42.2   60.8  16:00   28.3  06:00   22.8    0.0   0.00    0.4    9.0  12:10    302
 09   51.2   60.3  14:15   40.5  00:05   13.8    0.0   0.00    4.5   22.0  11:20    150
 10   61.0   64.9  14:05   57.7  00:05    4.0    0.0   0.00    6.6   21.0  22:50    143
 11   63.2   71.4  11:20   50.6  00:00    1.8    0.0   0.99    6.6   30.0  03:50    170
 12   50.5   59.5  15:40   42.4  07:35   14.5    0.0   0.00    0.5   11.0  13:50    160
 13   56.8   64.3  15:30   47.7  05:10    8.2    0.0   0.21    1.3   11.0  12:30    154
 14   61.2   63.3  05:30   58.6  20:55    3.8    0.0   0.83    1.2   29.0  11:50    175
 15   62.3   66.3  15:45   56.7  02:35    2.7    0.0   0.54    0.5   16.0  23:35    247
 16   53.7   60.8  00:05   46.3  00:00   11.3    0.0   0.25    2.5   17.0  09:20     20
 17   47.4   54.2  15:50   41.7  07:05   17.6    0.0   0.00    5.0   24.0  20:45    111
 18   50.5   55.6  18:40   46.5  07:05   14.5    0.0   0.22    4.4   22.0  05:10    156
 19   37.7   49.7  00:05   27.6  23:55   27.3    0.0   0.00    4.2   23.0  12:15    306
 20   25.3   30.2  13:50   22.2  05:50   39.7    0.0   0.00    2.7   17.0  13:15    337
 21   28.3   37.2  16:00   22.2  04:25   36.7    0.0   0.00    2.5   16.0  07:35     23
 22   35.3   45.4  15:20   22.1  04:10   29.7    0.0   0.00    1.8   16.0  11:05    121
 23   41.4   44.3  22:25   37.9  10:35   23.6    0.0   0.91    6.3   21.0  19:10    132
 24   45.9   54.1  15:15   39.4  00:00   19.1    0.0   0.30    2.9   16.0  00:05    250
 25   38.1   42.2  13:05   31.8  23:50   26.9    0.0   0.00    1.7   13.0  10:00    294
 26   39.7   51.0  15:25   28.7  04:50   25.3    0.0   0.10    0.1    7.0  14:25    160
 27   45.4   55.1  16:10   35.7  23:55   19.6    0.0   0.08    0.6   13.0  14:05    298
 28   43.9   58.4  15:55   31.1  07:20   21.1    0.0   0.00    0.3    8.0  13:45    328
 29   47.2   51.5  14:20   42.0  01:10   17.8    0.0   0.01    0.7    8.0  10:20     89
 30   47.4   58.3  16:00   35.3  07:00   17.6    0.0   0.00    0.9   12.0  13:05    109
 31   45.3   47.8  00:05   42.0  00:00   19.7    0.0   0.00    2.9   15.0  05:30    123
---------------------------------------------------------------------------------------
      46.7   71.4     11   22.1     22  568.5    0.0   6.73    2.4   30.0     11    152