NOAA-Style Climate Reports


Report for 2020 February
                   MONTHLY CLIMATOLOGICAL SUMMARY for Feb 2020


NAME: Albertville, AL-KQ5S                  
ELEV: 1024 feet    LAT: 34-14.64 N    LONG: 086-14.10 W


                   TEMPERATURE (F), RAIN (in), WIND SPEED (mph)

                                         HEAT   COOL         AVG
      MEAN                               DEG    DEG          WIND                   DOM
DAY   TEMP   HIGH   TIME    LOW   TIME   DAYS   DAYS   RAIN  SPEED   HIGH   TIME    DIR
---------------------------------------------------------------------------------------
 01   43.7   49.5  13:20   37.9  23:55   21.3    0.0   0.03    1.0   15.0  14:35    292
 02   47.1   64.9  16:05   31.7  05:20   17.9    0.0   0.01    1.0   15.0  13:25    262
 03   57.1   71.6  15:10   42.1  07:00    7.9    0.0   0.00    1.6   14.0  11:45    201
 04   60.9   66.5  16:20   56.3  08:05    4.1    0.0   0.25    1.9   16.0  17:00    195
 05   64.2   67.3  14:20   62.4  00:30    0.8    0.0   2.32    4.2   21.0  22:40    176
 06   50.9   62.7  00:05   38.1  23:55   14.1    0.0   2.53    2.2   29.0  08:20    275
 07   35.2   41.1  15:20   31.1  21:45   29.8    0.0   0.03    3.2   18.0  01:55    285
 08   40.3   53.0  15:25   32.2  00:05   24.7    0.0   0.15    1.0   17.0  15:00    282
 09   46.2   59.1  15:50   33.5  00:05   18.8    0.0   0.00    4.3   18.0  16:00    154
 10   51.1   56.4  23:45   45.5  04:35   13.9    0.0   1.64    4.0   18.0  14:10    143
 11   55.4   65.9  08:25   45.7  23:55    9.6    0.0   0.68    2.5   17.0  00:45    235
 12   55.6   68.9  19:10   45.6  00:05    9.4    0.0   1.20    2.9   26.0  20:35    164
 13   48.1   60.8  00:05   36.9  00:00   16.9    0.0   0.34    2.9   20.0  13:00    313
 14   34.6   43.2  15:30   27.8  07:05   30.4    0.0   0.00    1.5   12.0  11:35    342
 15   39.9   53.8  15:55   24.6  06:45   25.1    0.0   0.00    2.4   16.0  09:00    142
 16   48.9   57.1  12:35   42.3  22:20   16.1    0.0   0.00    1.4   13.0  11:10    154
 17   48.3   55.3  16:40   38.8  04:55   16.7    0.0   0.00    2.4   15.0  21:05    149
 18   55.8   60.1  15:40   50.3  00:00    9.2    0.0   1.72    1.8   13.0  20:10    152
 19   48.0   50.2  00:05   45.4  07:30   17.0    0.0   0.02    1.9   14.0  09:45     47
 20   40.7   48.3  01:40   34.3  23:40   24.3    0.0   1.23    4.1   19.0  10:55     57
 21   35.0   45.4  16:15   28.1  23:55   30.0    0.0   0.00    2.3   16.0  08:00     29
 22   39.3   56.0  16:10   24.8  06:30   25.7    0.0   0.00    0.6   11.0  11:45    188
 23   44.7   54.4  11:45   33.0  01:55   20.3    0.0   0.00    0.5   12.0  11:35    211
 24   46.8   53.3  00:00   42.9  06:50   18.2    0.0   1.09    3.3   21.0  16:40    140
 25   53.1   58.6  14:15   47.6  21:30   11.9    0.0   0.00    0.4    9.0  09:15    282
 26   42.4   47.6  00:05   35.3  00:00   22.6    0.0   0.04    3.3   23.0  17:45    292
 27   36.5   47.4  15:25   29.6  06:50   28.5    0.0   0.00    2.5   17.0  00:15    298
 28   39.4   51.4  15:40   29.8  00:25   25.6    0.0   0.00    1.9   21.0  14:45    286
 29   42.7   55.4  16:05   34.2  04:45   22.3    0.0   0.01    1.8   17.0  00:05    298
---------------------------------------------------------------------------------------
      46.6   71.6     03   24.6     15  533.0    0.0  13.29    2.2   29.0     06    198