NOAA-Style Climate Reports


Report for 2020 March
                   MONTHLY CLIMATOLOGICAL SUMMARY for Mar 2020


NAME: Albertville, AL-KQ5S                  
ELEV: 1024 feet    LAT: 34-14.64 N    LONG: 086-14.10 W


                   TEMPERATURE (F), RAIN (in), WIND SPEED (mph)

                                         HEAT   COOL         AVG
      MEAN                               DEG    DEG          WIND                   DOM
DAY   TEMP   HIGH   TIME    LOW   TIME   DAYS   DAYS   RAIN  SPEED   HIGH   TIME    DIR
---------------------------------------------------------------------------------------
 01   50.7   64.0  14:50   34.8  00:05   14.3    0.0   0.00    2.5   17.0  15:10    176
 02   54.4   58.3  00:00   51.0  06:55   10.6    0.0   0.90    3.0   21.0  03:00    173
 03   62.8   71.2  13:55   55.8  00:00    2.2    0.0   0.31    1.8   15.0  06:50    265
 04   53.1   55.9  12:55   49.7  23:50   11.9    0.0   0.39    0.7   17.0  21:20    122
 05   49.3   53.3  16:05   42.0  23:55   15.7    0.0   1.04    1.4   16.0  07:20     82
 06   47.3   55.1  15:05   39.3  00:00   17.7    0.0   0.00    4.2   23.0  07:20    306
 07   42.6   56.9  16:00   31.1  06:40   22.4    0.0   0.00    1.6   15.0  08:10     28
 08   50.5   64.1  16:30   34.0  07:40   14.5    0.0   0.00    2.8   16.0  11:25    156
 09   57.0   66.2  17:05   47.4  06:20    8.0    0.0   0.00    4.6   21.0  15:10    164
 10   59.0   65.2  17:20   53.7  06:00    6.0    0.0   0.19    1.8   14.0  00:10    190
 11   61.5   68.2  14:15   57.1  01:20    3.5    0.0   0.15    0.6   17.0  16:45    226
 12   65.8   76.9  17:25   57.8  03:40    0.0    0.8   0.13    1.5   18.0  16:05    202
 13   61.8   65.0  02:35   56.6  23:05    3.2    0.0   0.07    0.9   12.0  10:30    335
 14   61.9   75.3  17:05   52.8  07:25    3.1    0.0   0.01    0.8   11.0  11:15     98
 15   55.8   62.2  00:05   48.7  22:05    9.2    0.0   0.93    0.5   12.0  07:25    332
 16   53.2   58.3  15:45   48.2  02:20   11.8    0.0   0.01    0.9   12.0  15:55    105
 17   61.1   72.8  16:40   55.1  00:45    3.9    0.0   0.00    0.7    9.0  01:50    143
 18   65.6   75.1  13:40   57.4  00:05    0.0    0.6   0.00    2.1   18.0  13:25    165
 19   69.0   78.3  15:40   61.9  04:10    0.0    4.0   0.00    2.1   15.0  15:45    177
 20   67.0   76.4  13:10   59.7  23:40    0.0    2.0   0.63    1.3   16.0  16:05    228
 21   53.9   60.0  02:25   45.9  00:00   11.1    0.0   0.08    1.6   13.0  15:55    342
 22   53.1   66.3  16:10   43.4  04:20   11.9    0.0   0.02    2.5   15.0  11:10    139
 23   61.4   65.8  14:50   58.2  03:50    3.6    0.0   0.89    2.0   23.0  06:15    158
 24   66.7   76.3  17:05   59.6  06:20    0.0    1.7   0.51    2.1   18.0  20:00    219
 25   60.2   69.5  17:20   50.9  23:55    4.8    0.0   0.00    1.0   14.0  02:40    320
 26   64.2   81.1  16:20   46.9  04:30    0.8    0.0   0.00    2.2   16.0  16:55    163
 27   73.0   85.0  16:45   64.7  07:15    0.0    8.0   0.00    1.1   12.0  16:10    228
 28   72.5   82.4  15:50   64.7  05:35    0.0    7.5   0.00    1.3   17.0  09:45    215
 29   68.5   75.8  16:10   58.7  23:20    0.0    3.5   0.17    1.4   15.0  04:25    262
 30   62.6   71.2  14:05   55.9  05:40    2.4    0.0   0.00    0.9   13.0  15:45    342
 31   51.5   58.1  12:25   45.6  23:55   13.5    0.0   0.66    2.6   18.0  08:25     28
---------------------------------------------------------------------------------------
      59.3   85.0     27   31.1     07  206.0   28.1   7.09    1.8   23.0     06    182