NOAA-Style Climate Reports


Report for 2020 April
                   MONTHLY CLIMATOLOGICAL SUMMARY for Apr 2020


NAME: Albertville, AL-KQ5S                  
ELEV: 1024 feet    LAT: 34-14.64 N    LONG: 086-14.10 W


                   TEMPERATURE (F), RAIN (in), WIND SPEED (mph)

                                         HEAT   COOL         AVG
      MEAN                               DEG    DEG          WIND                   DOM
DAY   TEMP   HIGH   TIME    LOW   TIME   DAYS   DAYS   RAIN  SPEED   HIGH   TIME    DIR
---------------------------------------------------------------------------------------
 01   50.3   62.2  16:45   39.5  06:45   14.7    0.0   0.00    1.6   14.0  15:50    355
 02   53.1   70.0  17:15   37.1  05:10   11.9    0.0   0.00    1.2   15.0  09:40     63
 03   60.2   77.3  16:45   42.6  06:50    4.8    0.0   0.00    0.5    9.0  12:40      2
 04   65.1   78.5  17:00   54.8  02:30    0.0    0.1   0.00    0.6   11.0  14:10     29
 05   67.9   82.0  15:55   55.9  06:15    0.0    2.9   0.00    0.5    8.0  08:40     27
 06   68.1   83.7  16:20   52.4  06:50    0.0    3.1   0.00    0.5   10.0  14:20    210
 07   64.3   73.4  11:10   59.2  02:15    0.7    0.0   0.00    0.5   12.0  14:35    209
 08   68.8   77.0  14:40   61.0  01:30    0.0    3.8   0.00    0.4    9.0  23:15    264
 09   65.5   74.2  16:00   58.5  00:00    0.0    0.5   0.14    1.5   17.0  02:30    307
 10   51.7   59.8  15:35   39.6  00:00   13.3    0.0   0.00    2.7   18.0  07:10    357
 11   53.3   71.9  16:00   35.0  06:20   11.7    0.0   0.00    1.4   13.0  16:35    146
 12   60.2   69.5  21:20   50.0  00:25    4.8    0.0   4.12    4.3   27.0  20:05    147
 13   56.8   65.3  01:40   47.7  00:00    8.2    0.0   0.07    2.3   22.0  01:50    298
 14   50.3   61.4  15:35   41.7  06:30   14.7    0.0   0.00    2.7   16.0  08:15     16
 15   47.7   60.8  16:05   37.6  06:45   17.3    0.0   0.00    2.0   22.0  09:25     30
 16   51.5   67.5  15:35   34.9  06:15   13.5    0.0   0.00    1.1   12.0  13:35     74
 17   61.5   75.8  16:00   45.6  00:05    3.5    0.0   0.00    2.2   22.0  11:05    175
 18   55.6   64.4  16:05   44.7  00:00    9.4    0.0   0.34    1.4   23.0  04:30    347
 19   53.4   61.1  12:35   44.2  00:30   11.6    0.0   1.44    1.7   20.0  09:35    137
 20   60.6   72.2  16:15   50.5  00:00    4.4    0.0   0.24    1.4   18.0  13:10    330
 21   60.6   73.1  12:55   47.3  05:00    4.4    0.0   0.00    1.4   19.0  13:20    303
 22   56.6   67.5  15:20   43.3  05:45    8.4    0.0   0.08    1.2   12.0  15:20    137
 23   59.4   65.6  11:40   52.5  01:00    5.6    0.0   1.10    4.3   26.0  06:30    148
 24   62.1   71.4  15:25   54.0  00:00    2.9    0.0   0.00    0.8   12.0  08:05    329
 25   63.1   75.6  14:25   54.0  00:05    1.9    0.0   0.00    2.6   21.0  14:00    234
 26   54.2   58.8  10:50   46.5  23:55   10.8    0.0   0.00    3.0   24.0  14:40    296
 27   55.8   71.3  15:40   38.5  06:30    9.2    0.0   0.00    0.7   14.0  13:30    356
 28   64.7   78.0  16:00   48.5  01:05    0.3    0.0   0.00    1.8   14.0  14:30    164
 29   63.9   70.3  13:50   54.7  00:00    1.1    0.0   0.18    3.4   26.0  11:05    171
 30   57.2   67.2  16:15   47.5  05:30    7.8    0.0   0.01    1.6   20.0  17:50    295
---------------------------------------------------------------------------------------
      58.8   83.7     06   34.9     16  196.9   10.5   7.72    1.7   27.0     12    170