NOAA-Style Climate Reports


Report for 2020 May
                   MONTHLY CLIMATOLOGICAL SUMMARY for May 2020


NAME: Albertville, AL-KQ5S                  
ELEV: 1024 feet    LAT: 34-14.64 N    LONG: 086-14.10 W


                   TEMPERATURE (F), RAIN (in), WIND SPEED (mph)

                                         HEAT   COOL         AVG
      MEAN                               DEG    DEG          WIND                   DOM
DAY   TEMP   HIGH   TIME    LOW   TIME   DAYS   DAYS   RAIN  SPEED   HIGH   TIME    DIR
---------------------------------------------------------------------------------------
 01   59.3   75.6  15:40   41.9  06:20    5.7    0.0   0.00    0.8   12.0  12:50    310
 02   66.0   83.2  15:00   47.4  05:20    0.0    1.0   0.00    0.6   13.0  16:21    241
 03   69.4   84.3  15:05   55.2  04:44    0.0    4.4   0.00    1.0   17.0  18:45    258
 04   71.9   84.5  15:15   57.5  06:10    0.0    6.9   0.00    0.3    8.0  11:35    239
 05   68.0   75.1  10:50   59.6  00:00    0.0    3.0   0.24    0.9   13.0  09:45    260
 06   55.2   65.0  11:15   43.5  23:55    9.8    0.0   0.00    2.2   24.0  13:00    312
 07   54.0   68.6  15:10   37.7  06:15   11.0    0.0   0.00    0.8   16.0  10:40    332
 08   53.3   58.6  17:20   47.2  00:00   11.7    0.0   0.42    1.1   21.0  18:40    176
 09   51.6   62.9  15:40   42.0  06:10   13.4    0.0   0.00    2.8   19.0  08:05     53
 10   56.3   71.9  15:10   37.5  06:10    8.7    0.0   0.00    0.7   11.0  14:30    290
 11   56.1   65.8  15:50   45.6  06:40    8.9    0.0   0.00    1.6   15.0  11:00    348
 12   58.0   70.2  15:20   44.9  02:00    7.0    0.0   0.00    1.5   12.0  10:40     92
 13   66.7   78.6  13:45   56.1  02:20    0.0    1.7   0.00    1.7   12.0  10:25    145
 14   72.3   82.3  14:55   63.8  04:55    0.0    7.3   0.00    2.9   16.0  11:50    153
 15   72.5   83.5  14:50   63.0  00:40    0.0    7.5   0.00    3.0   16.0  03:10    159
 16   73.9   86.0  14:25   60.8  06:10    0.0    8.9   0.00    1.7   14.0  11:50    151
 17   71.2   80.1  12:15   67.1  05:20    0.0    6.2   0.27    2.2   15.0  08:55    154
 18   71.0   83.8  14:00   63.8  00:00    0.0    6.0   0.34    1.9   14.0  20:10    157
 19   63.1   69.5  11:45   54.0  06:25    1.9    0.0   0.00    0.5   11.0  10:35    306
 20   63.2   74.6  14:35   53.6  03:40    1.8    0.0   0.00    1.2   11.0  14:00    113
 21   66.6   77.9  15:00   55.4  05:50    0.0    1.6   0.00    1.2   13.0  02:30    144
 22   71.2   81.2  15:55   65.1  05:55    0.0    6.2   0.31    0.8   16.0  20:50    150
 23   71.9   85.3  15:25   62.0  04:35    0.0    6.9   0.11    0.8   26.0  20:55    196
 24   75.9   89.0  14:05   65.2  03:05    0.0   10.9   0.00    0.6   12.0  00:50    154
 25   76.8   86.2  15:45   67.3  05:55    0.0   11.8   0.00    2.7   16.0  14:45    135
 26   69.7   72.5  00:05   66.2  23:55    0.0    4.7   0.34    2.2   16.0  09:55    130
 27   67.2   75.1  16:15   62.0  23:10    0.0    2.2   0.36    1.4   20.0  17:05    135
 28   69.8   82.1  15:25   61.1  05:35    0.0    4.8   0.11    0.5   10.0  12:40    176
 29   72.6   84.1  14:05   62.8  04:50    0.0    7.6   0.00    0.4   12.0  16:20    277
 30   72.3   82.8  14:10   62.1  06:05    0.0    7.3   0.00    0.9   11.0  14:30    342
 31   70.2   81.2  15:10   58.3  03:55    0.0    5.2   0.00    1.7   15.0  13:55     53
---------------------------------------------------------------------------------------
      66.4   89.0     24   37.5     10   79.7  122.2   2.50    1.4   26.0     23    137