NOAA-Style Climate Reports


Report for 2020 June
                   MONTHLY CLIMATOLOGICAL SUMMARY for Jun 2020


NAME: Albertville, AL-KQ5S                  
ELEV: 1024 feet    LAT: 34-14.64 N    LONG: 086-14.10 W


                   TEMPERATURE (F), RAIN (in), WIND SPEED (mph)

                                         HEAT   COOL         AVG
      MEAN                               DEG    DEG          WIND                   DOM
DAY   TEMP   HIGH   TIME    LOW   TIME   DAYS   DAYS   RAIN  SPEED   HIGH   TIME    DIR
---------------------------------------------------------------------------------------
 01   71.7   84.8  14:35   57.3  05:35    0.0    6.7   0.00    1.8   14.0  10:15    114
 02   77.2   88.1  15:35   66.8  05:55    0.0   12.2   0.00    1.0   12.0  12:55    165
 03   76.8   88.5  14:15   68.2  06:05    0.0   11.8   0.00    0.6   13.0  18:10    265
 04   77.2   88.0  15:40   68.3  05:05    0.0   12.2   0.00    0.6   12.0  15:55    216
 05   76.1   84.3  12:20   71.3  06:15    0.0   11.1   0.05    0.2    9.0  11:00    273
 06   78.1   90.1  14:40   68.2  05:00    0.0   13.1   0.00    0.5   10.0  15:30    147
 07   78.7   88.2  14:25   70.2  04:25    0.0   13.7   0.00    1.5   15.0  14:10    118
 08   76.7   80.2  15:35   73.4  05:45    0.0   11.7   0.51    3.4   18.0  09:20    137
 09   76.8   85.3  14:20   73.1  21:25    0.0   11.8   0.58    3.1   20.0  17:05    169
 10   80.2   90.2  14:10   68.8  00:00    0.0   15.2   0.01    2.1   18.0  11:35    193
 11   72.1   82.1  15:05   60.2  05:50    0.0    7.1   0.00    1.4   14.0  08:30     38
 12   72.4   84.0  15:10   59.5  05:45    0.0    7.4   0.00    1.9   20.0  09:15     60
 13   74.4   86.2  12:10   62.5  03:15    0.0    9.4   0.00    0.6    9.0  08:15     88
 14   73.7   88.5  15:25   60.1  04:00    0.0    8.7   0.00    0.9   17.0  17:05     69
 15   71.4   82.5  12:25   59.2  05:35    0.0    6.4   0.00    0.9   14.0  15:25     21
 16   69.0   78.4  15:30   60.0  06:15    0.0    4.0   0.00    1.3   14.0  06:50     98
 17   69.3   78.0  13:50   62.1  00:00    0.0    4.3   0.00    0.7   13.0  12:00     43
 18   71.5   82.8  15:25   57.8  05:25    0.0    6.5   0.00    0.2    9.0  10:45     41
 19   75.3   86.3  16:40   61.6  05:10    0.0   10.3   0.00    0.1    6.0  11:40    312
 20   78.4   90.6  15:15   64.3  05:40    0.0   13.4   0.00    0.3    8.0  12:25    335
 21   74.3   88.4  13:15   66.7  05:55    0.0    9.3   0.09    0.5   20.0  14:05    189
 22   75.1   90.0  14:45   66.6  05:50    0.0   10.1   0.26    0.7   22.0  16:45    185
 23   74.7   85.7  15:50   70.0  00:00    0.0    9.7   0.18    0.8   13.0  12:15    255
 24   70.7   78.3  15:05   67.3  05:50    0.0    5.7   0.27    0.1   14.0  16:10    176
 25   74.0   81.0  14:30   68.6  23:55    0.0    9.0   0.16    0.0   10.0  23:25    212
 26   68.4   72.9  14:30   65.3  05:50    0.0    3.4   0.08    0.4   23.0  16:55    269
 27   71.7   79.7  12:30   65.3  03:20    0.0    6.7   0.23    0.1    8.0  10:20    249
 28   79.0   87.0  15:25   71.0  02:55    0.0   14.0   0.00    0.6   12.0  14:00    277
 29   78.0   90.1  12:45   69.7  05:35    0.0   13.0   0.02    0.2    9.0  16:40     54
 30   76.5   88.0  15:15   69.3  00:00    0.0   11.5   0.03    0.3   16.0  19:05    123
---------------------------------------------------------------------------------------
      74.7   90.6     20   57.3     01    0.0  289.5   2.47    0.9   23.0     26    130