NOAA-Style Climate Reports


Report for 2020 July
                   MONTHLY CLIMATOLOGICAL SUMMARY for Jul 2020


NAME: Albertville, AL-KQ5S                  
ELEV: 1024 feet    LAT: 34-14.64 N    LONG: 086-14.10 W


                   TEMPERATURE (F), RAIN (in), WIND SPEED (mph)

                                         HEAT   COOL         AVG
      MEAN                               DEG    DEG          WIND                   DOM
DAY   TEMP   HIGH   TIME    LOW   TIME   DAYS   DAYS   RAIN  SPEED   HIGH   TIME    DIR
---------------------------------------------------------------------------------------
 01   73.1   82.3  15:45   67.8  05:55    0.0    8.1   0.17    0.2    9.0  15:00    320
 02   78.5   89.0  15:15   70.7  06:20    0.0   13.5   0.00    0.0    9.0  18:50    293
 03   79.3   92.3  15:05   70.2  04:25    0.0   14.3   1.00    0.1   18.0  17:40     63
 04   78.9   91.8  12:00   69.9  05:50    0.0   13.9   0.00    0.0   13.0  16:40    253
 05   81.0   92.4  14:00   70.8  05:15    0.0   16.0   0.00    0.5   15.0  14:30    153
 06   78.1   83.9  15:10   71.9  06:10    0.0   13.1   0.00    1.0   11.0  10:20     93
 07   78.0   85.4  16:45   72.5  05:55    0.0   13.0   0.29    0.1   10.0  13:55     92
 08   75.4   87.0  15:15   71.2  00:00    0.0   10.4   0.58    0.0   13.0  16:05    341
 09   78.7   90.9  15:30   68.9  04:05    0.0   13.7   0.00    0.2    9.0  13:55    296
 10   80.8   91.6  15:35   72.2  05:50    0.0   15.8   0.00    0.2   11.0  15:00    295
 11   79.2   89.2  14:55   67.7  06:20    0.0   14.2   0.00    0.8   16.0  16:25    327
 12   71.0   77.1  10:05   66.9  13:15    0.0    6.0   0.48    0.9   17.0  11:45     97
 13   75.9   88.2  15:50   66.6  04:30    0.0   10.9   0.00    0.2    9.0  14:50    337
 14   78.7   91.5  12:50   66.3  05:05    0.0   13.7   0.00    0.0    0.0  00:05    N/A
 15   80.9   94.2  15:40   67.6  06:00    0.0   15.9   0.00    0.0    0.0  00:05    N/A
 16   81.1   92.8  14:45   69.0  05:30    0.0   16.1   0.00    0.0    0.0  00:05    N/A
 17   82.5   94.4  16:00   70.0  06:00    0.0   17.5   0.00    0.0    0.0  00:05    N/A
 18   81.4   91.8  11:10   72.5  05:55    0.0   16.4   0.00    0.3   14.0  15:45     82
 19   80.8   93.4  13:05   71.8  05:55    0.0   15.8   0.00    0.1   13.0  13:55     30
 20   82.2   93.3  13:45   70.7  06:15    0.0   17.2   0.00    0.0    1.0  21:15    N/A
 21   80.4   92.8  12:30   71.9  05:55    0.0   15.4   0.00    0.0    9.0  16:15    187
 22   79.5   89.9  12:05   70.9  05:55    0.0   14.5   0.58    0.2   11.0  13:15    143
 23   80.9   92.9  14:10   70.1  05:05    0.0   15.9   0.01    0.3   20.0  21:40    159
 24   78.6   89.2  14:20   70.2  06:00    0.0   13.6   0.00    0.7   14.0  12:45    163
 25   78.3   88.7  14:00   70.3  05:40    0.0   13.3   0.29    0.4   17.0  16:10    157
 26   79.0   91.9  15:00   68.7  06:00    0.0   14.0   0.02    0.0    9.0  17:10     68
 27   79.6   92.8  15:20   69.9  06:05    0.0   14.6   0.00    0.4   14.0  13:30    158
 28   77.8   85.8  11:15   69.4  06:15    0.0   12.8   0.00    0.1   15.0  12:45    174
 29   78.6   88.6  15:55   71.7  06:30    0.0   13.6   0.00    0.0    0.0  00:05    N/A
 30   79.3   87.9  15:05   73.5  06:40    0.0   14.3   0.00    0.3   13.0  15:50    271
 31   78.6   92.4  13:50   72.7  23:20    0.0   13.6   0.00    0.3   17.0  14:15    222
---------------------------------------------------------------------------------------
      78.9   94.4     17   66.3     14    0.0  431.1   3.42    0.2   20.0     23    131