NOAA-Style Climate Reports


Report for 2020 August
                   MONTHLY CLIMATOLOGICAL SUMMARY for Aug 2020


NAME: Albertville, AL-KQ5S                  
ELEV: 1024 feet    LAT: 34-14.64 N    LONG: 086-14.10 W


                   TEMPERATURE (F), RAIN (in), WIND SPEED (mph)

                                         HEAT   COOL         AVG
      MEAN                               DEG    DEG          WIND                   DOM
DAY   TEMP   HIGH   TIME    LOW   TIME   DAYS   DAYS   RAIN  SPEED   HIGH   TIME    DIR
---------------------------------------------------------------------------------------
 01   77.5   86.0  16:30   70.3  05:50    0.0   12.5   0.01    1.0   15.0  14:20    257
 02   76.0   86.8  15:45   66.6  06:20    0.0   11.0   0.00    0.0    0.0  00:05    N/A
 03   77.3   88.8  15:25   67.1  05:25    0.0   12.3   0.00    0.0    0.0  00:05    N/A
 04   77.1   90.4  15:50   64.6  06:10    0.0   12.1   0.00    0.1   16.0  13:25    336
 05   78.1   87.7  11:10   68.9  06:15    0.0   13.1   0.00    0.4   12.0  12:45     59
 06   79.1   89.4  12:30   71.9  03:10    0.0   14.1   0.00    0.0   10.0  17:55     90
 07   77.4   90.4  12:30   69.5  05:50    0.0   12.4   0.02    0.3   14.0  15:00    124
 08   80.4   93.5  15:40   67.4  06:10    0.0   15.4   0.00    0.0    0.0  00:05    N/A
 09   81.5   94.0  13:15   69.3  06:20    0.0   16.5   0.00    0.0    2.0  14:00    N/A
 10   81.3   93.8  14:20   71.1  06:20    0.0   16.3   0.19    0.5   13.0  21:00    111
 11   80.2   93.1  16:10   71.5  00:15    0.0   15.2   0.09    0.5   10.0  14:15    353
 12   79.8   90.7  15:00   71.4  06:25    0.0   14.8   0.03    0.5   23.0  11:35    150
 13   77.8   91.8  15:30   71.6  05:40    0.0   12.8   1.48    0.1   21.0  16:50    278
 14   75.4   84.4  17:00   71.2  06:35    0.0   10.4   0.63    0.2   14.0  18:05    230
 15   78.0   87.4  15:45   70.8  00:55    0.0   13.0   0.00    0.5   14.0  15:35    320
 16   78.6   90.6  16:00   67.3  06:00    0.0   13.6   0.00    0.1   13.0  19:30     77
 17   78.2   88.5  15:45   69.3  00:00    0.0   13.2   0.00    0.8   12.0  08:55     12
 18   77.3   91.9  15:35   63.5  06:25    0.0   12.3   0.00    0.0    0.0  00:05    N/A
 19   73.5   88.9  12:10   66.1  06:10    0.0    8.5   0.52    0.5   24.0  13:35    119
 20   73.9   85.5  15:55   66.1  06:30    0.0    8.9   0.67    1.2   20.0  18:55    131
 21   69.7   73.8  17:40   67.2  23:30    0.0    4.7   2.00    0.3    8.0  12:00     13
 22   72.3   82.9  14:50   64.9  06:30    0.0    7.3   0.07    0.4   14.0  16:25    184
 23   76.4   87.7  16:05   67.5  02:20    0.0   11.4   0.01    0.4    9.0  12:45    163
 24   76.9   85.0  15:25   71.0  04:10    0.0   11.9   0.00    0.7   11.0  11:25    104
 25   74.1   76.0  00:05   72.7  21:05    0.0    9.1   0.60    0.7   10.0  08:15    103
 26   77.1   86.5  16:25   72.8  01:50    0.0   12.1   0.01    0.4    8.0  16:30     87
 27   80.0   90.0  15:40   74.6  06:15    0.0   15.0   0.01    1.3   18.0  15:55    158
 28   75.7   80.8  16:30   71.3  21:10    0.0   10.7   0.52    2.6   21.0  05:30    175
 29   78.4   89.0  15:40   72.6  00:10    0.0   13.4   0.09    0.5   11.0  00:05    279
 30   78.1   88.8  12:50   73.9  00:00    0.0   13.1   0.36    0.1   11.0  14:35    165
 31   75.8   86.9  15:40   71.6  02:30    0.0   10.8   0.71    0.2   19.0  15:55    258
---------------------------------------------------------------------------------------
      77.2   94.0     09   63.5     18    0.0  377.9   8.02    0.5   24.0     19    148